{"id":11138,"date":"2021-10-19T15:11:03","date_gmt":"2021-10-19T20:11:03","guid":{"rendered":"https:\/\/apan.gob.mx\/portal\/?page_id=11138"},"modified":"2021-10-19T15:13:06","modified_gmt":"2021-10-19T20:13:06","slug":"11138-2","status":"publish","type":"page","link":"https:\/\/apan.gob.mx\/portal\/3-trimestre-2021\/11138-2\/","title":{"rendered":"<!--agropecuario_19_2021_3-->"},"content":{"rendered":"\t\t<div data-elementor-type=\"wp-page\" data-elementor-id=\"11138\" class=\"elementor elementor-11138 elementor-bc-flex-widget\">\n\t\t\t\t\t\t<div class=\"elementor-inner\">\n\t\t\t\t<div class=\"elementor-section-wrap\">\n\t\t\t\t\t\t\t\t\t<section class=\"has_ae_slider elementor-section elementor-top-section elementor-element elementor-element-ajhypmf elementor-section-boxed elementor-section-height-default elementor-section-height-default ae-bg-gallery-type-default\" data-id=\"ajhypmf\" data-element_type=\"section\">\n\t\t\t\t\t\t<div class=\"elementor-container elementor-column-gap-default\">\n\t\t\t\t\t\t\t<div class=\"elementor-row\">\n\t\t\t\t\t<div class=\"has_ae_slider elementor-column elementor-col-100 elementor-top-column elementor-element elementor-element-defxkio ae-bg-gallery-type-default\" data-id=\"defxkio\" data-element_type=\"column\">\n\t\t\t<div class=\"elementor-column-wrap elementor-element-populated\">\n\t\t\t\t\t\t\t<div class=\"elementor-widget-wrap\">\n\t\t\t\t\t\t<div class=\"elementor-element elementor-element-bgepyst elementor-widget elementor-widget-button\" data-id=\"bgepyst\" data-element_type=\"widget\" data-widget_type=\"button.default\">\n\t\t\t\t<div class=\"elementor-widget-container\">\n\t\t\t\t\t<div class=\"elementor-button-wrapper\">\n\t\t\t<a href=\"https:\/\/www.apan.gob.mx\/descargables\/transparencia\/articulo69\/fraccion19\/2021_3\/agricultura\/a69_f19.xlsx\" target=\"_blank\" class=\"elementor-button-link elementor-button elementor-size-sm\" role=\"button\">\n\t\t\t\t\t\t<span class=\"elementor-button-content-wrapper\">\n\t\t\t\t\t\t<span class=\"elementor-button-text\">Descargar archivo<\/span>\n\t\t<\/span>\n\t\t\t\t\t<\/a>\n\t\t<\/div>\n\t\t\t\t<\/div>\n\t\t\t\t<\/div>\n\t\t\t\t<div class=\"elementor-element elementor-element-onmfxxk elementor-widget elementor-widget-heading\" data-id=\"onmfxxk\" data-element_type=\"widget\" data-widget_type=\"heading.default\">\n\t\t\t\t<div class=\"elementor-widget-container\">\n\t\t\t<h2 class=\"elementor-heading-title elementor-size-medium\">Fracci\u00f3n XIX<\/h2>\t\t<\/div>\n\t\t\t\t<\/div>\n\t\t\t\t<div class=\"elementor-element elementor-element-hmiksgo elementor-widget elementor-widget-html\" data-id=\"hmiksgo\" data-element_type=\"widget\" data-widget_type=\"html.default\">\n\t\t\t\t<div class=\"elementor-widget-container\">\n\t\t\t<html xmlns:o=\"urn:schemas-microsoft-com:office:office\"\r\nxmlns:x=\"urn:schemas-microsoft-com:office:excel\"\r\nxmlns=\"http:\/\/www.w3.org\/TR\/REC-html40\">\r\n\r\n<head>\r\n<meta http-equiv=Content-Type content=\"text\/html; charset=windows-1252\">\r\n<meta name=ProgId content=Excel.Sheet>\r\n<meta name=Generator content=\"Microsoft Excel 15\">\r\n<link rel=File-List href=\"a69_f19_archivos\/filelist.xml\">\r\n<style id=\"a69_f19_27834_Styles\">\r\n<!--table\r\n\t{mso-displayed-decimal-separator:\"\\.\";\r\n\tmso-displayed-thousand-separator:\"\\,\";}\r\n.xl1527834\r\n\t{padding-top:1px;\r\n\tpadding-right:1px;\r\n\tpadding-left:1px;\r\n\tmso-ignore:padding;\r\n\tcolor:black;\r\n\tfont-size:11.0pt;\r\n\tfont-weight:400;\r\n\tfont-style:normal;\r\n\ttext-decoration:none;\r\n\tfont-family:Calibri, sans-serif;\r\n\tmso-font-charset:0;\r\n\tmso-number-format:General;\r\n\ttext-align:general;\r\n\tvertical-align:bottom;\r\n\tmso-background-source:auto;\r\n\tmso-pattern:auto;\r\n\twhite-space:nowrap;}\r\n.xl6527834\r\n\t{padding-top:1px;\r\n\tpadding-right:1px;\r\n\tpadding-left:1px;\r\n\tmso-ignore:padding;\r\n\tcolor:black;\r\n\tfont-size:10.0pt;\r\n\tfont-weight:400;\r\n\tfont-style:normal;\r\n\ttext-decoration:none;\r\n\tfont-family:Arial;\r\n\tmso-generic-font-family:auto;\r\n\tmso-font-charset:0;\r\n\tmso-number-format:General;\r\n\ttext-align:center;\r\n\tvertical-align:bottom;\r\n\tborder:.5pt solid windowtext;\r\n\tbackground:#E1E1E1;\r\n\tmso-pattern:black none;\r\n\twhite-space:normal;}\r\n.xl6627834\r\n\t{padding-top:1px;\r\n\tpadding-right:1px;\r\n\tpadding-left:1px;\r\n\tmso-ignore:padding;\r\n\tcolor:black;\r\n\tfont-size:11.0pt;\r\n\tfont-weight:400;\r\n\tfont-style:normal;\r\n\ttext-decoration:none;\r\n\tfont-family:Calibri, sans-serif;\r\n\tmso-font-charset:0;\r\n\tmso-number-format:General;\r\n\ttext-align:general;\r\n\tvertical-align:bottom;\r\n\tborder:.5pt solid windowtext;\r\n\tmso-background-source:auto;\r\n\tmso-pattern:auto;\r\n\twhite-space:nowrap;}\r\n.xl6727834\r\n\t{padding-top:1px;\r\n\tpadding-right:1px;\r\n\tpadding-left:1px;\r\n\tmso-ignore:padding;\r\n\tcolor:black;\r\n\tfont-size:11.0pt;\r\n\tfont-weight:400;\r\n\tfont-style:normal;\r\n\ttext-decoration:none;\r\n\tfont-family:Calibri, sans-serif;\r\n\tmso-font-charset:0;\r\n\tmso-number-format:\"Short Date\";\r\n\ttext-align:general;\r\n\tvertical-align:bottom;\r\n\tborder:.5pt solid windowtext;\r\n\tmso-background-source:auto;\r\n\tmso-pattern:auto;\r\n\twhite-space:nowrap;}\r\n.xl6827834\r\n\t{padding-top:1px;\r\n\tpadding-right:1px;\r\n\tpadding-left:1px;\r\n\tmso-ignore:padding;\r\n\tcolor:#0563C1;\r\n\tfont-size:11.0pt;\r\n\tfont-weight:400;\r\n\tfont-style:normal;\r\n\ttext-decoration:underline;\r\n\ttext-underline-style:single;\r\n\tfont-family:Calibri, sans-serif;\r\n\tmso-font-charset:0;\r\n\tmso-number-format:General;\r\n\ttext-align:general;\r\n\tvertical-align:bottom;\r\n\tborder:.5pt solid windowtext;\r\n\tmso-background-source:auto;\r\n\tmso-pattern:auto;\r\n\twhite-space:nowrap;}\r\n.xl6927834\r\n\t{padding-top:1px;\r\n\tpadding-right:1px;\r\n\tpadding-left:1px;\r\n\tmso-ignore:padding;\r\n\tcolor:black;\r\n\tfont-size:10.0pt;\r\n\tfont-weight:400;\r\n\tfont-style:normal;\r\n\ttext-decoration:none;\r\n\tfont-family:Calibri, sans-serif;\r\n\tmso-font-charset:0;\r\n\tmso-number-format:General;\r\n\ttext-align:general;\r\n\tvertical-align:bottom;\r\n\tborder:.5pt solid windowtext;\r\n\tmso-background-source:auto;\r\n\tmso-pattern:auto;\r\n\twhite-space:nowrap;}\r\n.xl7027834\r\n\t{padding-top:1px;\r\n\tpadding-right:1px;\r\n\tpadding-left:1px;\r\n\tmso-ignore:padding;\r\n\tcolor:white;\r\n\tfont-size:11.0pt;\r\n\tfont-weight:700;\r\n\tfont-style:normal;\r\n\ttext-decoration:none;\r\n\tfont-family:Arial;\r\n\tmso-generic-font-family:auto;\r\n\tmso-font-charset:0;\r\n\tmso-number-format:General;\r\n\ttext-align:center;\r\n\tvertical-align:bottom;\r\n\tborder:.5pt solid windowtext;\r\n\tbackground:#333333;\r\n\tmso-pattern:black none;\r\n\twhite-space:normal;}\r\n.xl7127834\r\n\t{padding-top:1px;\r\n\tpadding-right:1px;\r\n\tpadding-left:1px;\r\n\tmso-ignore:padding;\r\n\tcolor:black;\r\n\tfont-size:10.0pt;\r\n\tfont-weight:400;\r\n\tfont-style:normal;\r\n\ttext-decoration:none;\r\n\tfont-family:Arial;\r\n\tmso-generic-font-family:auto;\r\n\tmso-font-charset:0;\r\n\tmso-number-format:General;\r\n\ttext-align:general;\r\n\tvertical-align:bottom;\r\n\tborder:.5pt solid windowtext;\r\n\tbackground:#E1E1E1;\r\n\tmso-pattern:black none;\r\n\twhite-space:nowrap;}\r\n-->\r\n<\/style>\r\n<\/head>\r\n\r\n<body>\r\n<!--[if !excel]>&nbsp;&nbsp;<![endif]-->\r\n<!--La siguiente informaci\u00f3n se gener\u00f3 mediante el Asistente para publicar como\r\np\u00e1gina web de Microsoft Excel.-->\r\n<!--Si se vuelve a publicar el mismo elemento desde Excel, se reemplazar\u00e1 toda\r\nla informaci\u00f3n comprendida entre las etiquetas DIV.-->\r\n<!----------------------------->\r\n<!--INICIO DE LOS RESULTADOS DEL ASISTENTE PARA PUBLICAR COMO P\u00c1GINA WEB DE\r\nEXCEL -->\r\n<!----------------------------->\r\n\r\n<div id=\"a69_f19_27834\" align=center x:publishsource=\"Excel\">\r\n\r\n<table border=0 cellpadding=0 cellspacing=0 width=8681 style='border-collapse:\r\n collapse;table-layout:fixed;width:6515pt'>\r\n <col width=56 style='mso-width-source:userset;mso-width-alt:2048;width:42pt'>\r\n <col width=255 style='mso-width-source:userset;mso-width-alt:9325;width:191pt'>\r\n <col width=270 style='mso-width-source:userset;mso-width-alt:9874;width:203pt'>\r\n <col width=431 style='mso-width-source:userset;mso-width-alt:15762;width:323pt'>\r\n <col width=162 style='mso-width-source:userset;mso-width-alt:5924;width:122pt'>\r\n <col width=423 style='mso-width-source:userset;mso-width-alt:15469;width:317pt'>\r\n <col width=296 style='mso-width-source:userset;mso-width-alt:10825;width:222pt'>\r\n <col width=137 style='mso-width-source:userset;mso-width-alt:5010;width:103pt'>\r\n <col width=209 style='mso-width-source:userset;mso-width-alt:7643;width:157pt'>\r\n <col width=216 style='mso-width-source:userset;mso-width-alt:7899;width:162pt'>\r\n <col width=701 style='mso-width-source:userset;mso-width-alt:25636;width:526pt'>\r\n <col width=154 style='mso-width-source:userset;mso-width-alt:5632;width:116pt'>\r\n <col width=389 style='mso-width-source:userset;mso-width-alt:14226;width:292pt'>\r\n <col width=269 style='mso-width-source:userset;mso-width-alt:9837;width:202pt'>\r\n <col width=198 style='mso-width-source:userset;mso-width-alt:7241;width:149pt'>\r\n <col width=205 style='mso-width-source:userset;mso-width-alt:7497;width:154pt'>\r\n <col width=286 style='mso-width-source:userset;mso-width-alt:10459;width:215pt'>\r\n <col width=301 style='mso-width-source:userset;mso-width-alt:11008;width:226pt'>\r\n <col width=322 style='mso-width-source:userset;mso-width-alt:11776;width:242pt'>\r\n <col width=713 style='mso-width-source:userset;mso-width-alt:26075;width:535pt'>\r\n <col width=715 style='mso-width-source:userset;mso-width-alt:26148;width:536pt'>\r\n <col width=512 style='mso-width-source:userset;mso-width-alt:18724;width:384pt'>\r\n <col width=123 style='mso-width-source:userset;mso-width-alt:4498;width:92pt'>\r\n <col width=140 style='mso-width-source:userset;mso-width-alt:5120;width:105pt'>\r\n <col width=1198 style='mso-width-source:userset;mso-width-alt:43812;\r\n width:899pt'>\r\n <tr height=0 style='display:none'>\r\n  <td class=xl1527834 width=56 style='width:42pt'>44250<\/td>\r\n  <td class=xl1527834 width=255 style='width:191pt'><\/td>\r\n  <td class=xl1527834 width=270 style='width:203pt'><\/td>\r\n  <td class=xl1527834 width=431 style='width:323pt'><\/td>\r\n  <td class=xl1527834 width=162 style='width:122pt'><\/td>\r\n  <td class=xl1527834 width=423 style='width:317pt'><\/td>\r\n  <td class=xl1527834 width=296 style='width:222pt'><\/td>\r\n  <td class=xl1527834 width=137 style='width:103pt'><\/td>\r\n  <td class=xl1527834 width=209 style='width:157pt'><\/td>\r\n  <td class=xl1527834 width=216 style='width:162pt'><\/td>\r\n  <td class=xl1527834 width=701 style='width:526pt'><\/td>\r\n  <td class=xl1527834 width=154 style='width:116pt'><\/td>\r\n  <td class=xl1527834 width=389 style='width:292pt'><\/td>\r\n  <td class=xl1527834 width=269 style='width:202pt'><\/td>\r\n  <td class=xl1527834 width=198 style='width:149pt'><\/td>\r\n  <td class=xl1527834 width=205 style='width:154pt'><\/td>\r\n  <td class=xl1527834 width=286 style='width:215pt'><\/td>\r\n  <td class=xl1527834 width=301 style='width:226pt'><\/td>\r\n  <td class=xl1527834 width=322 style='width:242pt'><\/td>\r\n  <td class=xl1527834 width=713 style='width:535pt'><\/td>\r\n  <td class=xl1527834 width=715 style='width:536pt'><\/td>\r\n  <td class=xl1527834 width=512 style='width:384pt'><\/td>\r\n  <td class=xl1527834 width=123 style='width:92pt'><\/td>\r\n  <td class=xl1527834 width=140 style='width:105pt'><\/td>\r\n  <td class=xl1527834 width=1198 style='width:899pt'><\/td>\r\n <\/tr>\r\n <tr height=20 style='height:15.0pt'>\r\n  <td colspan=3 height=20 class=xl7027834 width=581 style='height:15.0pt;\r\n  width:436pt'>T\u00cdTULO<\/td>\r\n  <td colspan=3 class=xl7027834 width=1016 style='width:762pt'>NOMBRE CORTO<\/td>\r\n  <td colspan=3 class=xl7027834 width=642 style='width:482pt'>DESCRIPCI\u00d3N<\/td>\r\n  <td class=xl1527834><\/td>\r\n  <td class=xl1527834><\/td>\r\n  <td class=xl1527834><\/td>\r\n  <td class=xl1527834><\/td>\r\n  <td class=xl1527834><\/td>\r\n  <td class=xl1527834><\/td>\r\n  <td class=xl1527834><\/td>\r\n  <td class=xl1527834><\/td>\r\n  <td class=xl1527834><\/td>\r\n  <td class=xl1527834><\/td>\r\n  <td class=xl1527834><\/td>\r\n  <td class=xl1527834><\/td>\r\n  <td class=xl1527834><\/td>\r\n  <td class=xl1527834><\/td>\r\n  <td class=xl1527834><\/td>\r\n  <td class=xl1527834><\/td>\r\n <\/tr>\r\n <tr height=20 style='height:15.0pt'>\r\n  <td colspan=3 height=20 class=xl7127834 style='height:15.0pt'>Servicios\r\n  ofrecidos<\/td>\r\n  <td colspan=3 class=xl7127834>a69_f19<\/td>\r\n  <td colspan=3 class=xl7127834>La informaci\u00f3n para dar a conocer los servicios\r\n  p\u00fablicos que presta el sujeto obligado, tanto de las actividades realizadas\r\n  por la administraci\u00f3n p\u00fablica para satisfacer necesidades de la poblaci\u00f3n,\r\n  como las realizadas por los sujetos obligados que no formen parte de la\r\n  Administraci\u00f3n P\u00fablica, pero que involucren el uso de recursos p\u00fablicos. Los\r\n  servicios deben estar al alcance de la poblaci\u00f3n sin necesidad de que el \u00e9sta\r\n  los exija, como es el caso de los tr\u00e1mites.<\/td>\r\n  <td class=xl1527834><\/td>\r\n  <td class=xl1527834><\/td>\r\n  <td class=xl1527834><\/td>\r\n  <td class=xl1527834><\/td>\r\n  <td class=xl1527834><\/td>\r\n  <td class=xl1527834><\/td>\r\n  <td class=xl1527834><\/td>\r\n  <td class=xl1527834><\/td>\r\n  <td class=xl1527834><\/td>\r\n  <td class=xl1527834><\/td>\r\n  <td class=xl1527834><\/td>\r\n  <td class=xl1527834><\/td>\r\n  <td class=xl1527834><\/td>\r\n  <td class=xl1527834><\/td>\r\n  <td class=xl1527834><\/td>\r\n  <td class=xl1527834><\/td>\r\n <\/tr>\r\n <tr height=0 style='display:none'>\r\n  <td class=xl1527834>1<\/td>\r\n  <td class=xl1527834>4<\/td>\r\n  <td class=xl1527834>4<\/td>\r\n  <td class=xl1527834>2<\/td>\r\n  <td class=xl1527834>9<\/td>\r\n  <td class=xl1527834>1<\/td>\r\n  <td class=xl1527834>2<\/td>\r\n  <td class=xl1527834>1<\/td>\r\n  <td class=xl1527834>2<\/td>\r\n  <td class=xl1527834>2<\/td>\r\n  <td class=xl1527834>7<\/td>\r\n  <td class=xl1527834>1<\/td>\r\n  <td class=xl1527834>10<\/td>\r\n  <td class=xl1527834>1<\/td>\r\n  <td class=xl1527834>2<\/td>\r\n  <td class=xl1527834>2<\/td>\r\n  <td class=xl1527834>2<\/td>\r\n  <td class=xl1527834>2<\/td>\r\n  <td class=xl1527834>10<\/td>\r\n  <td class=xl1527834>7<\/td>\r\n  <td class=xl1527834>7<\/td>\r\n  <td class=xl1527834>2<\/td>\r\n  <td class=xl1527834>4<\/td>\r\n  <td class=xl1527834>13<\/td>\r\n  <td class=xl1527834>14<\/td>\r\n <\/tr>\r\n <tr height=0 style='display:none'>\r\n  <td class=xl1527834>350704<\/td>\r\n  <td class=xl1527834>350705<\/td>\r\n  <td class=xl1527834>350706<\/td>\r\n  <td class=xl1527834>350690<\/td>\r\n  <td class=xl1527834>350709<\/td>\r\n  <td class=xl1527834>350713<\/td>\r\n  <td class=xl1527834>350692<\/td>\r\n  <td class=xl1527834>350711<\/td>\r\n  <td class=xl1527834>350693<\/td>\r\n  <td class=xl1527834>350694<\/td>\r\n  <td class=xl1527834>350700<\/td>\r\n  <td class=xl1527834>350688<\/td>\r\n  <td class=xl1527834>350710<\/td>\r\n  <td class=xl1527834>350689<\/td>\r\n  <td class=xl1527834>350695<\/td>\r\n  <td class=xl1527834>350712<\/td>\r\n  <td class=xl1527834>350691<\/td>\r\n  <td class=xl1527834>350696<\/td>\r\n  <td class=xl1527834>350701<\/td>\r\n  <td class=xl1527834>350699<\/td>\r\n  <td class=xl1527834>350698<\/td>\r\n  <td class=xl1527834>350708<\/td>\r\n  <td class=xl1527834>350697<\/td>\r\n  <td class=xl1527834>350703<\/td>\r\n  <td class=xl1527834>350707<\/td>\r\n <\/tr>\r\n <tr height=20 style='height:15.0pt'>\r\n  <td colspan=25 height=20 class=xl7027834 width=8681 style='height:15.0pt;\r\n  width:6515pt'>Tabla Campos<\/td>\r\n <\/tr>\r\n <tr height=35 style='height:26.25pt'>\r\n  <td height=35 class=xl6527834 width=56 style='height:26.25pt;width:42pt'>Ejercicio<\/td>\r\n  <td class=xl6527834 width=255 style='border-left:none;width:191pt'>Fecha de\r\n  inicio del periodo que se informa<\/td>\r\n  <td class=xl6527834 width=270 style='border-left:none;width:203pt'>Fecha de\r\n  t\u00e9rmino del periodo que se informa<\/td>\r\n  <td class=xl6527834 width=431 style='border-left:none;width:323pt'>Denominaci\u00f3n\r\n  del servicio<\/td>\r\n  <td class=xl6527834 width=162 style='border-left:none;width:122pt'>Tipo de\r\n  servicio (cat\u00e1logo)<\/td>\r\n  <td class=xl6527834 width=423 style='border-left:none;width:317pt'>Tipo de\r\n  usuario y\/o poblaci\u00f3n objetivo<\/td>\r\n  <td class=xl6527834 width=296 style='border-left:none;width:222pt'>Descripci\u00f3n\r\n  del objetivo del servicio<\/td>\r\n  <td class=xl6527834 width=137 style='border-left:none;width:103pt'>Modalidad\r\n  del servicio<\/td>\r\n  <td class=xl6527834 width=209 style='border-left:none;width:157pt'>Requisitos\r\n  para obtener el servicio<\/td>\r\n  <td class=xl6527834 width=216 style='border-left:none;width:162pt'>Documentos\r\n  requeridos, en su caso<\/td>\r\n  <td class=xl6527834 width=701 style='border-left:none;width:526pt'>Hiperv\u00ednculo\r\n  a los formatos respectivo(s) publicado(s) en medio oficial<\/td>\r\n  <td class=xl6527834 width=154 style='border-left:none;width:116pt'>Tiempo de\r\n  respuesta<\/td>\r\n  <td class=xl6527834 width=389 style='border-left:none;width:292pt'>\u00c1rea en la\r\n  que se proporciona el servicio y los datos de contacto <br>\r\n    Tabla_350710<\/td>\r\n  <td class=xl6527834 width=269 style='border-left:none;width:202pt'>Costo, en\r\n  su caso especificar que es gratuito<\/td>\r\n  <td class=xl6527834 width=198 style='border-left:none;width:149pt'>Sustento\r\n  legal para su cobro<\/td>\r\n  <td class=xl6527834 width=205 style='border-left:none;width:154pt'>Lugares\r\n  donde se efect\u00faa el pago<\/td>\r\n  <td class=xl6527834 width=286 style='border-left:none;width:215pt'>Fundamento\r\n  jur\u00eddico-administrativo del servicio<\/td>\r\n  <td class=xl6527834 width=301 style='border-left:none;width:226pt'>Derechos\r\n  del usuario ante la negativa o la falta<\/td>\r\n  <td class=xl6527834 width=322 style='border-left:none;width:242pt'>Lugar para\r\n  reportar presuntas anomalias <br>\r\n    Tabla_350701<\/td>\r\n  <td class=xl6527834 width=713 style='border-left:none;width:535pt'>Hiperv\u00ednculo\r\n  informaci\u00f3n adicional del servicio<\/td>\r\n  <td class=xl6527834 width=715 style='border-left:none;width:536pt'>Hiperv\u00ednculo\r\n  al cat\u00e1logo, manual o sistemas<span style='mso-spacerun:yes'>\u00a0<\/span><\/td>\r\n  <td class=xl6527834 width=512 style='border-left:none;width:384pt'>\u00c1rea(s)\r\n  responsable(s) que genera(n), posee(n), publica(n) y actualizan la\r\n  informaci\u00f3n<\/td>\r\n  <td class=xl6527834 width=123 style='border-left:none;width:92pt'>Fecha de\r\n  validaci\u00f3n<\/td>\r\n  <td class=xl6527834 width=140 style='border-left:none;width:105pt'>Fecha de\r\n  actualizaci\u00f3n<\/td>\r\n  <td class=xl6527834 width=1198 style='border-left:none;width:899pt'>Nota<\/td>\r\n <\/tr>\r\n <tr height=20 style='height:15.0pt'>\r\n  <td height=20 class=xl6627834 align=right style='height:15.0pt;border-top:\r\n  none'>2021<\/td>\r\n  <td class=xl6727834 align=right style='border-top:none;border-left:none'>01\/07\/2021<\/td>\r\n  <td class=xl6727834 align=right style='border-top:none;border-left:none'>30\/09\/2021<\/td>\r\n  <td class=xl6627834 style='border-top:none;border-left:none'><span\r\n  style='mso-spacerun:yes'>\u00a0<\/span>Orientacion para la gestion de Proyectos\r\n  Productivos Agropecuarios<\/td>\r\n  <td class=xl6627834 style='border-top:none;border-left:none'>Directo<\/td>\r\n  <td class=xl6627834 style='border-top:none;border-left:none'>A la poblacion\r\n  de Agricultores y Ganaderos que soliciten el servicio<\/td>\r\n  <td class=xl6627834 style='border-top:none;border-left:none'>Obtener<span\r\n  style='mso-spacerun:yes'>\u00a0 <\/span>un proyecto productivo Agropecuario<\/td>\r\n  <td class=xl6627834 style='border-top:none;border-left:none'>Presencial<\/td>\r\n  <td class=xl6627834 style='border-top:none;border-left:none'>Asistir a la\r\n  oficina de la direccion <span style='display:none'>de desarrollo agropecuario\r\n  a solicitar el servicio de orientacion<\/span><\/td>\r\n  <td class=xl6627834 style='border-top:none;border-left:none'>INE,Curp,RFC,Comprobante\r\n  de do<span style='display:none'>micilio,Formato 32d, asi mismo varian kos\r\n  documentos dependiendo los componentes de las reglas de operaci\u00f3n<\/span><\/td>\r\n  <td class=xl6827834 style='border-top:none;border-left:none'><a\r\n  href=\"https:\/\/www.apan.gob.mx\/descargables\/transparencia\/articulo69\/fraccion19\/2021_3\/agricultura\/FraXIXa1_1.pdf\">https:\/\/www.apan.gob.mx\/descargables\/transparencia\/articulo69\/fraccion19\/2021_3\/agricultura\/FraXIXa1_1.pdf<\/a><\/td>\r\n  <td class=xl6627834 style='border-top:none;border-left:none'>Ocho meses a un\r\n  a\u00f1o<\/td>\r\n  <td class=xl6627834 align=right style='border-top:none;border-left:none'>1<\/td>\r\n  <td class=xl6627834 style='border-top:none;border-left:none'>&nbsp;<\/td>\r\n  <td class=xl6627834 style='border-top:none;border-left:none'>Reglas de\r\n  Operaci\u00f3n de SADER<\/td>\r\n  <td class=xl6627834 style='border-top:none;border-left:none'>&nbsp;<\/td>\r\n  <td class=xl6627834 style='border-top:none;border-left:none'>Reglas de\r\n  Operaci\u00f3n de SADER<\/td>\r\n  <td class=xl6627834 style='border-top:none;border-left:none'>Verificacion del\r\n  proyecto y Sondeo del mismo<\/td>\r\n  <td class=xl6627834 align=right style='border-top:none;border-left:none'>1<\/td>\r\n  <td class=xl6827834 style='border-top:none;border-left:none'><a\r\n  href=\"https:\/\/www.apan.gob.mx\/descargables\/transparencia\/articulo69\/fraccion19\/2021_3\/agricultura\/FraXIXa1_2.pdf\">https:\/\/www.apan.gob.mx\/descargables\/transparencia\/articulo69\/fraccion19\/2021_3\/agricultura\/FraXIXa1_2.pdf<\/a><\/td>\r\n  <td class=xl6827834 style='border-top:none;border-left:none'><a\r\n  href=\"https:\/\/www.apan.gob.mx\/descargables\/transparencia\/articulo69\/fraccion19\/2021_3\/agricultura\/FraXIXa1_3.pdf\">https:\/\/www.apan.gob.mx\/descargables\/transparencia\/articulo69\/fraccion19\/2021_3\/agricultura\/FraXIXa1_3.pdf<\/a><\/td>\r\n  <td class=xl6627834 style='border-top:none;border-left:none'>Direccion de\r\n  Desarrollo Agropecuario<\/td>\r\n  <td class=xl6727834 align=right style='border-top:none;border-left:none'>05\/10\/2021<\/td>\r\n  <td class=xl6727834 align=right style='border-top:none;border-left:none'>05\/10\/2021<\/td>\r\n  <td class=xl6927834 style='border-top:none;border-left:none'>LOS COSTOS DE\r\n  LOS SERVICIOS QUE SE REALIZAN SON GRATUITOS,DE ACUERDO A LAS TABLAS NO SE\r\n  CUENTA CON DOMICILIO EN EL EXTRANJERO Y ALGUNOS DOMICILIOS NO CUETAN CON\r\n  NUMERO EXTERIOR E INTERIOR<\/td>\r\n <\/tr>\r\n <![if supportMisalignedColumns]>\r\n <tr height=0 style='display:none'>\r\n  <td width=56 style='width:42pt'><\/td>\r\n  <td width=255 style='width:191pt'><\/td>\r\n  <td width=270 style='width:203pt'><\/td>\r\n  <td width=431 style='width:323pt'><\/td>\r\n  <td width=162 style='width:122pt'><\/td>\r\n  <td width=423 style='width:317pt'><\/td>\r\n  <td width=296 style='width:222pt'><\/td>\r\n  <td width=137 style='width:103pt'><\/td>\r\n  <td width=209 style='width:157pt'><\/td>\r\n  <td width=216 style='width:162pt'><\/td>\r\n  <td width=701 style='width:526pt'><\/td>\r\n  <td width=154 style='width:116pt'><\/td>\r\n  <td width=389 style='width:292pt'><\/td>\r\n  <td width=269 style='width:202pt'><\/td>\r\n  <td width=198 style='width:149pt'><\/td>\r\n  <td width=205 style='width:154pt'><\/td>\r\n  <td width=286 style='width:215pt'><\/td>\r\n  <td width=301 style='width:226pt'><\/td>\r\n  <td width=322 style='width:242pt'><\/td>\r\n  <td width=713 style='width:535pt'><\/td>\r\n  <td width=715 style='width:536pt'><\/td>\r\n  <td width=512 style='width:384pt'><\/td>\r\n  <td width=123 style='width:92pt'><\/td>\r\n  <td width=140 style='width:105pt'><\/td>\r\n  <td width=1198 style='width:899pt'><\/td>\r\n <\/tr>\r\n <![endif]>\r\n<\/table>\r\n\r\n<\/div>\r\n\r\n\r\n<!----------------------------->\r\n<!--FINAL DE LOS RESULTADOS DEL ASISTENTE PARA PUBLICAR COMO P\u00c1GINA WEB DE\r\nEXCEL-->\r\n<!----------------------------->\r\n<\/body>\r\n\r\n<\/html>\r\n\t\t<\/div>\n\t\t\t\t<\/div>\n\t\t\t\t\t\t<\/div>\n\t\t\t\t\t<\/div>\n\t\t<\/div>\n\t\t\t\t\t\t\t\t<\/div>\n\t\t\t\t\t<\/div>\n\t\t<\/section>\n\t\t\t\t\t\t\t\t\t<\/div>\n\t\t\t<\/div>\n\t\t\t\t\t<\/div>\n\t\t","protected":false},"excerpt":{"rendered":"<p>Descargar archivo Fracci\u00f3n XIX 44250 T\u00cdTULO NOMBRE CORTO DESCRIPCI\u00d3N Servicios ofrecidos a69_f19 La informaci\u00f3n para dar a conocer los servicios p\u00fablicos que presta el sujeto obligado, tanto de las actividades realizadas por la administraci\u00f3n p\u00fablica para satisfacer necesidades de la poblaci\u00f3n, como las realizadas por los sujetos obligados que no formen parte de la Administraci\u00f3n [&hellip;]<\/p>\n","protected":false},"author":1,"featured_media":0,"parent":11130,"menu_order":0,"comment_status":"closed","ping_status":"closed","template":"page-template-full.php","meta":[],"jetpack_sharing_enabled":true,"_links":{"self":[{"href":"https:\/\/apan.gob.mx\/portal\/wp-json\/wp\/v2\/pages\/11138"}],"collection":[{"href":"https:\/\/apan.gob.mx\/portal\/wp-json\/wp\/v2\/pages"}],"about":[{"href":"https:\/\/apan.gob.mx\/portal\/wp-json\/wp\/v2\/types\/page"}],"author":[{"embeddable":true,"href":"https:\/\/apan.gob.mx\/portal\/wp-json\/wp\/v2\/users\/1"}],"replies":[{"embeddable":true,"href":"https:\/\/apan.gob.mx\/portal\/wp-json\/wp\/v2\/comments?post=11138"}],"version-history":[{"count":2,"href":"https:\/\/apan.gob.mx\/portal\/wp-json\/wp\/v2\/pages\/11138\/revisions"}],"predecessor-version":[{"id":11140,"href":"https:\/\/apan.gob.mx\/portal\/wp-json\/wp\/v2\/pages\/11138\/revisions\/11140"}],"up":[{"embeddable":true,"href":"https:\/\/apan.gob.mx\/portal\/wp-json\/wp\/v2\/pages\/11130"}],"wp:attachment":[{"href":"https:\/\/apan.gob.mx\/portal\/wp-json\/wp\/v2\/media?parent=11138"}],"curies":[{"name":"wp","href":"https:\/\/api.w.org\/{rel}","templated":true}]}}