{"id":11757,"date":"2022-01-14T11:42:52","date_gmt":"2022-01-14T17:42:52","guid":{"rendered":"https:\/\/apan.gob.mx\/portal\/?page_id=11757"},"modified":"2022-01-14T11:45:35","modified_gmt":"2022-01-14T17:45:35","slug":"11757-2","status":"publish","type":"page","link":"https:\/\/apan.gob.mx\/portal\/4-trimestre-2021\/11757-2\/","title":{"rendered":"<!--archivo_45_2021_4-->"},"content":{"rendered":"\t\t<div data-elementor-type=\"wp-page\" data-elementor-id=\"11757\" class=\"elementor elementor-11757 elementor-bc-flex-widget\">\n\t\t\t\t\t\t<section class=\"has_ae_slider elementor-section elementor-top-section elementor-element elementor-element-ddbueje elementor-section-boxed elementor-section-height-default elementor-section-height-default ae-bg-gallery-type-default\" data-id=\"ddbueje\" data-element_type=\"section\" data-e-type=\"section\">\n\t\t\t\t\t\t<div class=\"elementor-container elementor-column-gap-default\">\n\t\t\t\t\t<div class=\"has_ae_slider elementor-column elementor-col-100 elementor-top-column elementor-element elementor-element-eawcqmy ae-bg-gallery-type-default\" data-id=\"eawcqmy\" data-element_type=\"column\" data-e-type=\"column\">\n\t\t\t<div class=\"elementor-widget-wrap elementor-element-populated\">\n\t\t\t\t\t\t<div class=\"elementor-element elementor-element-bdxuxpd elementor-widget elementor-widget-button\" data-id=\"bdxuxpd\" data-element_type=\"widget\" data-e-type=\"widget\" data-widget_type=\"button.default\">\n\t\t\t\t<div class=\"elementor-widget-container\">\n\t\t\t\t\t\t\t\t\t<div class=\"elementor-button-wrapper\">\n\t\t\t\t\t<a class=\"elementor-button elementor-button-link elementor-size-sm\" href=\"https:\/\/www.apan.gob.mx\/descargables\/transparencia\/articulo69\/fraccion45\/2020_4\/archivo\/a69_f45.xlsx\" target=\"_blank\">\n\t\t\t\t\t\t<span class=\"elementor-button-content-wrapper\">\n\t\t\t\t\t\t\t\t\t<span class=\"elementor-button-text\">Descargar archivo<\/span>\n\t\t\t\t\t<\/span>\n\t\t\t\t\t<\/a>\n\t\t\t\t<\/div>\n\t\t\t\t\t\t\t\t<\/div>\n\t\t\t\t<\/div>\n\t\t\t\t<div class=\"elementor-element elementor-element-yfekkzv elementor-widget elementor-widget-heading\" data-id=\"yfekkzv\" data-element_type=\"widget\" data-e-type=\"widget\" data-widget_type=\"heading.default\">\n\t\t\t\t<div class=\"elementor-widget-container\">\n\t\t\t\t\t<h2 class=\"elementor-heading-title elementor-size-medium\">Fracci\u00f3n XLV<\/h2>\t\t\t\t<\/div>\n\t\t\t\t<\/div>\n\t\t\t\t<div class=\"elementor-element elementor-element-kbtadml elementor-widget elementor-widget-html\" data-id=\"kbtadml\" data-element_type=\"widget\" data-e-type=\"widget\" data-widget_type=\"html.default\">\n\t\t\t\t<div class=\"elementor-widget-container\">\n\t\t\t\t\t<html xmlns:o=\"urn:schemas-microsoft-com:office:office\"\r\nxmlns:x=\"urn:schemas-microsoft-com:office:excel\"\r\nxmlns=\"http:\/\/www.w3.org\/TR\/REC-html40\">\r\n\r\n<head>\r\n<meta http-equiv=Content-Type content=\"text\/html; charset=windows-1252\">\r\n<meta name=ProgId content=Excel.Sheet>\r\n<meta name=Generator content=\"Microsoft Excel 15\">\r\n<link rel=File-List href=\"a69_f45_archivos\/filelist.xml\">\r\n<style id=\"a69_f45_27476_Styles\">\r\n<!--table\r\n\t{mso-displayed-decimal-separator:\"\\.\";\r\n\tmso-displayed-thousand-separator:\"\\,\";}\r\n.xl1527476\r\n\t{padding-top:1px;\r\n\tpadding-right:1px;\r\n\tpadding-left:1px;\r\n\tmso-ignore:padding;\r\n\tcolor:black;\r\n\tfont-size:11.0pt;\r\n\tfont-weight:400;\r\n\tfont-style:normal;\r\n\ttext-decoration:none;\r\n\tfont-family:Calibri, sans-serif;\r\n\tmso-font-charset:0;\r\n\tmso-number-format:General;\r\n\ttext-align:general;\r\n\tvertical-align:bottom;\r\n\tmso-background-source:auto;\r\n\tmso-pattern:auto;\r\n\twhite-space:nowrap;}\r\n.xl6327476\r\n\t{padding-top:1px;\r\n\tpadding-right:1px;\r\n\tpadding-left:1px;\r\n\tmso-ignore:padding;\r\n\tcolor:black;\r\n\tfont-size:10.0pt;\r\n\tfont-weight:400;\r\n\tfont-style:normal;\r\n\ttext-decoration:none;\r\n\tfont-family:Arial;\r\n\tmso-generic-font-family:auto;\r\n\tmso-font-charset:0;\r\n\tmso-number-format:General;\r\n\ttext-align:center;\r\n\tvertical-align:bottom;\r\n\tborder:.5pt solid windowtext;\r\n\tbackground:#E1E1E1;\r\n\tmso-pattern:black none;\r\n\twhite-space:normal;}\r\n.xl6427476\r\n\t{padding-top:1px;\r\n\tpadding-right:1px;\r\n\tpadding-left:1px;\r\n\tmso-ignore:padding;\r\n\tcolor:white;\r\n\tfont-size:11.0pt;\r\n\tfont-weight:700;\r\n\tfont-style:normal;\r\n\ttext-decoration:none;\r\n\tfont-family:Arial;\r\n\tmso-generic-font-family:auto;\r\n\tmso-font-charset:0;\r\n\tmso-number-format:General;\r\n\ttext-align:center;\r\n\tvertical-align:bottom;\r\n\tborder:.5pt solid windowtext;\r\n\tbackground:#333333;\r\n\tmso-pattern:black none;\r\n\twhite-space:normal;}\r\n.xl6527476\r\n\t{padding-top:1px;\r\n\tpadding-right:1px;\r\n\tpadding-left:1px;\r\n\tmso-ignore:padding;\r\n\tcolor:black;\r\n\tfont-size:10.0pt;\r\n\tfont-weight:400;\r\n\tfont-style:normal;\r\n\ttext-decoration:none;\r\n\tfont-family:Arial;\r\n\tmso-generic-font-family:auto;\r\n\tmso-font-charset:0;\r\n\tmso-number-format:General;\r\n\ttext-align:general;\r\n\tvertical-align:bottom;\r\n\tborder:.5pt solid windowtext;\r\n\tbackground:#E1E1E1;\r\n\tmso-pattern:black none;\r\n\twhite-space:nowrap;}\r\n.xl6627476\r\n\t{padding-top:1px;\r\n\tpadding-right:1px;\r\n\tpadding-left:1px;\r\n\tmso-ignore:padding;\r\n\tcolor:black;\r\n\tfont-size:11.0pt;\r\n\tfont-weight:400;\r\n\tfont-style:normal;\r\n\ttext-decoration:none;\r\n\tfont-family:Calibri, sans-serif;\r\n\tmso-font-charset:0;\r\n\tmso-number-format:General;\r\n\ttext-align:general;\r\n\tvertical-align:bottom;\r\n\tborder:.5pt solid windowtext;\r\n\tmso-background-source:auto;\r\n\tmso-pattern:auto;\r\n\twhite-space:nowrap;}\r\n.xl6727476\r\n\t{padding-top:1px;\r\n\tpadding-right:1px;\r\n\tpadding-left:1px;\r\n\tmso-ignore:padding;\r\n\tcolor:black;\r\n\tfont-size:11.0pt;\r\n\tfont-weight:400;\r\n\tfont-style:normal;\r\n\ttext-decoration:none;\r\n\tfont-family:Calibri, sans-serif;\r\n\tmso-font-charset:0;\r\n\tmso-number-format:\"Short Date\";\r\n\ttext-align:general;\r\n\tvertical-align:bottom;\r\n\tborder:.5pt solid windowtext;\r\n\tmso-background-source:auto;\r\n\tmso-pattern:auto;\r\n\twhite-space:nowrap;}\r\n-->\r\n<\/style>\r\n<\/head>\r\n\r\n<body>\r\n<!--[if !excel]>&nbsp;&nbsp;<![endif]-->\r\n<!--La siguiente informaci\u00f3n se gener\u00f3 mediante el Asistente para publicar como\r\np\u00e1gina web de Microsoft Excel.-->\r\n<!--Si se vuelve a publicar el mismo elemento desde Excel, se reemplazar\u00e1 toda\r\nla informaci\u00f3n comprendida entre las etiquetas DIV.-->\r\n<!----------------------------->\r\n<!--INICIO DE LOS RESULTADOS DEL ASISTENTE PARA PUBLICAR COMO P\u00c1GINA WEB DE\r\nEXCEL -->\r\n<!----------------------------->\r\n\r\n<div id=\"a69_f45_27476\" align=center x:publishsource=\"Excel\">\r\n\r\n<table border=0 cellpadding=0 cellspacing=0 width=4297 style='border-collapse:\r\n collapse;table-layout:fixed;width:3223pt'>\r\n <col width=56 style='mso-width-source:userset;mso-width-alt:2048;width:42pt'>\r\n <col width=255 style='mso-width-source:userset;mso-width-alt:9325;width:191pt'>\r\n <col width=440 style='mso-width-source:userset;mso-width-alt:16091;width:330pt'>\r\n <col width=211 style='mso-width-source:userset;mso-width-alt:7716;width:158pt'>\r\n <col width=305 style='mso-width-source:userset;mso-width-alt:11154;width:229pt'>\r\n <col width=466 style='mso-width-source:userset;mso-width-alt:17042;width:350pt'>\r\n <col width=512 style='mso-width-source:userset;mso-width-alt:18724;width:384pt'>\r\n <col width=123 style='mso-width-source:userset;mso-width-alt:4498;width:92pt'>\r\n <col width=140 style='mso-width-source:userset;mso-width-alt:5120;width:105pt'>\r\n <col width=1789 style='mso-width-source:userset;mso-width-alt:65426;\r\n width:1342pt'>\r\n <tr height=0 style='display:none'>\r\n  <td class=xl1527476 width=56 style='width:42pt'>45771<\/td>\r\n  <td class=xl1527476 width=255 style='width:191pt'><\/td>\r\n  <td class=xl1527476 width=440 style='width:330pt'><\/td>\r\n  <td class=xl1527476 width=211 style='width:158pt'><\/td>\r\n  <td class=xl1527476 width=305 style='width:229pt'><\/td>\r\n  <td class=xl1527476 width=466 style='width:350pt'><\/td>\r\n  <td class=xl1527476 width=512 style='width:384pt'><\/td>\r\n  <td class=xl1527476 width=123 style='width:92pt'><\/td>\r\n  <td class=xl1527476 width=140 style='width:105pt'><\/td>\r\n  <td class=xl1527476 width=1789 style='width:1342pt'><\/td>\r\n <\/tr>\r\n <tr height=20 style='height:15.0pt'>\r\n  <td colspan=3 height=20 class=xl6427476 width=751 style='height:15.0pt;\r\n  width:563pt'>T\u00cdTULO<\/td>\r\n  <td colspan=3 class=xl6427476 width=982 style='width:737pt'>NOMBRE CORTO<\/td>\r\n  <td colspan=3 class=xl6427476 width=775 style='width:581pt'>DESCRIPCI\u00d3N<\/td>\r\n  <td class=xl1527476><\/td>\r\n <\/tr>\r\n <tr height=20 style='height:15.0pt'>\r\n  <td colspan=3 height=20 class=xl6527476 style='height:15.0pt'>2021.\r\n  Instrumentos archiv\u00edsticos 2018-2020. Cat\u00e1logo de disposici\u00f3n documental y\r\n  gu\u00eda simple de archivos.<\/td>\r\n  <td colspan=3 class=xl6527476>a69_f45<\/td>\r\n  <td colspan=3 class=xl6527476>Se publicar\u00e1n los siguientes instrumentos de\r\n  control y consulta archiv\u00edstica: Cuadro general de clasificaci\u00f3n\r\n  archiv\u00edstica, Cat\u00e1logo de disposici\u00f3n documental, Inventarios documentales,\r\n  Gu\u00eda de archivo documental, \u00cdndice de expedientes clasificados como reservados,\r\n  Programa Anual de Desarrollo Archiv\u00edstico, Informe Anual de cumplimiento,\r\n  Dictamen y acta de baja documental y transferencia secundaria u otros<\/td>\r\n  <td class=xl1527476><\/td>\r\n <\/tr>\r\n <tr height=0 style='display:none'>\r\n  <td class=xl1527476>1<\/td>\r\n  <td class=xl1527476>4<\/td>\r\n  <td class=xl1527476>4<\/td>\r\n  <td class=xl1527476>9<\/td>\r\n  <td class=xl1527476>7<\/td>\r\n  <td class=xl1527476>10<\/td>\r\n  <td class=xl1527476>2<\/td>\r\n  <td class=xl1527476>4<\/td>\r\n  <td class=xl1527476>13<\/td>\r\n  <td class=xl1527476>14<\/td>\r\n <\/tr>\r\n <tr height=0 style='display:none'>\r\n  <td class=xl1527476>379152<\/td>\r\n  <td class=xl1527476>379160<\/td>\r\n  <td class=xl1527476>379161<\/td>\r\n  <td class=xl1527476>561984<\/td>\r\n  <td class=xl1527476>379154<\/td>\r\n  <td class=xl1527476>379156<\/td>\r\n  <td class=xl1527476>379159<\/td>\r\n  <td class=xl1527476>379153<\/td>\r\n  <td class=xl1527476>379157<\/td>\r\n  <td class=xl1527476>379158<\/td>\r\n <\/tr>\r\n <tr height=20 style='height:15.0pt'>\r\n  <td colspan=10 height=20 class=xl6427476 width=4297 style='height:15.0pt;\r\n  width:3223pt'>Tabla Campos<\/td>\r\n <\/tr>\r\n <tr height=35 style='height:26.25pt'>\r\n  <td height=35 class=xl6327476 width=56 style='height:26.25pt;width:42pt'>Ejercicio<\/td>\r\n  <td class=xl6327476 width=255 style='border-left:none;width:191pt'>Fecha de\r\n  inicio del periodo que se informa<\/td>\r\n  <td class=xl6327476 width=440 style='border-left:none;width:330pt'>Fecha de\r\n  t\u00e9rmino del periodo que se informa<\/td>\r\n  <td class=xl6327476 width=211 style='border-left:none;width:158pt'>Instrumento\r\n  archiv\u00edstico (cat\u00e1logo)<\/td>\r\n  <td class=xl6327476 width=305 style='border-left:none;width:229pt'>Hiperv\u00ednculo\r\n  a los documentos<\/td>\r\n  <td class=xl6327476 width=466 style='border-left:none;width:350pt'>Nombre\r\n  completo del (la) responsable e integrantes del \u00e1rea, cargo y puesto<span\r\n  style='mso-spacerun:yes'>\u00a0 <\/span><br>\r\n    Tabla_379156<\/td>\r\n  <td class=xl6327476 width=512 style='border-left:none;width:384pt'>\u00c1rea(s)\r\n  responsable(s) que genera(n), posee(n), publica(n) y actualizan la\r\n  informaci\u00f3n<\/td>\r\n  <td class=xl6327476 width=123 style='border-left:none;width:92pt'>Fecha de\r\n  validaci\u00f3n<\/td>\r\n  <td class=xl6327476 width=140 style='border-left:none;width:105pt'>Fecha de\r\n  actualizaci\u00f3n<\/td>\r\n  <td class=xl6327476 width=1789 style='border-left:none;width:1342pt'>Nota<\/td>\r\n <\/tr>\r\n <tr height=20 style='height:15.0pt'>\r\n  <td height=20 class=xl6627476 align=right style='height:15.0pt;border-top:\r\n  none'>2021<\/td>\r\n  <td class=xl6727476 align=right style='border-top:none;border-left:none'>01\/10\/2021<\/td>\r\n  <td class=xl6727476 align=right style='border-top:none;border-left:none'>31\/12\/2021<\/td>\r\n  <td class=xl6627476 style='border-top:none;border-left:none'>&nbsp;<\/td>\r\n  <td class=xl6627476 style='border-top:none;border-left:none'>&nbsp;<\/td>\r\n  <td class=xl6627476 style='border-top:none;border-left:none'>Colocar el ID de\r\n  los registros de la Tabla_379156<\/td>\r\n  <td class=xl6627476 style='border-top:none;border-left:none'>Archivo<span\r\n  style='mso-spacerun:yes'>\u00a0<\/span><\/td>\r\n  <td class=xl6727476 align=right style='border-top:none;border-left:none'>10\/01\/2022<\/td>\r\n  <td class=xl6727476 align=right style='border-top:none;border-left:none'>10\/01\/2022<\/td>\r\n  <td class=xl6627476 style='border-top:none;border-left:none'>para el periodo\r\n  que se informa esta presidencia municipal no cuenta con sistema institucional\r\n  de archivo, po lo cual habra varias celdas que no mostrar\u00e1n informaci\u00f3n<\/td>\r\n <\/tr>\r\n <![if supportMisalignedColumns]>\r\n <tr height=0 style='display:none'>\r\n  <td width=56 style='width:42pt'><\/td>\r\n  <td width=255 style='width:191pt'><\/td>\r\n  <td width=440 style='width:330pt'><\/td>\r\n  <td width=211 style='width:158pt'><\/td>\r\n  <td width=305 style='width:229pt'><\/td>\r\n  <td width=466 style='width:350pt'><\/td>\r\n  <td width=512 style='width:384pt'><\/td>\r\n  <td width=123 style='width:92pt'><\/td>\r\n  <td width=140 style='width:105pt'><\/td>\r\n  <td width=1789 style='width:1342pt'><\/td>\r\n <\/tr>\r\n <![endif]>\r\n<\/table>\r\n\r\n<\/div>\r\n\r\n\r\n<!----------------------------->\r\n<!--FINAL DE LOS RESULTADOS DEL ASISTENTE PARA PUBLICAR COMO P\u00c1GINA WEB DE\r\nEXCEL-->\r\n<!----------------------------->\r\n<\/body>\r\n\r\n<\/html>\r\n\t\t\t\t<\/div>\n\t\t\t\t<\/div>\n\t\t\t\t\t<\/div>\n\t\t<\/div>\n\t\t\t\t\t<\/div>\n\t\t<\/section>\n\t\t\t\t<\/div>\n\t\t","protected":false},"excerpt":{"rendered":"<p>Descargar archivo Fracci\u00f3n XLV 45771 T\u00cdTULO NOMBRE CORTO DESCRIPCI\u00d3N 2021. Instrumentos archiv\u00edsticos 2018-2020. Cat\u00e1logo de disposici\u00f3n documental y gu\u00eda simple de archivos. a69_f45 Se publicar\u00e1n los siguientes instrumentos de control y consulta archiv\u00edstica: Cuadro general de clasificaci\u00f3n archiv\u00edstica, Cat\u00e1logo de disposici\u00f3n documental, Inventarios documentales, Gu\u00eda de archivo documental, \u00cdndice de expedientes clasificados como reservados, Programa [&hellip;]<\/p>\n","protected":false},"author":1,"featured_media":0,"parent":11688,"menu_order":0,"comment_status":"closed","ping_status":"closed","template":"page-template-full.php","meta":{"footnotes":""},"class_list":["post-11757","page","type-page","status-publish","hentry"],"jetpack_sharing_enabled":true,"_links":{"self":[{"href":"https:\/\/apan.gob.mx\/portal\/wp-json\/wp\/v2\/pages\/11757","targetHints":{"allow":["GET"]}}],"collection":[{"href":"https:\/\/apan.gob.mx\/portal\/wp-json\/wp\/v2\/pages"}],"about":[{"href":"https:\/\/apan.gob.mx\/portal\/wp-json\/wp\/v2\/types\/page"}],"author":[{"embeddable":true,"href":"https:\/\/apan.gob.mx\/portal\/wp-json\/wp\/v2\/users\/1"}],"replies":[{"embeddable":true,"href":"https:\/\/apan.gob.mx\/portal\/wp-json\/wp\/v2\/comments?post=11757"}],"version-history":[{"count":2,"href":"https:\/\/apan.gob.mx\/portal\/wp-json\/wp\/v2\/pages\/11757\/revisions"}],"predecessor-version":[{"id":11759,"href":"https:\/\/apan.gob.mx\/portal\/wp-json\/wp\/v2\/pages\/11757\/revisions\/11759"}],"up":[{"embeddable":true,"href":"https:\/\/apan.gob.mx\/portal\/wp-json\/wp\/v2\/pages\/11688"}],"wp:attachment":[{"href":"https:\/\/apan.gob.mx\/portal\/wp-json\/wp\/v2\/media?parent=11757"}],"curies":[{"name":"wp","href":"https:\/\/api.w.org\/{rel}","templated":true}]}}