{"id":12094,"date":"2022-01-21T11:17:05","date_gmt":"2022-01-21T17:17:05","guid":{"rendered":"https:\/\/apan.gob.mx\/portal\/?page_id=12094"},"modified":"2022-01-21T11:18:13","modified_gmt":"2022-01-21T17:18:13","slug":"12094-2","status":"publish","type":"page","link":"https:\/\/apan.gob.mx\/portal\/4-trimestre-2021\/12094-2\/","title":{"rendered":"<!--tesoreria_25_2021_4-->"},"content":{"rendered":"\t\t<div data-elementor-type=\"wp-page\" data-elementor-id=\"12094\" class=\"elementor elementor-12094 elementor-bc-flex-widget\">\n\t\t\t\t\t\t<section class=\"has_ae_slider elementor-section elementor-top-section elementor-element elementor-element-plsuzyo elementor-section-boxed elementor-section-height-default elementor-section-height-default ae-bg-gallery-type-default\" data-id=\"plsuzyo\" data-element_type=\"section\" data-e-type=\"section\">\n\t\t\t\t\t\t<div class=\"elementor-container elementor-column-gap-default\">\n\t\t\t\t\t<div class=\"has_ae_slider elementor-column elementor-col-100 elementor-top-column elementor-element elementor-element-ygsfsrc ae-bg-gallery-type-default\" data-id=\"ygsfsrc\" data-element_type=\"column\" data-e-type=\"column\">\n\t\t\t<div class=\"elementor-widget-wrap elementor-element-populated\">\n\t\t\t\t\t\t<div class=\"elementor-element elementor-element-qmegpia elementor-widget elementor-widget-button\" data-id=\"qmegpia\" data-element_type=\"widget\" data-e-type=\"widget\" data-widget_type=\"button.default\">\n\t\t\t\t<div class=\"elementor-widget-container\">\n\t\t\t\t\t\t\t\t\t<div class=\"elementor-button-wrapper\">\n\t\t\t\t\t<a class=\"elementor-button elementor-button-link elementor-size-sm\" href=\"https:\/\/www.apan.gob.mx\/descargables\/transparencia\/articulo69\/fraccion25\/2021_4\/tesoreria\/a69_f25.xlsx\" target=\"_blank\">\n\t\t\t\t\t\t<span class=\"elementor-button-content-wrapper\">\n\t\t\t\t\t\t\t\t\t<span class=\"elementor-button-text\">Descargar archivo<\/span>\n\t\t\t\t\t<\/span>\n\t\t\t\t\t<\/a>\n\t\t\t\t<\/div>\n\t\t\t\t\t\t\t\t<\/div>\n\t\t\t\t<\/div>\n\t\t\t\t<div class=\"elementor-element elementor-element-qjpbeoa elementor-widget elementor-widget-heading\" data-id=\"qjpbeoa\" data-element_type=\"widget\" data-e-type=\"widget\" data-widget_type=\"heading.default\">\n\t\t\t\t<div class=\"elementor-widget-container\">\n\t\t\t\t\t<h2 class=\"elementor-heading-title elementor-size-medium\">Fracci\u00f3n XXV<\/h2>\t\t\t\t<\/div>\n\t\t\t\t<\/div>\n\t\t\t\t<div class=\"elementor-element elementor-element-rpjzgbv elementor-widget elementor-widget-html\" data-id=\"rpjzgbv\" data-element_type=\"widget\" data-e-type=\"widget\" data-widget_type=\"html.default\">\n\t\t\t\t<div class=\"elementor-widget-container\">\n\t\t\t\t\t<html xmlns:o=\"urn:schemas-microsoft-com:office:office\"\r\nxmlns:x=\"urn:schemas-microsoft-com:office:excel\"\r\nxmlns=\"http:\/\/www.w3.org\/TR\/REC-html40\">\r\n\r\n<head>\r\n<meta http-equiv=Content-Type content=\"text\/html; charset=windows-1252\">\r\n<meta name=ProgId content=Excel.Sheet>\r\n<meta name=Generator content=\"Microsoft Excel 15\">\r\n<link rel=File-List href=\"a69_f25_archivos\/filelist.xml\">\r\n<style id=\"a69_f25_24051_Styles\">\r\n<!--table\r\n\t{mso-displayed-decimal-separator:\"\\.\";\r\n\tmso-displayed-thousand-separator:\"\\,\";}\r\n.xl1524051\r\n\t{padding-top:1px;\r\n\tpadding-right:1px;\r\n\tpadding-left:1px;\r\n\tmso-ignore:padding;\r\n\tcolor:black;\r\n\tfont-size:11.0pt;\r\n\tfont-weight:400;\r\n\tfont-style:normal;\r\n\ttext-decoration:none;\r\n\tfont-family:Calibri, sans-serif;\r\n\tmso-font-charset:0;\r\n\tmso-number-format:General;\r\n\ttext-align:general;\r\n\tvertical-align:bottom;\r\n\tmso-background-source:auto;\r\n\tmso-pattern:auto;\r\n\twhite-space:nowrap;}\r\n.xl6324051\r\n\t{padding-top:1px;\r\n\tpadding-right:1px;\r\n\tpadding-left:1px;\r\n\tmso-ignore:padding;\r\n\tcolor:black;\r\n\tfont-size:10.0pt;\r\n\tfont-weight:400;\r\n\tfont-style:normal;\r\n\ttext-decoration:none;\r\n\tfont-family:Arial;\r\n\tmso-generic-font-family:auto;\r\n\tmso-font-charset:0;\r\n\tmso-number-format:General;\r\n\ttext-align:center;\r\n\tvertical-align:bottom;\r\n\tborder:.5pt solid windowtext;\r\n\tbackground:#E1E1E1;\r\n\tmso-pattern:black none;\r\n\twhite-space:normal;}\r\n.xl6424051\r\n\t{padding-top:1px;\r\n\tpadding-right:1px;\r\n\tpadding-left:1px;\r\n\tmso-ignore:padding;\r\n\tcolor:white;\r\n\tfont-size:11.0pt;\r\n\tfont-weight:700;\r\n\tfont-style:normal;\r\n\ttext-decoration:none;\r\n\tfont-family:Arial;\r\n\tmso-generic-font-family:auto;\r\n\tmso-font-charset:0;\r\n\tmso-number-format:General;\r\n\ttext-align:center;\r\n\tvertical-align:bottom;\r\n\tborder:.5pt solid windowtext;\r\n\tbackground:#333333;\r\n\tmso-pattern:black none;\r\n\twhite-space:nowrap;}\r\n.xl6524051\r\n\t{padding-top:1px;\r\n\tpadding-right:1px;\r\n\tpadding-left:1px;\r\n\tmso-ignore:padding;\r\n\tcolor:black;\r\n\tfont-size:10.0pt;\r\n\tfont-weight:400;\r\n\tfont-style:normal;\r\n\ttext-decoration:none;\r\n\tfont-family:Arial;\r\n\tmso-generic-font-family:auto;\r\n\tmso-font-charset:0;\r\n\tmso-number-format:General;\r\n\ttext-align:general;\r\n\tvertical-align:bottom;\r\n\tborder:.5pt solid windowtext;\r\n\tbackground:#E1E1E1;\r\n\tmso-pattern:black none;\r\n\twhite-space:nowrap;}\r\n.xl6624051\r\n\t{padding-top:1px;\r\n\tpadding-right:1px;\r\n\tpadding-left:1px;\r\n\tmso-ignore:padding;\r\n\tcolor:black;\r\n\tfont-size:11.0pt;\r\n\tfont-weight:400;\r\n\tfont-style:normal;\r\n\ttext-decoration:none;\r\n\tfont-family:Calibri, sans-serif;\r\n\tmso-font-charset:0;\r\n\tmso-number-format:General;\r\n\ttext-align:general;\r\n\tvertical-align:bottom;\r\n\tborder:.5pt solid windowtext;\r\n\tmso-background-source:auto;\r\n\tmso-pattern:auto;\r\n\twhite-space:nowrap;}\r\n.xl6724051\r\n\t{padding-top:1px;\r\n\tpadding-right:1px;\r\n\tpadding-left:1px;\r\n\tmso-ignore:padding;\r\n\tcolor:black;\r\n\tfont-size:11.0pt;\r\n\tfont-weight:400;\r\n\tfont-style:normal;\r\n\ttext-decoration:none;\r\n\tfont-family:Calibri, sans-serif;\r\n\tmso-font-charset:0;\r\n\tmso-number-format:\"Short Date\";\r\n\ttext-align:general;\r\n\tvertical-align:bottom;\r\n\tborder:.5pt solid windowtext;\r\n\tmso-background-source:auto;\r\n\tmso-pattern:auto;\r\n\twhite-space:nowrap;}\r\n-->\r\n<\/style>\r\n<\/head>\r\n\r\n<body>\r\n<!--[if !excel]>&nbsp;&nbsp;<![endif]-->\r\n<!--La siguiente informaci\u00f3n se gener\u00f3 mediante el Asistente para publicar como\r\np\u00e1gina web de Microsoft Excel.-->\r\n<!--Si se vuelve a publicar el mismo elemento desde Excel, se reemplazar\u00e1 toda\r\nla informaci\u00f3n comprendida entre las etiquetas DIV.-->\r\n<!----------------------------->\r\n<!--INICIO DE LOS RESULTADOS DEL ASISTENTE PARA PUBLICAR COMO P\u00c1GINA WEB DE\r\nEXCEL -->\r\n<!----------------------------->\r\n\r\n<div id=\"a69_f25_24051\" align=center x:publishsource=\"Excel\">\r\n\r\n<table border=0 cellpadding=0 cellspacing=0 width=6205 style='border-collapse:\r\n collapse;table-layout:fixed;width:4655pt'>\r\n <col width=56 style='mso-width-source:userset;mso-width-alt:2048;width:42pt'>\r\n <col width=255 style='mso-width-source:userset;mso-width-alt:9325;width:191pt'>\r\n <col width=270 style='mso-width-source:userset;mso-width-alt:9874;width:203pt'>\r\n <col width=111 style='mso-width-source:userset;mso-width-alt:4059;width:83pt'>\r\n <col width=310 style='mso-width-source:userset;mso-width-alt:11337;width:233pt'>\r\n <col width=189 style='mso-width-source:userset;mso-width-alt:6912;width:142pt'>\r\n <col width=288 style='mso-width-source:userset;mso-width-alt:10532;width:216pt'>\r\n <col width=211 style='mso-width-source:userset;mso-width-alt:7716;width:158pt'>\r\n <col width=200 style='mso-width-source:userset;mso-width-alt:7314;width:150pt'>\r\n <col width=145 style='mso-width-source:userset;mso-width-alt:5302;width:109pt'>\r\n <col width=476 style='mso-width-source:userset;mso-width-alt:17408;width:357pt'>\r\n <col width=502 style='mso-width-source:userset;mso-width-alt:18358;width:377pt'>\r\n <col width=515 style='mso-width-source:userset;mso-width-alt:18834;width:386pt'>\r\n <col width=548 style='mso-width-source:userset;mso-width-alt:20041;width:411pt'>\r\n <col width=512 style='mso-width-source:userset;mso-width-alt:18724;width:384pt'>\r\n <col width=123 style='mso-width-source:userset;mso-width-alt:4498;width:92pt'>\r\n <col width=140 style='mso-width-source:userset;mso-width-alt:5120;width:105pt'>\r\n <col width=1354 style='mso-width-source:userset;mso-width-alt:49517;\r\n width:1016pt'>\r\n <tr height=0 style='display:none'>\r\n  <td class=xl1524051 width=56 style='width:42pt'>44270<\/td>\r\n  <td class=xl1524051 width=255 style='width:191pt'><\/td>\r\n  <td class=xl1524051 width=270 style='width:203pt'><\/td>\r\n  <td class=xl1524051 width=111 style='width:83pt'><\/td>\r\n  <td class=xl1524051 width=310 style='width:233pt'><\/td>\r\n  <td class=xl1524051 width=189 style='width:142pt'><\/td>\r\n  <td class=xl1524051 width=288 style='width:216pt'><\/td>\r\n  <td class=xl1524051 width=211 style='width:158pt'><\/td>\r\n  <td class=xl1524051 width=200 style='width:150pt'><\/td>\r\n  <td class=xl1524051 width=145 style='width:109pt'><\/td>\r\n  <td class=xl1524051 width=476 style='width:357pt'><\/td>\r\n  <td class=xl1524051 width=502 style='width:377pt'><\/td>\r\n  <td class=xl1524051 width=515 style='width:386pt'><\/td>\r\n  <td class=xl1524051 width=548 style='width:411pt'><\/td>\r\n  <td class=xl1524051 width=512 style='width:384pt'><\/td>\r\n  <td class=xl1524051 width=123 style='width:92pt'><\/td>\r\n  <td class=xl1524051 width=140 style='width:105pt'><\/td>\r\n  <td class=xl1524051 width=1354 style='width:1016pt'><\/td>\r\n <\/tr>\r\n <tr height=20 style='height:15.0pt'>\r\n  <td colspan=3 height=20 class=xl6424051 style='height:15.0pt'>T\u00cdTULO<\/td>\r\n  <td colspan=3 class=xl6424051>NOMBRE CORTO<\/td>\r\n  <td colspan=3 class=xl6424051>DESCRIPCI\u00d3N<\/td>\r\n  <td class=xl1524051><\/td>\r\n  <td class=xl1524051><\/td>\r\n  <td class=xl1524051><\/td>\r\n  <td class=xl1524051><\/td>\r\n  <td class=xl1524051><\/td>\r\n  <td class=xl1524051><\/td>\r\n  <td class=xl1524051><\/td>\r\n  <td class=xl1524051><\/td>\r\n  <td class=xl1524051><\/td>\r\n <\/tr>\r\n <tr height=20 style='height:15.0pt'>\r\n  <td colspan=3 height=20 class=xl6524051 style='height:15.0pt'>Resultados de\r\n  la dictaminaci\u00f3n de los estados financieros<\/td>\r\n  <td colspan=3 class=xl6524051>a69_f25<\/td>\r\n  <td colspan=3 class=xl6524051>Todos los sujetos obligados publicar\u00e1n los\r\n  resultados de los dict\u00e1menes realizados a sus estados financieros por las\r\n  empresas auditoras contratadas para tal fin.<\/td>\r\n  <td class=xl1524051><\/td>\r\n  <td class=xl1524051><\/td>\r\n  <td class=xl1524051><\/td>\r\n  <td class=xl1524051><\/td>\r\n  <td class=xl1524051><\/td>\r\n  <td class=xl1524051><\/td>\r\n  <td class=xl1524051><\/td>\r\n  <td class=xl1524051><\/td>\r\n  <td class=xl1524051><\/td>\r\n <\/tr>\r\n <tr height=0 style='display:none'>\r\n  <td class=xl1524051>1<\/td>\r\n  <td class=xl1524051>4<\/td>\r\n  <td class=xl1524051>4<\/td>\r\n  <td class=xl1524051>1<\/td>\r\n  <td class=xl1524051>7<\/td>\r\n  <td class=xl1524051>4<\/td>\r\n  <td class=xl1524051>7<\/td>\r\n  <td class=xl1524051>1<\/td>\r\n  <td class=xl1524051>1<\/td>\r\n  <td class=xl1524051>1<\/td>\r\n  <td class=xl1524051>1<\/td>\r\n  <td class=xl1524051>1<\/td>\r\n  <td class=xl1524051>1<\/td>\r\n  <td class=xl1524051>1<\/td>\r\n  <td class=xl1524051>2<\/td>\r\n  <td class=xl1524051>4<\/td>\r\n  <td class=xl1524051>13<\/td>\r\n  <td class=xl1524051>14<\/td>\r\n <\/tr>\r\n <tr height=0 style='display:none'>\r\n  <td class=xl1524051>351096<\/td>\r\n  <td class=xl1524051>351104<\/td>\r\n  <td class=xl1524051>351105<\/td>\r\n  <td class=xl1524051>351088<\/td>\r\n  <td class=xl1524051>351099<\/td>\r\n  <td class=xl1524051>351097<\/td>\r\n  <td class=xl1524051>351100<\/td>\r\n  <td class=xl1524051>351093<\/td>\r\n  <td class=xl1524051>351094<\/td>\r\n  <td class=xl1524051>351095<\/td>\r\n  <td class=xl1524051>351089<\/td>\r\n  <td class=xl1524051>351090<\/td>\r\n  <td class=xl1524051>351091<\/td>\r\n  <td class=xl1524051>351092<\/td>\r\n  <td class=xl1524051>351106<\/td>\r\n  <td class=xl1524051>351098<\/td>\r\n  <td class=xl1524051>351102<\/td>\r\n  <td class=xl1524051>351103<\/td>\r\n <\/tr>\r\n <tr height=20 style='height:15.0pt'>\r\n  <td colspan=18 height=20 class=xl6424051 style='height:15.0pt'>Tabla Campos<\/td>\r\n <\/tr>\r\n <tr height=35 style='height:26.25pt'>\r\n  <td height=35 class=xl6324051 width=56 style='height:26.25pt;width:42pt'>Ejercicio<\/td>\r\n  <td class=xl6324051 width=255 style='border-left:none;width:191pt'>Fecha de\r\n  inicio del periodo que se informa<\/td>\r\n  <td class=xl6324051 width=270 style='border-left:none;width:203pt'>Fecha de\r\n  t\u00e9rmino del periodo que se informa<\/td>\r\n  <td class=xl6324051 width=111 style='border-left:none;width:83pt'>Ejercicio\r\n  auditado<\/td>\r\n  <td class=xl6324051 width=310 style='border-left:none;width:233pt'>Hiperv\u00ednculo\r\n  a los estados financieros dictaminados<\/td>\r\n  <td class=xl6324051 width=189 style='border-left:none;width:142pt'>Fecha de\r\n  emisi\u00f3n del dictamen<\/td>\r\n  <td class=xl6324051 width=288 style='border-left:none;width:216pt'>Hiperv\u00ednculo\r\n  al dictamen de estados financieros<\/td>\r\n  <td class=xl6324051 width=211 style='border-left:none;width:158pt'>Total de\r\n  observaciones resultantes<\/td>\r\n  <td class=xl6324051 width=200 style='border-left:none;width:150pt'>Total de\r\n  aclaraciones efectuadas<\/td>\r\n  <td class=xl6324051 width=145 style='border-left:none;width:109pt'>Total de\r\n  solventaciones<\/td>\r\n  <td class=xl6324051 width=476 style='border-left:none;width:357pt'>Nombre(s)\r\n  del (la) contador(a) p\u00fablico(a) independiente que realiz\u00f3 el dictamen<\/td>\r\n  <td class=xl6324051 width=502 style='border-left:none;width:377pt'>Primer\r\n  apellido del (la) contador(a) p\u00fablico(a) independiente que realiz\u00f3 el\r\n  dictamen<\/td>\r\n  <td class=xl6324051 width=515 style='border-left:none;width:386pt'>Segundo\r\n  apellido del (la) contador(a) p\u00fablico(a) independiente que realiz\u00f3 el\r\n  dictamen<\/td>\r\n  <td class=xl6324051 width=548 style='border-left:none;width:411pt'>Denominaci\u00f3n\r\n  o raz\u00f3n social de la contadur\u00eda p\u00fablica independiente que realiz\u00f3 el dictamen<\/td>\r\n  <td class=xl6324051 width=512 style='border-left:none;width:384pt'>\u00c1rea(s)\r\n  responsable(s) que genera(n), posee(n), publica(n) y actualizan la\r\n  informaci\u00f3n<\/td>\r\n  <td class=xl6324051 width=123 style='border-left:none;width:92pt'>Fecha de\r\n  validaci\u00f3n<\/td>\r\n  <td class=xl6324051 width=140 style='border-left:none;width:105pt'>Fecha de\r\n  actualizaci\u00f3n<\/td>\r\n  <td class=xl6324051 width=1354 style='border-left:none;width:1016pt'>Nota<\/td>\r\n <\/tr>\r\n <tr height=20 style='height:15.0pt'>\r\n  <td height=20 class=xl6624051 align=right style='height:15.0pt;border-top:\r\n  none'>2021<\/td>\r\n  <td class=xl6724051 align=right style='border-top:none;border-left:none'>01\/10\/2021<\/td>\r\n  <td class=xl6724051 align=right style='border-top:none;border-left:none'>31\/12\/2021<\/td>\r\n  <td class=xl6624051 style='border-top:none;border-left:none'>&nbsp;<\/td>\r\n  <td class=xl6624051 style='border-top:none;border-left:none'>&nbsp;<\/td>\r\n  <td class=xl6624051 style='border-top:none;border-left:none'>&nbsp;<\/td>\r\n  <td class=xl6624051 style='border-top:none;border-left:none'>&nbsp;<\/td>\r\n  <td class=xl6624051 style='border-top:none;border-left:none'>&nbsp;<\/td>\r\n  <td class=xl6624051 style='border-top:none;border-left:none'>&nbsp;<\/td>\r\n  <td class=xl6624051 style='border-top:none;border-left:none'>&nbsp;<\/td>\r\n  <td class=xl6624051 style='border-top:none;border-left:none'>&nbsp;<\/td>\r\n  <td class=xl6624051 style='border-top:none;border-left:none'>&nbsp;<\/td>\r\n  <td class=xl6624051 style='border-top:none;border-left:none'>&nbsp;<\/td>\r\n  <td class=xl6624051 style='border-top:none;border-left:none'>&nbsp;<\/td>\r\n  <td class=xl6624051 style='border-top:none;border-left:none'>Tesorerer\u00eda\r\n  Municipal<span style='mso-spacerun:yes'>\u00a0<\/span><\/td>\r\n  <td class=xl6724051 align=right style='border-top:none;border-left:none'>06\/01\/2022<\/td>\r\n  <td class=xl6724051 align=right style='border-top:none;border-left:none'>06\/01\/2022<\/td>\r\n  <td class=xl6624051 style='border-top:none;border-left:none'>En el periodo\r\n  que se informa, el Municipio de Apan no cuenta con Estados Financieros\r\n  dictaminados por terceros del ejercicio fiscal 2021, siendo esta la raz\u00f3n\r\n  principal por la cual los campos permanecen en blanco.<span\r\n  style='mso-spacerun:yes'>\u00a0<\/span><\/td>\r\n <\/tr>\r\n <![if supportMisalignedColumns]>\r\n <tr height=0 style='display:none'>\r\n  <td width=56 style='width:42pt'><\/td>\r\n  <td width=255 style='width:191pt'><\/td>\r\n  <td width=270 style='width:203pt'><\/td>\r\n  <td width=111 style='width:83pt'><\/td>\r\n  <td width=310 style='width:233pt'><\/td>\r\n  <td width=189 style='width:142pt'><\/td>\r\n  <td width=288 style='width:216pt'><\/td>\r\n  <td width=211 style='width:158pt'><\/td>\r\n  <td width=200 style='width:150pt'><\/td>\r\n  <td width=145 style='width:109pt'><\/td>\r\n  <td width=476 style='width:357pt'><\/td>\r\n  <td width=502 style='width:377pt'><\/td>\r\n  <td width=515 style='width:386pt'><\/td>\r\n  <td width=548 style='width:411pt'><\/td>\r\n  <td width=512 style='width:384pt'><\/td>\r\n  <td width=123 style='width:92pt'><\/td>\r\n  <td width=140 style='width:105pt'><\/td>\r\n  <td width=1354 style='width:1016pt'><\/td>\r\n <\/tr>\r\n <![endif]>\r\n<\/table>\r\n\r\n<\/div>\r\n\r\n\r\n<!----------------------------->\r\n<!--FINAL DE LOS RESULTADOS DEL ASISTENTE PARA PUBLICAR COMO P\u00c1GINA WEB DE\r\nEXCEL-->\r\n<!----------------------------->\r\n<\/body>\r\n\r\n<\/html>\r\n\t\t\t\t<\/div>\n\t\t\t\t<\/div>\n\t\t\t\t\t<\/div>\n\t\t<\/div>\n\t\t\t\t\t<\/div>\n\t\t<\/section>\n\t\t\t\t<\/div>\n\t\t","protected":false},"excerpt":{"rendered":"<p>Descargar archivo Fracci\u00f3n XXV 44270 T\u00cdTULO NOMBRE CORTO DESCRIPCI\u00d3N Resultados de la dictaminaci\u00f3n de los estados financieros a69_f25 Todos los sujetos obligados publicar\u00e1n los resultados de los dict\u00e1menes realizados a sus estados financieros por las empresas auditoras contratadas para tal fin. 1 4 4 1 7 4 7 1 1 1 1 1 1 1 [&hellip;]<\/p>\n","protected":false},"author":1,"featured_media":0,"parent":11688,"menu_order":0,"comment_status":"closed","ping_status":"closed","template":"page-template-full.php","meta":{"footnotes":""},"class_list":["post-12094","page","type-page","status-publish","hentry"],"jetpack_sharing_enabled":true,"_links":{"self":[{"href":"https:\/\/apan.gob.mx\/portal\/wp-json\/wp\/v2\/pages\/12094","targetHints":{"allow":["GET"]}}],"collection":[{"href":"https:\/\/apan.gob.mx\/portal\/wp-json\/wp\/v2\/pages"}],"about":[{"href":"https:\/\/apan.gob.mx\/portal\/wp-json\/wp\/v2\/types\/page"}],"author":[{"embeddable":true,"href":"https:\/\/apan.gob.mx\/portal\/wp-json\/wp\/v2\/users\/1"}],"replies":[{"embeddable":true,"href":"https:\/\/apan.gob.mx\/portal\/wp-json\/wp\/v2\/comments?post=12094"}],"version-history":[{"count":2,"href":"https:\/\/apan.gob.mx\/portal\/wp-json\/wp\/v2\/pages\/12094\/revisions"}],"predecessor-version":[{"id":12096,"href":"https:\/\/apan.gob.mx\/portal\/wp-json\/wp\/v2\/pages\/12094\/revisions\/12096"}],"up":[{"embeddable":true,"href":"https:\/\/apan.gob.mx\/portal\/wp-json\/wp\/v2\/pages\/11688"}],"wp:attachment":[{"href":"https:\/\/apan.gob.mx\/portal\/wp-json\/wp\/v2\/media?parent=12094"}],"curies":[{"name":"wp","href":"https:\/\/api.w.org\/{rel}","templated":true}]}}