{"id":1211,"date":"2017-12-04T18:20:41","date_gmt":"2017-12-04T18:20:41","guid":{"rendered":"https:\/\/apan.gob.mx\/portal\/?page_id=1211"},"modified":"2018-10-17T17:34:45","modified_gmt":"2018-10-17T17:34:45","slug":"fraccionxvl","status":"publish","type":"page","link":"https:\/\/apan.gob.mx\/portal\/fraccionxvl\/","title":{"rendered":"<!--fraccion XVl-->"},"content":{"rendered":"\t\t<div data-elementor-type=\"wp-page\" data-elementor-id=\"1211\" class=\"elementor elementor-1211 elementor-bc-flex-widget\">\n\t\t\t\t\t\t<section class=\"has_ae_slider elementor-section elementor-top-section elementor-element elementor-element-btfs5zd elementor-section-boxed elementor-section-height-default elementor-section-height-default ae-bg-gallery-type-default\" data-id=\"btfs5zd\" data-element_type=\"section\" data-e-type=\"section\">\n\t\t\t\t\t\t<div class=\"elementor-container elementor-column-gap-default\">\n\t\t\t\t\t<div class=\"has_ae_slider elementor-column elementor-col-100 elementor-top-column elementor-element elementor-element-n7trrd4 ae-bg-gallery-type-default\" data-id=\"n7trrd4\" data-element_type=\"column\" data-e-type=\"column\">\n\t\t\t<div class=\"elementor-widget-wrap elementor-element-populated\">\n\t\t\t\t\t\t<div class=\"elementor-element elementor-element-u0f5tzp elementor-widget elementor-widget-heading\" data-id=\"u0f5tzp\" data-element_type=\"widget\" data-e-type=\"widget\" data-widget_type=\"heading.default\">\n\t\t\t\t<div class=\"elementor-widget-container\">\n\t\t\t\t\t<h3 class=\"elementor-heading-title elementor-size-default\">Fracci\u00f3n XVl<\/h3>\t\t\t\t<\/div>\n\t\t\t\t<\/div>\n\t\t\t\t<div class=\"elementor-element elementor-element-2gxo5i1 elementor-widget elementor-widget-html\" data-id=\"2gxo5i1\" data-element_type=\"widget\" data-e-type=\"widget\" data-widget_type=\"html.default\">\n\t\t\t\t<div class=\"elementor-widget-container\">\n\t\t\t\t\t\r\n<style>\r\nv\\:* {behavior:url(#default#VML);}\r\no\\:* {behavior:url(#default#VML);}\r\nx\\:* {behavior:url(#default#VML);}\r\n.shape {behavior:url(#default#VML);}\r\n<\/style>\r\n<![endif]-->\r\n<style id=\"a69_f16_a_1442_Styles\">\r\n<!--table\r\n\t{mso-displayed-decimal-separator:\"\\.\";\r\n\tmso-displayed-thousand-separator:\"\\,\";}\r\n.xl151442\r\n\t{padding:0px;\r\n\tmso-ignore:padding;\r\n\tcolor:black;\r\n\tfont-size:11.0pt;\r\n\tfont-weight:400;\r\n\tfont-style:normal;\r\n\ttext-decoration:none;\r\n\tfont-family:Calibri, sans-serif;\r\n\tmso-font-charset:0;\r\n\tmso-number-format:General;\r\n\ttext-align:general;\r\n\tvertical-align:bottom;\r\n\tmso-background-source:auto;\r\n\tmso-pattern:auto;\r\n\twhite-space:nowrap;}\r\n.xl651442\r\n\t{padding:0px;\r\n\tmso-ignore:padding;\r\n\tcolor:black;\r\n\tfont-size:10.0pt;\r\n\tfont-weight:400;\r\n\tfont-style:normal;\r\n\ttext-decoration:none;\r\n\tfont-family:Arial;\r\n\tmso-generic-font-family:auto;\r\n\tmso-font-charset:0;\r\n\tmso-number-format:General;\r\n\ttext-align:center;\r\n\tvertical-align:middle;\r\n\tborder:.5pt solid windowtext;\r\n\tbackground:#E1E1E1;\r\n\tmso-pattern:black none;\r\n\twhite-space:normal;}\r\n.xl661442\r\n\t{padding:0px;\r\n\tmso-ignore:padding;\r\n\tcolor:black;\r\n\tfont-size:11.0pt;\r\n\tfont-weight:400;\r\n\tfont-style:normal;\r\n\ttext-decoration:none;\r\n\tfont-family:Calibri, sans-serif;\r\n\tmso-font-charset:0;\r\n\tmso-number-format:General;\r\n\ttext-align:center;\r\n\tvertical-align:middle;\r\n\tmso-background-source:auto;\r\n\tmso-pattern:auto;\r\n\twhite-space:normal;}\r\n.xl671442\r\n\t{padding:0px;\r\n\tmso-ignore:padding;\r\n\tcolor:black;\r\n\tfont-size:11.0pt;\r\n\tfont-weight:400;\r\n\tfont-style:normal;\r\n\ttext-decoration:none;\r\n\tfont-family:Calibri, sans-serif;\r\n\tmso-font-charset:0;\r\n\tmso-number-format:General;\r\n\ttext-align:center;\r\n\tvertical-align:middle;\r\n\tmso-background-source:auto;\r\n\tmso-pattern:auto;\r\n\twhite-space:nowrap;}\r\n.xl681442\r\n\t{padding:0px;\r\n\tmso-ignore:padding;\r\n\tcolor:white;\r\n\tfont-size:11.0pt;\r\n\tfont-weight:700;\r\n\tfont-style:normal;\r\n\ttext-decoration:none;\r\n\tfont-family:Arial;\r\n\tmso-generic-font-family:auto;\r\n\tmso-font-charset:0;\r\n\tmso-number-format:General;\r\n\ttext-align:center;\r\n\tvertical-align:middle;\r\n\tborder:.5pt solid windowtext;\r\n\tbackground:#333333;\r\n\tmso-pattern:black none;\r\n\twhite-space:nowrap;}\r\n.xl691442\r\n\t{padding:0px;\r\n\tmso-ignore:padding;\r\n\tcolor:black;\r\n\tfont-size:10.0pt;\r\n\tfont-weight:400;\r\n\tfont-style:normal;\r\n\ttext-decoration:none;\r\n\tfont-family:Arial;\r\n\tmso-generic-font-family:auto;\r\n\tmso-font-charset:0;\r\n\tmso-number-format:General;\r\n\ttext-align:center;\r\n\tvertical-align:middle;\r\n\tborder:.5pt solid windowtext;\r\n\tbackground:#E1E1E1;\r\n\tmso-pattern:black none;\r\n\twhite-space:nowrap;}\r\n.xl701442\r\n\t{padding:0px;\r\n\tmso-ignore:padding;\r\n\tcolor:black;\r\n\tfont-size:11.0pt;\r\n\tfont-weight:400;\r\n\tfont-style:normal;\r\n\ttext-decoration:none;\r\n\tfont-family:Calibri, sans-serif;\r\n\tmso-font-charset:0;\r\n\tmso-number-format:General;\r\n\ttext-align:center;\r\n\tvertical-align:middle;\r\n\tborder:.5pt solid windowtext;\r\n\tbackground:white;\r\n\tmso-pattern:black none;\r\n\twhite-space:nowrap;}\r\n.xl711442\r\n\t{padding:0px;\r\n\tmso-ignore:padding;\r\n\tcolor:black;\r\n\tfont-size:11.0pt;\r\n\tfont-weight:400;\r\n\tfont-style:normal;\r\n\ttext-decoration:none;\r\n\tfont-family:Calibri, sans-serif;\r\n\tmso-font-charset:0;\r\n\tmso-number-format:\"Medium Date\";\r\n\ttext-align:center;\r\n\tvertical-align:middle;\r\n\tborder:.5pt solid windowtext;\r\n\tbackground:white;\r\n\tmso-pattern:black none;\r\n\twhite-space:nowrap;}\r\n.xl721442\r\n\t{padding:0px;\r\n\tmso-ignore:padding;\r\n\tcolor:#0563C1;\r\n\tfont-size:11.0pt;\r\n\tfont-weight:400;\r\n\tfont-style:normal;\r\n\ttext-decoration:underline;\r\n\ttext-underline-style:single;\r\n\tfont-family:Calibri, sans-serif;\r\n\tmso-font-charset:0;\r\n\tmso-number-format:General;\r\n\ttext-align:center;\r\n\tvertical-align:middle;\r\n\tborder:.5pt solid windowtext;\r\n\tbackground:white;\r\n\tmso-pattern:#E1E1E1 none;\r\n\twhite-space:nowrap;}\r\n-->\r\n<\/style>\r\n<\/head>\r\n\r\n<body>\r\n<!--[if !excel]>&nbsp;&nbsp;<![endif]-->\r\n<!--La siguiente informaci\u00f3n se gener\u00f3 mediante el Asistente para publicar como\r\np\u00e1gina web de Microsoft Excel.-->\r\n<!--Si se vuelve a publicar el mismo elemento desde Excel, se reemplazar\u00e1 toda\r\nla informaci\u00f3n comprendida entre las etiquetas DIV.-->\r\n<!----------------------------->\r\n<!--INICIO DE LOS RESULTADOS DEL ASISTENTE PARA PUBLICAR COMO P\u00c1GINA WEB DE\r\nEXCEL -->\r\n<!----------------------------->\r\n\r\n<div id=\"a69_f16_a_1442\" align=center x:publishsource=\"Excel\">\r\n\r\n<table border=0 cellpadding=0 cellspacing=0 width=3675 style='border-collapse:\r\n collapse;table-layout:fixed;width:2757pt'>\r\n <col width=56 style='mso-width-source:userset;mso-width-alt:2048;width:42pt'>\r\n <col width=255 style='mso-width-source:userset;mso-width-alt:9325;width:191pt'>\r\n <col width=270 style='mso-width-source:userset;mso-width-alt:9874;width:203pt'>\r\n <col width=167 style='mso-width-source:userset;mso-width-alt:6107;width:125pt'>\r\n <col width=294 style='mso-width-source:userset;mso-width-alt:10752;width:221pt'>\r\n <col width=763 style='mso-width-source:userset;mso-width-alt:27904;width:572pt'>\r\n <col width=167 style='mso-width-source:userset;mso-width-alt:6107;width:125pt'>\r\n <col width=178 style='mso-width-source:userset;mso-width-alt:6509;width:134pt'>\r\n <col width=694 style='mso-width-source:userset;mso-width-alt:25380;width:521pt'>\r\n <col width=512 style='mso-width-source:userset;mso-width-alt:18724;width:384pt'>\r\n <col width=123 style='mso-width-source:userset;mso-width-alt:4498;width:92pt'>\r\n <col width=140 style='mso-width-source:userset;mso-width-alt:5120;width:105pt'>\r\n <col width=56 style='mso-width-source:userset;mso-width-alt:2048;width:42pt'>\r\n <tr height=0 style='display:none'>\r\n  <td class=xl671442 width=56 style='width:42pt'>46566<\/td>\r\n  <td class=xl671442 width=255 style='width:191pt'><\/td>\r\n  <td class=xl671442 width=270 style='width:203pt'><\/td>\r\n  <td class=xl671442 width=167 style='width:125pt'><\/td>\r\n  <td class=xl671442 width=294 style='width:221pt'><\/td>\r\n  <td class=xl671442 width=763 style='width:572pt'><\/td>\r\n  <td class=xl671442 width=167 style='width:125pt'><\/td>\r\n  <td class=xl671442 width=178 style='width:134pt'><\/td>\r\n  <td class=xl671442 width=694 style='width:521pt'><\/td>\r\n  <td class=xl671442 width=512 style='width:384pt'><\/td>\r\n  <td class=xl671442 width=123 style='width:92pt'><\/td>\r\n  <td class=xl671442 width=140 style='width:105pt'><\/td>\r\n  <td class=xl671442 width=56 style='width:42pt'><\/td>\r\n <\/tr>\r\n <tr height=20 style='height:15.0pt'>\r\n  <td colspan=3 height=20 class=xl681442 style='height:15.0pt'>T\u00cdTULO<\/td>\r\n  <td colspan=3 class=xl681442>NOMBRE CORTO<\/td>\r\n  <td colspan=3 class=xl681442>DESCRIPCI\u00d3N<\/td>\r\n  <td class=xl671442><\/td>\r\n  <td class=xl671442><\/td>\r\n  <td class=xl671442><\/td>\r\n  <td class=xl671442><\/td>\r\n <\/tr>\r\n <tr height=50 style='mso-height-source:userset;height:37.5pt'>\r\n  <td colspan=3 height=50 class=xl691442 style='height:37.5pt'>Condiciones\r\n  generales de trabajo y sindicatos_Normatividad laboral<\/td>\r\n  <td colspan=3 class=xl691442>a69_f16_a<\/td>\r\n  <td colspan=3 class=xl651442 width=1039 style='width:780pt'>Se publicar\u00e1 la\r\n  normatividad que regula las relaciones laborales con el personal que trabaja\r\n  en el sujeto obligado, incluidos los contratos colectivos de trabajo del\r\n  personal de base y los contratos del personal de confianza; la normatividad\r\n  laboral aplicable, las condiciones generales de trabajo, convenio u otro\r\n  documento que regule la relaci\u00f3n laboral.<\/td>\r\n  <td class=xl671442><\/td>\r\n  <td class=xl671442><\/td>\r\n  <td class=xl671442><\/td>\r\n  <td class=xl671442><\/td>\r\n <\/tr>\r\n <tr height=0 style='display:none'>\r\n  <td class=xl671442>1<\/td>\r\n  <td class=xl671442>4<\/td>\r\n  <td class=xl671442>4<\/td>\r\n  <td class=xl671442>9<\/td>\r\n  <td class=xl671442>9<\/td>\r\n  <td class=xl671442>2<\/td>\r\n  <td class=xl671442>4<\/td>\r\n  <td class=xl671442>4<\/td>\r\n  <td class=xl671442>7<\/td>\r\n  <td class=xl671442>2<\/td>\r\n  <td class=xl671442>4<\/td>\r\n  <td class=xl671442>13<\/td>\r\n  <td class=xl671442>14<\/td>\r\n <\/tr>\r\n <tr height=0 style='display:none'>\r\n  <td class=xl671442>393581<\/td>\r\n  <td class=xl671442>393582<\/td>\r\n  <td class=xl671442>393583<\/td>\r\n  <td class=xl671442>393580<\/td>\r\n  <td class=xl671442>393578<\/td>\r\n  <td class=xl671442>393575<\/td>\r\n  <td class=xl671442>393576<\/td>\r\n  <td class=xl671442>393586<\/td>\r\n  <td class=xl671442>393587<\/td>\r\n  <td class=xl671442>393584<\/td>\r\n  <td class=xl671442>393577<\/td>\r\n  <td class=xl671442>393579<\/td>\r\n  <td class=xl671442>393585<\/td>\r\n <\/tr>\r\n <tr height=20 style='height:15.0pt'>\r\n  <td colspan=13 height=20 class=xl681442 style='height:15.0pt'>Tabla Campos<\/td>\r\n <\/tr>\r\n <tr height=34 style='height:25.5pt'>\r\n  <td height=34 class=xl651442 width=56 style='height:25.5pt;width:42pt'>Ejercicio<\/td>\r\n  <td class=xl651442 width=255 style='border-left:none;width:191pt'>Fecha de\r\n  inicio del periodo que se informa<\/td>\r\n  <td class=xl651442 width=270 style='border-left:none;width:203pt'>Fecha de\r\n  t\u00e9rmino del periodo que se informa<\/td>\r\n  <td class=xl651442 width=167 style='border-left:none;width:125pt'>Tipo de\r\n  personal (cat\u00e1logo)<\/td>\r\n  <td class=xl651442 width=294 style='border-left:none;width:221pt'>Tipo de\r\n  normatividad laboral aplicable (cat\u00e1logo)<\/td>\r\n  <td class=xl651442 width=763 style='border-left:none;width:572pt'>Denominaci\u00f3n\r\n  de las condiciones generales de trabajo, contrato, convenio o documento<\/td>\r\n  <td class=xl651442 width=167 style='border-left:none;width:125pt'>Fecha de\r\n  aprobaci\u00f3n oficial<\/td>\r\n  <td class=xl651442 width=178 style='border-left:none;width:134pt'>Fecha de\r\n  \u00faltima modificaci\u00f3n<\/td>\r\n  <td class=xl651442 width=694 style='border-left:none;width:521pt'>Hiperv\u00ednculo\r\n  al documento de condiciones Generales de Trabajo<\/td>\r\n  <td class=xl651442 width=512 style='border-left:none;width:384pt'>\u00c1rea(s)\r\n  responsable(s) que genera(n), posee(n), publica(n) y actualizan la\r\n  informaci\u00f3n<\/td>\r\n  <td class=xl651442 width=123 style='border-left:none;width:92pt'>Fecha de\r\n  validaci\u00f3n<\/td>\r\n  <td class=xl651442 width=140 style='border-left:none;width:105pt'>Fecha de\r\n  actualizaci\u00f3n<\/td>\r\n  <td class=xl651442 width=56 style='border-left:none;width:42pt'>Nota<\/td>\r\n <\/tr>\r\n <tr height=20 style='height:15.0pt'>\r\n  <td height=20 class=xl701442 style='height:15.0pt;border-top:none'>2018<\/td>\r\n  <td class=xl711442 style='border-top:none;border-left:none'>01-ene-18<\/td>\r\n  <td class=xl711442 style='border-top:none;border-left:none'>30-mar-18<\/td>\r\n  <td class=xl701442 style='border-top:none;border-left:none'>Confianza<\/td>\r\n  <td class=xl701442 style='border-top:none;border-left:none'>Ley Local<\/td>\r\n  <td class=xl701442 style='border-top:none;border-left:none'><span\r\n  style='mso-spacerun:yes'>\u00a0<\/span>Ley de los Trabajadores al Servicio de los\r\n  Gobiernos Estatal y Municipales, asi como de los Organismos Descentralizados<\/td>\r\n  <td class=xl711442 style='border-top:none;border-left:none'>31-dic-87<\/td>\r\n  <td class=xl711442 style='border-top:none;border-left:none'>15-ago-17<\/td>\r\n  <td class=xl721442 style='border-top:none;border-left:none'><a\r\n  href=\"https:\/\/www.apan.gob.mx\/descargables\/transparencia\/articulo69\/fraccion16\/2018_1\/juridico\/FrXVIa1_1.pdf\">https:\/\/www.apan.gob.mx\/descargables\/transparencia\/articulo69\/fraccion16\/2018_1\/juridico\/FrXVIa1_1.pdf<\/a><\/td>\r\n  <td class=xl701442 style='border-top:none;border-left:none'>Juridico\r\n  Municipal<\/td>\r\n  <td class=xl711442 style='border-top:none;border-left:none'>10-abr-18<\/td>\r\n  <td class=xl711442 style='border-top:none;border-left:none'>01-ene-18<\/td>\r\n  <td class=xl701442 style='border-top:none;border-left:none'>&nbsp;<\/td>\r\n <\/tr>\r\n <tr height=20 style='height:15.0pt'>\r\n  <td height=20 class=xl701442 style='height:15.0pt;border-top:none'>2018<\/td>\r\n  <td class=xl711442 style='border-top:none;border-left:none'>01-ene-18<\/td>\r\n  <td class=xl711442 style='border-top:none;border-left:none'>30-mar-18<\/td>\r\n  <td class=xl701442 style='border-top:none;border-left:none'>Base<\/td>\r\n  <td class=xl701442 style='border-top:none;border-left:none'>Ley Local<\/td>\r\n  <td class=xl701442 style='border-top:none;border-left:none'><span\r\n  style='mso-spacerun:yes'>\u00a0<\/span>Ley de los Trabajadores al Servicio de los\r\n  Gobiernos Estatal y Municipales, asi como de los Organismos Descentralizados<\/td>\r\n  <td class=xl711442 style='border-top:none;border-left:none'>31-dic-87<\/td>\r\n  <td class=xl711442 style='border-top:none;border-left:none'>15-ago-17<\/td>\r\n  <td class=xl721442 style='border-top:none;border-left:none'><a\r\n  href=\"https:\/\/www.apan.gob.mx\/descargables\/transparencia\/articulo69\/fraccion16\/2018_1\/juridico\/FrXVIa1_2.pdf\">https:\/\/www.apan.gob.mx\/descargables\/transparencia\/articulo69\/fraccion16\/2018_1\/juridico\/FrXVIa1_2.pdf<\/a><\/td>\r\n  <td class=xl701442 style='border-top:none;border-left:none'>Juridico\r\n  Municipal<\/td>\r\n  <td class=xl711442 style='border-top:none;border-left:none'>10-abr-18<\/td>\r\n  <td class=xl711442 style='border-top:none;border-left:none'>01-ene-18<\/td>\r\n  <td class=xl701442 style='border-top:none;border-left:none'>&nbsp;<\/td>\r\n <\/tr>\r\n <![if supportMisalignedColumns]>\r\n <tr height=0 style='display:none'>\r\n  <td width=56 style='width:42pt'><\/td>\r\n  <td width=255 style='width:191pt'><\/td>\r\n  <td width=270 style='width:203pt'><\/td>\r\n  <td width=167 style='width:125pt'><\/td>\r\n  <td width=294 style='width:221pt'><\/td>\r\n  <td width=763 style='width:572pt'><\/td>\r\n  <td width=167 style='width:125pt'><\/td>\r\n  <td width=178 style='width:134pt'><\/td>\r\n  <td width=694 style='width:521pt'><\/td>\r\n  <td width=512 style='width:384pt'><\/td>\r\n  <td width=123 style='width:92pt'><\/td>\r\n  <td width=140 style='width:105pt'><\/td>\r\n  <td width=56 style='width:42pt'><\/td>\r\n <\/tr>\r\n <![endif]>\r\n<\/table>\r\n\r\n<\/div>\r\n\r\n\r\n\t\t\t\t<\/div>\n\t\t\t\t<\/div>\n\t\t\t\t\t<\/div>\n\t\t<\/div>\n\t\t\t\t\t<\/div>\n\t\t<\/section>\n\t\t\t\t<section class=\"has_ae_slider elementor-section elementor-top-section elementor-element elementor-element-rg1shrm elementor-section-boxed elementor-section-height-default elementor-section-height-default ae-bg-gallery-type-default\" data-id=\"rg1shrm\" data-element_type=\"section\" data-e-type=\"section\">\n\t\t\t\t\t\t<div class=\"elementor-container elementor-column-gap-default\">\n\t\t\t\t\t<div class=\"has_ae_slider elementor-column elementor-col-100 elementor-top-column elementor-element elementor-element-o5mc78f ae-bg-gallery-type-default\" data-id=\"o5mc78f\" data-element_type=\"column\" data-e-type=\"column\">\n\t\t\t<div class=\"elementor-widget-wrap elementor-element-populated\">\n\t\t\t\t\t\t<div class=\"elementor-element elementor-element-onx9bk9 elementor-widget elementor-widget-button\" data-id=\"onx9bk9\" data-element_type=\"widget\" data-e-type=\"widget\" data-widget_type=\"button.default\">\n\t\t\t\t<div class=\"elementor-widget-container\">\n\t\t\t\t\t\t\t\t\t<div class=\"elementor-button-wrapper\">\n\t\t\t\t\t<a class=\"elementor-button elementor-button-link elementor-size-sm\" href=\"https:\/\/www.apan.gob.mx\/descargables\/transparencia\/articulo69\/fraccion16\/2018_1\/juridico\/a69_f16_a.xlsx\">\n\t\t\t\t\t\t<span class=\"elementor-button-content-wrapper\">\n\t\t\t\t\t\t\t\t\t<span class=\"elementor-button-text\">Descargar<\/span>\n\t\t\t\t\t<\/span>\n\t\t\t\t\t<\/a>\n\t\t\t\t<\/div>\n\t\t\t\t\t\t\t\t<\/div>\n\t\t\t\t<\/div>\n\t\t\t\t<div class=\"elementor-element elementor-element-mw42hed elementor-widget elementor-widget-heading\" data-id=\"mw42hed\" data-element_type=\"widget\" data-e-type=\"widget\" data-widget_type=\"heading.default\">\n\t\t\t\t<div class=\"elementor-widget-container\">\n\t\t\t\t\t<h4 class=\"elementor-heading-title elementor-size-default\">\u00daltima fecha de modificaci\u00f3n de la informaci\u00f3n:14-octubre-18<\/h4>\t\t\t\t<\/div>\n\t\t\t\t<\/div>\n\t\t\t\t\t<\/div>\n\t\t<\/div>\n\t\t\t\t\t<\/div>\n\t\t<\/section>\n\t\t\t\t<\/div>\n\t\t","protected":false},"excerpt":{"rendered":"<p>Fracci\u00f3n XVl 46566 T\u00cdTULO NOMBRE CORTO DESCRIPCI\u00d3N Condiciones generales de trabajo y sindicatos_Normatividad laboral a69_f16_a Se publicar\u00e1 la normatividad que regula las relaciones laborales con el personal que trabaja en el sujeto obligado, incluidos los contratos colectivos de trabajo del personal de base y los contratos del personal de confianza; la normatividad laboral aplicable, las [&hellip;]<\/p>\n","protected":false},"author":1,"featured_media":0,"parent":0,"menu_order":0,"comment_status":"closed","ping_status":"closed","template":"page-template-full.php","meta":{"footnotes":""},"class_list":["post-1211","page","type-page","status-publish","hentry"],"jetpack_sharing_enabled":true,"_links":{"self":[{"href":"https:\/\/apan.gob.mx\/portal\/wp-json\/wp\/v2\/pages\/1211","targetHints":{"allow":["GET"]}}],"collection":[{"href":"https:\/\/apan.gob.mx\/portal\/wp-json\/wp\/v2\/pages"}],"about":[{"href":"https:\/\/apan.gob.mx\/portal\/wp-json\/wp\/v2\/types\/page"}],"author":[{"embeddable":true,"href":"https:\/\/apan.gob.mx\/portal\/wp-json\/wp\/v2\/users\/1"}],"replies":[{"embeddable":true,"href":"https:\/\/apan.gob.mx\/portal\/wp-json\/wp\/v2\/comments?post=1211"}],"version-history":[{"count":4,"href":"https:\/\/apan.gob.mx\/portal\/wp-json\/wp\/v2\/pages\/1211\/revisions"}],"predecessor-version":[{"id":3210,"href":"https:\/\/apan.gob.mx\/portal\/wp-json\/wp\/v2\/pages\/1211\/revisions\/3210"}],"wp:attachment":[{"href":"https:\/\/apan.gob.mx\/portal\/wp-json\/wp\/v2\/media?parent=1211"}],"curies":[{"name":"wp","href":"https:\/\/api.w.org\/{rel}","templated":true}]}}