{"id":1252,"date":"2017-12-07T01:04:21","date_gmt":"2017-12-07T01:04:21","guid":{"rendered":"https:\/\/apan.gob.mx\/portal\/?page_id=1252"},"modified":"2018-10-18T02:45:06","modified_gmt":"2018-10-18T02:45:06","slug":"fraccion_xxlv","status":"publish","type":"page","link":"https:\/\/apan.gob.mx\/portal\/fraccion_xxlv\/","title":{"rendered":"<!--fraccion XXlV-->"},"content":{"rendered":"\t\t<div data-elementor-type=\"wp-page\" data-elementor-id=\"1252\" class=\"elementor elementor-1252 elementor-bc-flex-widget\">\n\t\t\t\t\t\t<section class=\"has_ae_slider elementor-section elementor-top-section elementor-element elementor-element-1qlh7tj elementor-section-boxed elementor-section-height-default elementor-section-height-default ae-bg-gallery-type-default\" data-id=\"1qlh7tj\" data-element_type=\"section\" data-e-type=\"section\">\n\t\t\t\t\t\t<div class=\"elementor-container elementor-column-gap-default\">\n\t\t\t\t\t<div class=\"has_ae_slider elementor-column elementor-col-100 elementor-top-column elementor-element elementor-element-dpzm3vo ae-bg-gallery-type-default\" data-id=\"dpzm3vo\" data-element_type=\"column\" data-e-type=\"column\">\n\t\t\t<div class=\"elementor-widget-wrap elementor-element-populated\">\n\t\t\t\t\t\t<div class=\"elementor-element elementor-element-sk5guvj elementor-widget elementor-widget-html\" data-id=\"sk5guvj\" data-element_type=\"widget\" data-e-type=\"widget\" data-widget_type=\"html.default\">\n\t\t\t\t<div class=\"elementor-widget-container\">\n\t\t\t\t\t<style\r\n id=\"Formato FRACCI\u00d3N XXIV.- Informes de resultados de las auditor\u00edas al ejercicio presupuestal. (1)_16543_Styles\">\r\n<!--table\r\n\t{mso-displayed-decimal-separator:\"\\.\";\r\n\tmso-displayed-thousand-separator:\"\\,\";}\r\n.xl1516543\r\n\t{padding-top:1px;\r\n\tpadding-right:1px;\r\n\tpadding-left:1px;\r\n\tmso-ignore:padding;\r\n\tcolor:windowtext;\r\n\tfont-size:10.0pt;\r\n\tfont-weight:400;\r\n\tfont-style:normal;\r\n\ttext-decoration:none;\r\n\tfont-family:Arial;\r\n\tmso-generic-font-family:auto;\r\n\tmso-font-charset:0;\r\n\tmso-number-format:General;\r\n\ttext-align:general;\r\n\tvertical-align:bottom;\r\n\tmso-background-source:auto;\r\n\tmso-pattern:auto;\r\n\twhite-space:nowrap;}\r\n.xl6516543\r\n\t{padding-top:1px;\r\n\tpadding-right:1px;\r\n\tpadding-left:1px;\r\n\tmso-ignore:padding;\r\n\tcolor:windowtext;\r\n\tfont-size:10.0pt;\r\n\tfont-weight:400;\r\n\tfont-style:normal;\r\n\ttext-decoration:none;\r\n\tfont-family:Arial;\r\n\tmso-generic-font-family:auto;\r\n\tmso-font-charset:0;\r\n\tmso-number-format:General;\r\n\ttext-align:center;\r\n\tvertical-align:middle;\r\n\tmso-background-source:auto;\r\n\tmso-pattern:auto;\r\n\twhite-space:nowrap;}\r\n.xl6616543\r\n\t{padding-top:1px;\r\n\tpadding-right:1px;\r\n\tpadding-left:1px;\r\n\tmso-ignore:padding;\r\n\tcolor:#0563C1;\r\n\tfont-size:10.0pt;\r\n\tfont-weight:400;\r\n\tfont-style:normal;\r\n\ttext-decoration:underline;\r\n\ttext-underline-style:single;\r\n\tfont-family:Arial, sans-serif;\r\n\tmso-font-charset:0;\r\n\tmso-number-format:General;\r\n\ttext-align:center;\r\n\tvertical-align:middle;\r\n\tborder:.5pt solid windowtext;\r\n\tbackground:white;\r\n\tmso-pattern:black none;\r\n\twhite-space:nowrap;}\r\n.xl6716543\r\n\t{padding-top:1px;\r\n\tpadding-right:1px;\r\n\tpadding-left:1px;\r\n\tmso-ignore:padding;\r\n\tcolor:white;\r\n\tfont-size:9.0pt;\r\n\tfont-weight:700;\r\n\tfont-style:normal;\r\n\ttext-decoration:none;\r\n\tfont-family:Arial, sans-serif;\r\n\tmso-font-charset:0;\r\n\tmso-number-format:General;\r\n\ttext-align:center;\r\n\tvertical-align:bottom;\r\n\tborder:.5pt solid black;\r\n\tbackground:#333333;\r\n\tmso-pattern:black none;\r\n\twhite-space:nowrap;}\r\n.xl6816543\r\n\t{padding-top:1px;\r\n\tpadding-right:1px;\r\n\tpadding-left:1px;\r\n\tmso-ignore:padding;\r\n\tcolor:windowtext;\r\n\tfont-size:9.0pt;\r\n\tfont-weight:400;\r\n\tfont-style:normal;\r\n\ttext-decoration:none;\r\n\tfont-family:Arial, sans-serif;\r\n\tmso-font-charset:0;\r\n\tmso-number-format:General;\r\n\ttext-align:general;\r\n\tvertical-align:bottom;\r\n\tbackground:white;\r\n\tmso-pattern:black none;\r\n\twhite-space:nowrap;}\r\n.xl6916543\r\n\t{padding-top:1px;\r\n\tpadding-right:1px;\r\n\tpadding-left:1px;\r\n\tmso-ignore:padding;\r\n\tcolor:windowtext;\r\n\tfont-size:9.0pt;\r\n\tfont-weight:400;\r\n\tfont-style:normal;\r\n\ttext-decoration:none;\r\n\tfont-family:Arial, sans-serif;\r\n\tmso-font-charset:0;\r\n\tmso-number-format:General;\r\n\ttext-align:general;\r\n\tvertical-align:bottom;\r\n\tmso-background-source:auto;\r\n\tmso-pattern:auto;\r\n\twhite-space:nowrap;}\r\n.xl7016543\r\n\t{padding-top:1px;\r\n\tpadding-right:1px;\r\n\tpadding-left:1px;\r\n\tmso-ignore:padding;\r\n\tcolor:black;\r\n\tfont-size:9.0pt;\r\n\tfont-weight:400;\r\n\tfont-style:normal;\r\n\ttext-decoration:none;\r\n\tfont-family:Arial, sans-serif;\r\n\tmso-font-charset:0;\r\n\tmso-number-format:General;\r\n\ttext-align:center;\r\n\tvertical-align:middle;\r\n\tborder-top:.5pt solid black;\r\n\tborder-right:.5pt solid black;\r\n\tborder-bottom:none;\r\n\tborder-left:.5pt solid black;\r\n\tbackground:#E1E1E1;\r\n\tmso-pattern:black none;\r\n\twhite-space:nowrap;}\r\n.xl7116543\r\n\t{padding-top:1px;\r\n\tpadding-right:1px;\r\n\tpadding-left:1px;\r\n\tmso-ignore:padding;\r\n\tcolor:windowtext;\r\n\tfont-size:9.0pt;\r\n\tfont-weight:400;\r\n\tfont-style:normal;\r\n\ttext-decoration:none;\r\n\tfont-family:Arial, sans-serif;\r\n\tmso-font-charset:0;\r\n\tmso-number-format:General;\r\n\ttext-align:center;\r\n\tvertical-align:middle;\r\n\tborder:.5pt solid windowtext;\r\n\tbackground:white;\r\n\tmso-pattern:black none;\r\n\twhite-space:nowrap;}\r\n.xl7216543\r\n\t{padding-top:1px;\r\n\tpadding-right:1px;\r\n\tpadding-left:1px;\r\n\tmso-ignore:padding;\r\n\tcolor:windowtext;\r\n\tfont-size:9.0pt;\r\n\tfont-weight:400;\r\n\tfont-style:normal;\r\n\ttext-decoration:none;\r\n\tfont-family:Arial, sans-serif;\r\n\tmso-font-charset:0;\r\n\tmso-number-format:General;\r\n\ttext-align:center;\r\n\tvertical-align:middle;\r\n\tborder:.5pt solid windowtext;\r\n\tbackground:white;\r\n\tmso-pattern:black none;\r\n\twhite-space:normal;}\r\n.xl7316543\r\n\t{padding-top:1px;\r\n\tpadding-right:1px;\r\n\tpadding-left:1px;\r\n\tmso-ignore:padding;\r\n\tcolor:black;\r\n\tfont-size:9.0pt;\r\n\tfont-weight:400;\r\n\tfont-style:normal;\r\n\ttext-decoration:none;\r\n\tfont-family:Arial, sans-serif;\r\n\tmso-font-charset:0;\r\n\tmso-number-format:General;\r\n\ttext-align:center;\r\n\tvertical-align:middle;\r\n\tborder:.5pt solid black;\r\n\tbackground:#E1E1E1;\r\n\tmso-pattern:black none;\r\n\twhite-space:normal;}\r\n.xl7416543\r\n\t{padding-top:1px;\r\n\tpadding-right:1px;\r\n\tpadding-left:1px;\r\n\tmso-ignore:padding;\r\n\tcolor:black;\r\n\tfont-size:9.0pt;\r\n\tfont-weight:400;\r\n\tfont-style:normal;\r\n\ttext-decoration:none;\r\n\tfont-family:Arial, sans-serif;\r\n\tmso-font-charset:0;\r\n\tmso-number-format:General;\r\n\ttext-align:center;\r\n\tvertical-align:middle;\r\n\tborder:.5pt solid black;\r\n\tbackground:#E1E1E1;\r\n\tmso-pattern:black none;\r\n\twhite-space:nowrap;}\r\n.xl7516543\r\n\t{padding-top:1px;\r\n\tpadding-right:1px;\r\n\tpadding-left:1px;\r\n\tmso-ignore:padding;\r\n\tcolor:windowtext;\r\n\tfont-size:9.0pt;\r\n\tfont-weight:400;\r\n\tfont-style:normal;\r\n\ttext-decoration:none;\r\n\tfont-family:Arial, sans-serif;\r\n\tmso-font-charset:0;\r\n\tmso-number-format:General;\r\n\ttext-align:center;\r\n\tvertical-align:middle;\r\n\tbackground:white;\r\n\tmso-pattern:black none;\r\n\twhite-space:nowrap;}\r\n.xl7616543\r\n\t{padding-top:1px;\r\n\tpadding-right:1px;\r\n\tpadding-left:1px;\r\n\tmso-ignore:padding;\r\n\tcolor:windowtext;\r\n\tfont-size:9.0pt;\r\n\tfont-weight:400;\r\n\tfont-style:normal;\r\n\ttext-decoration:none;\r\n\tfont-family:Arial, sans-serif;\r\n\tmso-font-charset:0;\r\n\tmso-number-format:\"Medium Date\";\r\n\ttext-align:center;\r\n\tvertical-align:middle;\r\n\tborder:.5pt solid windowtext;\r\n\tbackground:white;\r\n\tmso-pattern:black none;\r\n\twhite-space:nowrap;}\r\n-->\r\n<\/style>\r\n<\/head>\r\n\r\n<body>\r\n<!--[if !excel]>&nbsp;&nbsp;<![endif]-->\r\n<!--La siguiente informaci\u00f3n se gener\u00f3 mediante el Asistente para publicar como\r\np\u00e1gina web de Microsoft Excel.-->\r\n<!--Si se vuelve a publicar el mismo elemento desde Excel, se reemplazar\u00e1 toda\r\nla informaci\u00f3n comprendida entre las etiquetas DIV.-->\r\n<!----------------------------->\r\n<!--INICIO DE LOS RESULTADOS DEL ASISTENTE PARA PUBLICAR COMO P\u00c1GINA WEB DE\r\nEXCEL -->\r\n<!----------------------------->\r\n\r\n<div\r\nid=\"Formato FRACCI\u00d3N XXIV.- Informes de resultados de las auditor\u00edas al ejercicio presupuestal. (1)_16543\"\r\nalign=center x:publishsource=\"Excel\">\r\n\r\n<table border=0 cellpadding=0 cellspacing=0 width=2320 style='border-collapse:\r\n collapse;table-layout:fixed;width:1743pt'>\r\n <col width=249 style='mso-width-source:userset;mso-width-alt:9106;width:187pt'>\r\n <col width=114 style='mso-width-source:userset;mso-width-alt:4169;width:86pt'>\r\n <col width=461 style='mso-width-source:userset;mso-width-alt:16859;width:346pt'>\r\n <col width=625 style='mso-width-source:userset;mso-width-alt:22857;width:469pt'>\r\n <col width=117 style='mso-width-source:userset;mso-width-alt:4278;width:88pt'>\r\n <col width=212 style='mso-width-source:userset;mso-width-alt:7753;width:159pt'>\r\n <col width=50 style='mso-width-source:userset;mso-width-alt:1828;width:38pt'>\r\n <col width=142 style='mso-width-source:userset;mso-width-alt:5193;width:107pt'>\r\n <col width=350 style='mso-width-source:userset;mso-width-alt:12800;width:263pt'>\r\n <tr height=0 style='display:none'>\r\n  <td class=xl1516543 width=249 style='width:187pt'>35927<\/td>\r\n  <td class=xl1516543 width=114 style='width:86pt'><\/td>\r\n  <td class=xl1516543 width=461 style='width:346pt'><\/td>\r\n  <td class=xl1516543 width=625 style='width:469pt'><\/td>\r\n  <td class=xl1516543 width=117 style='width:88pt'><\/td>\r\n  <td class=xl1516543 width=212 style='width:159pt'><\/td>\r\n  <td class=xl1516543 width=50 style='width:38pt'><\/td>\r\n  <td class=xl1516543 width=142 style='width:107pt'><\/td>\r\n  <td class=xl1516543 width=350 style='width:263pt'><\/td>\r\n <\/tr>\r\n <tr height=17 style='height:12.75pt'>\r\n  <td height=17 class=xl6716543 style='height:12.75pt'>TITULO<\/td>\r\n  <td class=xl6716543 style='border-left:none'>NOMBRE CORTO<\/td>\r\n  <td class=xl6716543 style='border-left:none'>DESCRIPCION<\/td>\r\n  <td class=xl6816543>&nbsp;<\/td>\r\n  <td class=xl6816543>&nbsp;<\/td>\r\n  <td class=xl6816543>&nbsp;<\/td>\r\n  <td class=xl6816543>&nbsp;<\/td>\r\n  <td class=xl6816543>&nbsp;<\/td>\r\n  <td class=xl6816543>&nbsp;<\/td>\r\n <\/tr>\r\n <tr class=xl6516543 height=51 style='mso-height-source:userset;height:38.25pt'>\r\n  <td height=51 class=xl7316543 width=249 style='height:38.25pt;border-top:\r\n  none;width:187pt'>FRACCI\u00d3N XXIV.- Informes de resultados de las auditor\u00edas al\r\n  ejercicio presupuestal.<\/td>\r\n  <td class=xl7416543 style='border-top:none;border-left:none'>a69_f24<\/td>\r\n  <td class=xl7316543 width=461 style='border-top:none;border-left:none;\r\n  width:346pt'>Los informes de resultados de las auditor\u00edas al ejercicio\r\n  presupuestal de cada sujeto obligado que se realicen y, en su caso, las\r\n  aclaraciones que correspondan;<\/td>\r\n  <td class=xl7516543>&nbsp;<\/td>\r\n  <td class=xl7516543>&nbsp;<\/td>\r\n  <td class=xl7516543>&nbsp;<\/td>\r\n  <td class=xl7516543>&nbsp;<\/td>\r\n  <td class=xl7516543>&nbsp;<\/td>\r\n  <td class=xl7516543>&nbsp;<\/td>\r\n <\/tr>\r\n <tr height=0 style='display:none'>\r\n  <td class=xl6916543>1<\/td>\r\n  <td class=xl6916543>1<\/td>\r\n  <td class=xl6916543>1<\/td>\r\n  <td class=xl6916543>7<\/td>\r\n  <td class=xl6916543>4<\/td>\r\n  <td class=xl6916543>1<\/td>\r\n  <td class=xl6916543>12<\/td>\r\n  <td class=xl6916543>13<\/td>\r\n  <td class=xl6916543>14<\/td>\r\n <\/tr>\r\n <tr height=0 style='display:none'>\r\n  <td class=xl6916543>235702<\/td>\r\n  <td class=xl6916543>235692<\/td>\r\n  <td class=xl6916543>235693<\/td>\r\n  <td class=xl6916543>235714<\/td>\r\n  <td class=xl6916543>235712<\/td>\r\n  <td class=xl6916543>235701<\/td>\r\n  <td class=xl6916543>235717<\/td>\r\n  <td class=xl6916543>235718<\/td>\r\n  <td class=xl6916543>235719<\/td>\r\n <\/tr>\r\n <tr height=17 style='height:12.75pt'>\r\n  <td colspan=9 height=17 class=xl6716543 style='height:12.75pt'>Tabla Campos<\/td>\r\n <\/tr>\r\n <tr class=xl6516543 height=17 style='height:12.75pt'>\r\n  <td height=17 class=xl7016543 style='height:12.75pt'>Ejercicio<span\r\n  style='mso-spacerun:yes'>\u00a0<\/span><\/td>\r\n  <td class=xl7016543 style='border-left:none'>Periodo trimestral<\/td>\r\n  <td class=xl7016543 style='border-left:none'>Ejercicio auditado:<\/td>\r\n  <td class=xl7016543 style='border-left:none'>Hiperv\u00ednculo a las\r\n  recomendaciones hechas<\/td>\r\n  <td class=xl7016543 style='border-left:none'>Fecha de validaci\u00f3n<\/td>\r\n  <td class=xl7016543 style='border-left:none'>\u00c1rea responsable de la\r\n  informaci\u00f3n<\/td>\r\n  <td class=xl7016543 style='border-left:none'>A\u00f1o<\/td>\r\n  <td class=xl7016543 style='border-left:none'>Fecha de actualizaci\u00f3n<\/td>\r\n  <td class=xl7016543 style='border-left:none'>Nota<\/td>\r\n <\/tr>\r\n <tr class=xl6516543 height=128 style='height:96.0pt'>\r\n  <td height=128 class=xl7116543 style='height:96.0pt'>2017<\/td>\r\n  <td class=xl7116543 style='border-left:none'>Juliio - Septiembre<span\r\n  style='mso-spacerun:yes'>\u00a0<\/span><\/td>\r\n  <td class=xl7116543 style='border-left:none'>&nbsp;<\/td>\r\n  <td class=xl6616543 style='border-left:none'><a\r\n  href=\"https:\/\/www.apan.gob.mx\/descargables\/transparencia\/articulo69\/fraccion24\/tesoreria\/FrXXIV1_1.pdf\">https:\/\/www.apan.gob.mx\/descargables\/transparencia\/articulo69\/fraccion24\/tesoreria\/FrXXIV1_1.pdf<\/a><\/td>\r\n  <td class=xl7616543 style='border-left:none'>02-nov-17<\/td>\r\n  <td class=xl7116543 style='border-left:none'>Tesorer\u00eda Municipal de Apan\r\n  Hidalgo<\/td>\r\n  <td class=xl7116543 style='border-left:none'>2017<\/td>\r\n  <td class=xl7616543 style='border-left:none'>02-nov-17<\/td>\r\n  <td class=xl7216543 width=350 style='border-left:none;width:263pt'>Al periodo\r\n  reportado no se tienen ejercicios auditados pendientes de dictaminar\r\n  anteriores a 2015 dado que las cuentas de 2014 y anteriores est\u00e1n\r\n  solventadas, el dictamen de la auditor\u00eda del primero se encuentra<span\r\n  style='mso-spacerun:yes'>\u00a0 <\/span>en http:\/\/web.aseh.gob.mx\/archivos\/transparencia\/informes\/informes\r\n  _auditoria\/2015\/municipios\/8.pdf, sin embargo, el pliego de observaciones\r\n  est\u00e1 clasificado reservado por la propia ASEH.<\/td>\r\n <\/tr>\r\n <![if supportMisalignedColumns]>\r\n <tr height=0 style='display:none'>\r\n  <td width=249 style='width:187pt'><\/td>\r\n  <td width=114 style='width:86pt'><\/td>\r\n  <td width=461 style='width:346pt'><\/td>\r\n  <td width=625 style='width:469pt'><\/td>\r\n  <td width=117 style='width:88pt'><\/td>\r\n  <td width=212 style='width:159pt'><\/td>\r\n  <td width=50 style='width:38pt'><\/td>\r\n  <td width=142 style='width:107pt'><\/td>\r\n  <td width=350 style='width:263pt'><\/td>\r\n <\/tr>\r\n <![endif]>\r\n<\/table>\r\n\r\n<\/div>\r\n\r\n\t\t\t\t<\/div>\n\t\t\t\t<\/div>\n\t\t\t\t\t<\/div>\n\t\t<\/div>\n\t\t\t\t\t<\/div>\n\t\t<\/section>\n\t\t\t\t<section class=\"has_ae_slider elementor-section elementor-top-section elementor-element elementor-element-309i226 elementor-section-boxed elementor-section-height-default elementor-section-height-default ae-bg-gallery-type-default\" data-id=\"309i226\" data-element_type=\"section\" data-e-type=\"section\">\n\t\t\t\t\t\t<div class=\"elementor-container elementor-column-gap-default\">\n\t\t\t\t\t<div class=\"has_ae_slider elementor-column elementor-col-100 elementor-top-column elementor-element elementor-element-c0cmz69 ae-bg-gallery-type-default\" data-id=\"c0cmz69\" data-element_type=\"column\" data-e-type=\"column\">\n\t\t\t<div class=\"elementor-widget-wrap elementor-element-populated\">\n\t\t\t\t\t\t<div class=\"elementor-element elementor-element-brc4tm2 elementor-widget elementor-widget-button\" data-id=\"brc4tm2\" data-element_type=\"widget\" data-e-type=\"widget\" data-widget_type=\"button.default\">\n\t\t\t\t<div class=\"elementor-widget-container\">\n\t\t\t\t\t\t\t\t\t<div class=\"elementor-button-wrapper\">\n\t\t\t\t\t<a class=\"elementor-button elementor-button-link elementor-size-sm\" href=\"https:\/\/www.apan.gob.mx\/descargables\/transparencia\/articulo69\/fraccion24\/2017_4\/tesoreria\/4to_trim_2017_a69_f24.xlsx\">\n\t\t\t\t\t\t<span class=\"elementor-button-content-wrapper\">\n\t\t\t\t\t\t\t\t\t<span class=\"elementor-button-text\">Descargar<\/span>\n\t\t\t\t\t<\/span>\n\t\t\t\t\t<\/a>\n\t\t\t\t<\/div>\n\t\t\t\t\t\t\t\t<\/div>\n\t\t\t\t<\/div>\n\t\t\t\t<div class=\"elementor-element elementor-element-oev6csr elementor-widget elementor-widget-heading\" data-id=\"oev6csr\" data-element_type=\"widget\" data-e-type=\"widget\" data-widget_type=\"heading.default\">\n\t\t\t\t<div class=\"elementor-widget-container\">\n\t\t\t\t\t<h4 class=\"elementor-heading-title elementor-size-default\">\u00daltima fecha de modificaci\u00f3n de la informaci\u00f3n:17-octubre-18<\/h4>\t\t\t\t<\/div>\n\t\t\t\t<\/div>\n\t\t\t\t\t<\/div>\n\t\t<\/div>\n\t\t\t\t\t<\/div>\n\t\t<\/section>\n\t\t\t\t<\/div>\n\t\t","protected":false},"excerpt":{"rendered":"<p>35927 TITULO NOMBRE CORTO DESCRIPCION &nbsp; &nbsp; &nbsp; &nbsp; &nbsp; &nbsp; FRACCI\u00d3N XXIV.- Informes de resultados de las auditor\u00edas al ejercicio presupuestal. a69_f24 Los informes de resultados de las auditor\u00edas al ejercicio presupuestal de cada sujeto obligado que se realicen y, en su caso, las aclaraciones que correspondan; &nbsp; &nbsp; &nbsp; &nbsp; &nbsp; &nbsp; 1 [&hellip;]<\/p>\n","protected":false},"author":1,"featured_media":0,"parent":0,"menu_order":0,"comment_status":"closed","ping_status":"closed","template":"page-template-full.php","meta":{"footnotes":""},"class_list":["post-1252","page","type-page","status-publish","hentry"],"jetpack_sharing_enabled":true,"_links":{"self":[{"href":"https:\/\/apan.gob.mx\/portal\/wp-json\/wp\/v2\/pages\/1252","targetHints":{"allow":["GET"]}}],"collection":[{"href":"https:\/\/apan.gob.mx\/portal\/wp-json\/wp\/v2\/pages"}],"about":[{"href":"https:\/\/apan.gob.mx\/portal\/wp-json\/wp\/v2\/types\/page"}],"author":[{"embeddable":true,"href":"https:\/\/apan.gob.mx\/portal\/wp-json\/wp\/v2\/users\/1"}],"replies":[{"embeddable":true,"href":"https:\/\/apan.gob.mx\/portal\/wp-json\/wp\/v2\/comments?post=1252"}],"version-history":[{"count":5,"href":"https:\/\/apan.gob.mx\/portal\/wp-json\/wp\/v2\/pages\/1252\/revisions"}],"predecessor-version":[{"id":3275,"href":"https:\/\/apan.gob.mx\/portal\/wp-json\/wp\/v2\/pages\/1252\/revisions\/3275"}],"wp:attachment":[{"href":"https:\/\/apan.gob.mx\/portal\/wp-json\/wp\/v2\/media?parent=1252"}],"curies":[{"name":"wp","href":"https:\/\/api.w.org\/{rel}","templated":true}]}}