{"id":12649,"date":"2022-04-23T10:21:11","date_gmt":"2022-04-23T15:21:11","guid":{"rendered":"https:\/\/apan.gob.mx\/portal\/?page_id=12649"},"modified":"2022-04-23T10:25:18","modified_gmt":"2022-04-23T15:25:18","slug":"12649-2","status":"publish","type":"page","link":"https:\/\/apan.gob.mx\/portal\/12221-2\/12649-2\/","title":{"rendered":"<!--conciliador-20-2022_1-->"},"content":{"rendered":"\t\t<div data-elementor-type=\"wp-page\" data-elementor-id=\"12649\" class=\"elementor elementor-12649 elementor-bc-flex-widget\">\n\t\t\t\t\t\t<section class=\"has_ae_slider elementor-section elementor-top-section elementor-element elementor-element-rpyqlun elementor-section-boxed elementor-section-height-default elementor-section-height-default ae-bg-gallery-type-default\" data-id=\"rpyqlun\" data-element_type=\"section\" data-e-type=\"section\">\n\t\t\t\t\t\t<div class=\"elementor-container elementor-column-gap-default\">\n\t\t\t\t\t<div class=\"has_ae_slider elementor-column elementor-col-100 elementor-top-column elementor-element elementor-element-doawnfj ae-bg-gallery-type-default\" data-id=\"doawnfj\" data-element_type=\"column\" data-e-type=\"column\">\n\t\t\t<div class=\"elementor-widget-wrap elementor-element-populated\">\n\t\t\t\t\t\t<div class=\"elementor-element elementor-element-qbykxuu elementor-widget elementor-widget-button\" data-id=\"qbykxuu\" data-element_type=\"widget\" data-e-type=\"widget\" data-widget_type=\"button.default\">\n\t\t\t\t<div class=\"elementor-widget-container\">\n\t\t\t\t\t\t\t\t\t<div class=\"elementor-button-wrapper\">\n\t\t\t\t\t<a class=\"elementor-button elementor-button-link elementor-size-sm\" href=\"https:\/\/www.apan.gob.mx\/descargables\/transparencia\/articulo69\/fraccion20\/2022_1\/conciliador\/a69_f20-n.xlsx\" target=\"_blank\">\n\t\t\t\t\t\t<span class=\"elementor-button-content-wrapper\">\n\t\t\t\t\t\t\t\t\t<span class=\"elementor-button-text\">Descargar archivo<\/span>\n\t\t\t\t\t<\/span>\n\t\t\t\t\t<\/a>\n\t\t\t\t<\/div>\n\t\t\t\t\t\t\t\t<\/div>\n\t\t\t\t<\/div>\n\t\t\t\t<div class=\"elementor-element elementor-element-igpcrxu elementor-widget elementor-widget-heading\" data-id=\"igpcrxu\" data-element_type=\"widget\" data-e-type=\"widget\" data-widget_type=\"heading.default\">\n\t\t\t\t<div class=\"elementor-widget-container\">\n\t\t\t\t\t<h2 class=\"elementor-heading-title elementor-size-medium\">Fracci\u00f3n XX<\/h2>\t\t\t\t<\/div>\n\t\t\t\t<\/div>\n\t\t\t\t<div class=\"elementor-element elementor-element-jeimaei elementor-widget elementor-widget-html\" data-id=\"jeimaei\" data-element_type=\"widget\" data-e-type=\"widget\" data-widget_type=\"html.default\">\n\t\t\t\t<div class=\"elementor-widget-container\">\n\t\t\t\t\t<html xmlns:o=\"urn:schemas-microsoft-com:office:office\"\r\nxmlns:x=\"urn:schemas-microsoft-com:office:excel\"\r\nxmlns=\"http:\/\/www.w3.org\/TR\/REC-html40\">\r\n\r\n<head>\r\n<meta http-equiv=Content-Type content=\"text\/html; charset=windows-1252\">\r\n<meta name=ProgId content=Excel.Sheet>\r\n<meta name=Generator content=\"Microsoft Excel 15\">\r\n<link rel=File-List href=\"a69_f20-n_archivos\/filelist.xml\">\r\n<style id=\"a69_f20-n_5033_Styles\">\r\n<!--table\r\n\t{mso-displayed-decimal-separator:\"\\.\";\r\n\tmso-displayed-thousand-separator:\"\\,\";}\r\n.xl155033\r\n\t{padding-top:1px;\r\n\tpadding-right:1px;\r\n\tpadding-left:1px;\r\n\tmso-ignore:padding;\r\n\tcolor:black;\r\n\tfont-size:11.0pt;\r\n\tfont-weight:400;\r\n\tfont-style:normal;\r\n\ttext-decoration:none;\r\n\tfont-family:Calibri, sans-serif;\r\n\tmso-font-charset:0;\r\n\tmso-number-format:General;\r\n\ttext-align:general;\r\n\tvertical-align:bottom;\r\n\tmso-background-source:auto;\r\n\tmso-pattern:auto;\r\n\twhite-space:nowrap;}\r\n.xl655033\r\n\t{padding-top:1px;\r\n\tpadding-right:1px;\r\n\tpadding-left:1px;\r\n\tmso-ignore:padding;\r\n\tcolor:black;\r\n\tfont-size:10.0pt;\r\n\tfont-weight:400;\r\n\tfont-style:normal;\r\n\ttext-decoration:none;\r\n\tfont-family:Arial;\r\n\tmso-generic-font-family:auto;\r\n\tmso-font-charset:0;\r\n\tmso-number-format:General;\r\n\ttext-align:center;\r\n\tvertical-align:bottom;\r\n\tborder:.5pt solid windowtext;\r\n\tbackground:#E1E1E1;\r\n\tmso-pattern:black none;\r\n\twhite-space:normal;}\r\n.xl665033\r\n\t{padding-top:1px;\r\n\tpadding-right:1px;\r\n\tpadding-left:1px;\r\n\tmso-ignore:padding;\r\n\tcolor:white;\r\n\tfont-size:11.0pt;\r\n\tfont-weight:700;\r\n\tfont-style:normal;\r\n\ttext-decoration:none;\r\n\tfont-family:Arial;\r\n\tmso-generic-font-family:auto;\r\n\tmso-font-charset:0;\r\n\tmso-number-format:General;\r\n\ttext-align:center;\r\n\tvertical-align:bottom;\r\n\tborder:.5pt solid windowtext;\r\n\tbackground:#333333;\r\n\tmso-pattern:black none;\r\n\twhite-space:normal;}\r\n.xl675033\r\n\t{padding-top:1px;\r\n\tpadding-right:1px;\r\n\tpadding-left:1px;\r\n\tmso-ignore:padding;\r\n\tcolor:black;\r\n\tfont-size:10.0pt;\r\n\tfont-weight:400;\r\n\tfont-style:normal;\r\n\ttext-decoration:none;\r\n\tfont-family:Arial;\r\n\tmso-generic-font-family:auto;\r\n\tmso-font-charset:0;\r\n\tmso-number-format:General;\r\n\ttext-align:general;\r\n\tvertical-align:bottom;\r\n\tborder:.5pt solid windowtext;\r\n\tbackground:#E1E1E1;\r\n\tmso-pattern:black none;\r\n\twhite-space:nowrap;}\r\n.xl685033\r\n\t{padding-top:1px;\r\n\tpadding-right:1px;\r\n\tpadding-left:1px;\r\n\tmso-ignore:padding;\r\n\tcolor:black;\r\n\tfont-size:11.0pt;\r\n\tfont-weight:400;\r\n\tfont-style:normal;\r\n\ttext-decoration:none;\r\n\tfont-family:Calibri, sans-serif;\r\n\tmso-font-charset:0;\r\n\tmso-number-format:General;\r\n\ttext-align:general;\r\n\tvertical-align:bottom;\r\n\tborder:.5pt solid windowtext;\r\n\tmso-background-source:auto;\r\n\tmso-pattern:auto;\r\n\twhite-space:nowrap;}\r\n.xl695033\r\n\t{padding-top:1px;\r\n\tpadding-right:1px;\r\n\tpadding-left:1px;\r\n\tmso-ignore:padding;\r\n\tcolor:black;\r\n\tfont-size:11.0pt;\r\n\tfont-weight:400;\r\n\tfont-style:normal;\r\n\ttext-decoration:none;\r\n\tfont-family:Calibri, sans-serif;\r\n\tmso-font-charset:0;\r\n\tmso-number-format:\"Short Date\";\r\n\ttext-align:general;\r\n\tvertical-align:bottom;\r\n\tborder:.5pt solid windowtext;\r\n\tmso-background-source:auto;\r\n\tmso-pattern:auto;\r\n\twhite-space:nowrap;}\r\n.xl705033\r\n\t{padding-top:1px;\r\n\tpadding-right:1px;\r\n\tpadding-left:1px;\r\n\tmso-ignore:padding;\r\n\tcolor:black;\r\n\tfont-size:11.0pt;\r\n\tfont-weight:400;\r\n\tfont-style:normal;\r\n\ttext-decoration:none;\r\n\tfont-family:Calibri, sans-serif;\r\n\tmso-font-charset:0;\r\n\tmso-number-format:General;\r\n\ttext-align:justify;\r\n\tvertical-align:justify;\r\n\tborder:.5pt solid windowtext;\r\n\tmso-background-source:auto;\r\n\tmso-pattern:auto;\r\n\twhite-space:normal;}\r\n-->\r\n<\/style>\r\n<\/head>\r\n\r\n<body>\r\n<!--[if !excel]>&nbsp;&nbsp;<![endif]-->\r\n<!--La siguiente informaci\u00f3n se gener\u00f3 mediante el Asistente para publicar como\r\np\u00e1gina web de Microsoft Excel.-->\r\n<!--Si se vuelve a publicar el mismo elemento desde Excel, se reemplazar\u00e1 toda\r\nla informaci\u00f3n comprendida entre las etiquetas DIV.-->\r\n<!----------------------------->\r\n<!--INICIO DE LOS RESULTADOS DEL ASISTENTE PARA PUBLICAR COMO P\u00c1GINA WEB DE\r\nEXCEL -->\r\n<!----------------------------->\r\n\r\n<div id=\"a69_f20-n_5033\" align=center x:publishsource=\"Excel\">\r\n\r\n<table border=0 cellpadding=0 cellspacing=0 width=9146 style='border-collapse:\r\n collapse;table-layout:fixed;width:6864pt'>\r\n <col width=56 style='mso-width-source:userset;mso-width-alt:2048;width:42pt'>\r\n <col width=255 style='mso-width-source:userset;mso-width-alt:9325;width:191pt'>\r\n <col width=270 style='mso-width-source:userset;mso-width-alt:9874;width:203pt'>\r\n <col width=139 style='mso-width-source:userset;mso-width-alt:5083;width:104pt'>\r\n <col width=226 style='mso-width-source:userset;mso-width-alt:8265;width:170pt'>\r\n <col width=229 style='mso-width-source:userset;mso-width-alt:8374;width:172pt'>\r\n <col width=135 style='mso-width-source:userset;mso-width-alt:4937;width:101pt'>\r\n <col width=341 style='mso-width-source:userset;mso-width-alt:12470;width:256pt'>\r\n <col width=216 style='mso-width-source:userset;mso-width-alt:7899;width:162pt'>\r\n <col width=241 style='mso-width-source:userset;mso-width-alt:8813;width:181pt'>\r\n <col width=310 style='mso-width-source:userset;mso-width-alt:11337;width:233pt'>\r\n <col width=304 style='mso-width-source:userset;mso-width-alt:11117;width:228pt'>\r\n <col width=414 style='mso-width-source:userset;mso-width-alt:15140;width:311pt'>\r\n <col width=409 style='mso-width-source:userset;mso-width-alt:14957;width:307pt'>\r\n <col width=228 style='mso-width-source:userset;mso-width-alt:8338;width:171pt'>\r\n <col width=373 style='mso-width-source:userset;mso-width-alt:13641;width:280pt'>\r\n <col width=394 style='mso-width-source:userset;mso-width-alt:14409;width:296pt'>\r\n <col width=174 style='mso-width-source:userset;mso-width-alt:6363;width:131pt'>\r\n <col width=322 style='mso-width-source:userset;mso-width-alt:11776;width:242pt'>\r\n <col width=379 style='mso-width-source:userset;mso-width-alt:13860;width:284pt'>\r\n <col width=171 style='mso-width-source:userset;mso-width-alt:6253;width:128pt'>\r\n <col width=270 style='mso-width-source:userset;mso-width-alt:9874;width:203pt'>\r\n <col width=334 style='mso-width-source:userset;mso-width-alt:12214;width:251pt'>\r\n <col width=322 style='mso-width-source:userset;mso-width-alt:11776;width:242pt'>\r\n <col width=551 style='mso-width-source:userset;mso-width-alt:20150;width:413pt'>\r\n <col width=512 style='mso-width-source:userset;mso-width-alt:18724;width:384pt'>\r\n <col width=123 style='mso-width-source:userset;mso-width-alt:4498;width:92pt'>\r\n <col width=140 style='mso-width-source:userset;mso-width-alt:5120;width:105pt'>\r\n <col width=1308 style='mso-width-source:userset;mso-width-alt:47835;\r\n width:981pt'>\r\n <tr height=0 style='display:none'>\r\n  <td class=xl155033 width=56 style='width:42pt'>44251<\/td>\r\n  <td class=xl155033 width=255 style='width:191pt'><\/td>\r\n  <td class=xl155033 width=270 style='width:203pt'><\/td>\r\n  <td class=xl155033 width=139 style='width:104pt'><\/td>\r\n  <td class=xl155033 width=226 style='width:170pt'><\/td>\r\n  <td class=xl155033 width=229 style='width:172pt'><\/td>\r\n  <td class=xl155033 width=135 style='width:101pt'><\/td>\r\n  <td class=xl155033 width=341 style='width:256pt'><\/td>\r\n  <td class=xl155033 width=216 style='width:162pt'><\/td>\r\n  <td class=xl155033 width=241 style='width:181pt'><\/td>\r\n  <td class=xl155033 width=310 style='width:233pt'><\/td>\r\n  <td class=xl155033 width=304 style='width:228pt'><\/td>\r\n  <td class=xl155033 width=414 style='width:311pt'><\/td>\r\n  <td class=xl155033 width=409 style='width:307pt'><\/td>\r\n  <td class=xl155033 width=228 style='width:171pt'><\/td>\r\n  <td class=xl155033 width=373 style='width:280pt'><\/td>\r\n  <td class=xl155033 width=394 style='width:296pt'><\/td>\r\n  <td class=xl155033 width=174 style='width:131pt'><\/td>\r\n  <td class=xl155033 width=322 style='width:242pt'><\/td>\r\n  <td class=xl155033 width=379 style='width:284pt'><\/td>\r\n  <td class=xl155033 width=171 style='width:128pt'><\/td>\r\n  <td class=xl155033 width=270 style='width:203pt'><\/td>\r\n  <td class=xl155033 width=334 style='width:251pt'><\/td>\r\n  <td class=xl155033 width=322 style='width:242pt'><\/td>\r\n  <td class=xl155033 width=551 style='width:413pt'><\/td>\r\n  <td class=xl155033 width=512 style='width:384pt'><\/td>\r\n  <td class=xl155033 width=123 style='width:92pt'><\/td>\r\n  <td class=xl155033 width=140 style='width:105pt'><\/td>\r\n  <td class=xl155033 width=1308 style='width:981pt'><\/td>\r\n <\/tr>\r\n <tr height=20 style='height:15.0pt'>\r\n  <td colspan=3 height=20 class=xl665033 width=581 style='height:15.0pt;\r\n  width:436pt'>T\u00cdTULO<\/td>\r\n  <td colspan=3 class=xl665033 width=594 style='width:446pt'>NOMBRE CORTO<\/td>\r\n  <td colspan=3 class=xl665033 width=692 style='width:519pt'>DESCRIPCI\u00d3N<\/td>\r\n  <td class=xl155033><\/td>\r\n  <td class=xl155033><\/td>\r\n  <td class=xl155033><\/td>\r\n  <td class=xl155033><\/td>\r\n  <td class=xl155033><\/td>\r\n  <td class=xl155033><\/td>\r\n  <td class=xl155033><\/td>\r\n  <td class=xl155033><\/td>\r\n  <td class=xl155033><\/td>\r\n  <td class=xl155033><\/td>\r\n  <td class=xl155033><\/td>\r\n  <td class=xl155033><\/td>\r\n  <td class=xl155033><\/td>\r\n  <td class=xl155033><\/td>\r\n  <td class=xl155033><\/td>\r\n  <td class=xl155033><\/td>\r\n  <td class=xl155033><\/td>\r\n  <td class=xl155033><\/td>\r\n  <td class=xl155033><\/td>\r\n  <td class=xl155033><\/td>\r\n <\/tr>\r\n <tr height=20 style='height:15.0pt'>\r\n  <td colspan=3 height=20 class=xl675033 style='height:15.0pt'>Tr\u00e1mites\r\n  ofrecidos<\/td>\r\n  <td colspan=3 class=xl675033>a69_f20<\/td>\r\n  <td colspan=3 class=xl675033>La informaci\u00f3n relacionada con las tareas\r\n  administrativas que realizan los sujetos obligados en sus diferentes \u00e1mbitos\r\n  con el objeto de atender las peticiones que realicen los particulares ya sea\r\n  para la obtenci\u00f3n de un beneficio, o cumplir con alguna obligaci\u00f3n ante una\r\n  autoridad, de conformidad con la normatividad respecto de los tr\u00e1mites que\r\n  realizan. Generalmente \u00e9stos implican la entrega de informaci\u00f3n ante una\r\n  autoridad por parte de los particulares.<\/td>\r\n  <td class=xl155033><\/td>\r\n  <td class=xl155033><\/td>\r\n  <td class=xl155033><\/td>\r\n  <td class=xl155033><\/td>\r\n  <td class=xl155033><\/td>\r\n  <td class=xl155033><\/td>\r\n  <td class=xl155033><\/td>\r\n  <td class=xl155033><\/td>\r\n  <td class=xl155033><\/td>\r\n  <td class=xl155033><\/td>\r\n  <td class=xl155033><\/td>\r\n  <td class=xl155033><\/td>\r\n  <td class=xl155033><\/td>\r\n  <td class=xl155033><\/td>\r\n  <td class=xl155033><\/td>\r\n  <td class=xl155033><\/td>\r\n  <td class=xl155033><\/td>\r\n  <td class=xl155033><\/td>\r\n  <td class=xl155033><\/td>\r\n  <td class=xl155033><\/td>\r\n <\/tr>\r\n <tr height=0 style='display:none'>\r\n  <td class=xl155033>1<\/td>\r\n  <td class=xl155033>4<\/td>\r\n  <td class=xl155033>4<\/td>\r\n  <td class=xl155033>2<\/td>\r\n  <td class=xl155033>2<\/td>\r\n  <td class=xl155033>2<\/td>\r\n  <td class=xl155033>1<\/td>\r\n  <td class=xl155033>7<\/td>\r\n  <td class=xl155033>2<\/td>\r\n  <td class=xl155033>7<\/td>\r\n  <td class=xl155033>4<\/td>\r\n  <td class=xl155033>1<\/td>\r\n  <td class=xl155033>2<\/td>\r\n  <td class=xl155033>2<\/td>\r\n  <td class=xl155033>1<\/td>\r\n  <td class=xl155033>10<\/td>\r\n  <td class=xl155033>2<\/td>\r\n  <td class=xl155033>2<\/td>\r\n  <td class=xl155033>10<\/td>\r\n  <td class=xl155033>2<\/td>\r\n  <td class=xl155033>2<\/td>\r\n  <td class=xl155033>2<\/td>\r\n  <td class=xl155033>10<\/td>\r\n  <td class=xl155033>10<\/td>\r\n  <td class=xl155033>7<\/td>\r\n  <td class=xl155033>2<\/td>\r\n  <td class=xl155033>4<\/td>\r\n  <td class=xl155033>13<\/td>\r\n  <td class=xl155033>14<\/td>\r\n <\/tr>\r\n <tr height=0 style='display:none'>\r\n  <td class=xl155033>350731<\/td>\r\n  <td class=xl155033>350733<\/td>\r\n  <td class=xl155033>350732<\/td>\r\n  <td class=xl155033>350716<\/td>\r\n  <td class=xl155033>350717<\/td>\r\n  <td class=xl155033>566094<\/td>\r\n  <td class=xl155033>350715<\/td>\r\n  <td class=xl155033>350734<\/td>\r\n  <td class=xl155033>350745<\/td>\r\n  <td class=xl155033>350738<\/td>\r\n  <td class=xl155033>566095<\/td>\r\n  <td class=xl155033>350735<\/td>\r\n  <td class=xl155033>566096<\/td>\r\n  <td class=xl155033>566097<\/td>\r\n  <td class=xl155033>350714<\/td>\r\n  <td class=xl155033>350724<\/td>\r\n  <td class=xl155033>566098<\/td>\r\n  <td class=xl155033>350719<\/td>\r\n  <td class=xl155033>350726<\/td>\r\n  <td class=xl155033>350718<\/td>\r\n  <td class=xl155033>350741<\/td>\r\n  <td class=xl155033>566099<\/td>\r\n  <td class=xl155033>566100<\/td>\r\n  <td class=xl155033>350725<\/td>\r\n  <td class=xl155033>350723<\/td>\r\n  <td class=xl155033>350737<\/td>\r\n  <td class=xl155033>350720<\/td>\r\n  <td class=xl155033>350730<\/td>\r\n  <td class=xl155033>350736<\/td>\r\n <\/tr>\r\n <tr height=20 style='height:15.0pt'>\r\n  <td colspan=29 height=20 class=xl665033 width=9146 style='height:15.0pt;\r\n  width:6864pt'>Tabla Campos<\/td>\r\n <\/tr>\r\n <tr height=35 style='height:26.25pt'>\r\n  <td height=35 class=xl655033 width=56 style='height:26.25pt;width:42pt'>Ejercicio<\/td>\r\n  <td class=xl655033 width=255 style='border-left:none;width:191pt'>Fecha de\r\n  inicio del periodo que se informa<\/td>\r\n  <td class=xl655033 width=270 style='border-left:none;width:203pt'>Fecha de\r\n  t\u00e9rmino del periodo que se informa<\/td>\r\n  <td class=xl655033 width=139 style='border-left:none;width:104pt'>Nombre del\r\n  tr\u00e1mite<\/td>\r\n  <td class=xl655033 width=226 style='border-left:none;width:170pt'>Descripci\u00f3n\r\n  de tr\u00e1mite<\/td>\r\n  <td class=xl655033 width=229 style='border-left:none;width:172pt'>Tipo de\r\n  usuario y\/o poblaci\u00f3n objetivo<\/td>\r\n  <td class=xl655033 width=135 style='border-left:none;width:101pt'>Modalidad\r\n  del tr\u00e1mite<\/td>\r\n  <td class=xl655033 width=341 style='border-left:none;width:256pt'>Hiperv\u00ednculo\r\n  a los requisitos para llevar a cabo el tr\u00e1mite<\/td>\r\n  <td class=xl655033 width=216 style='border-left:none;width:162pt'>Documentos\r\n  requeridos, en su caso<\/td>\r\n  <td class=xl655033 width=241 style='border-left:none;width:181pt'>Hiperv\u00ednculo\r\n  al\/los formatos respectivos<\/td>\r\n  <td class=xl655033 width=310 style='border-left:none;width:233pt'>\u00daltima\r\n  fecha de publicaci\u00f3n en el medio de difusi\u00f3n<\/td>\r\n  <td class=xl655033 width=304 style='border-left:none;width:228pt'>Tiempo de\r\n  respuesta por parte del sujeto Obligado<\/td>\r\n  <td class=xl655033 width=414 style='border-left:none;width:311pt'>Plazo con\r\n  el que cuenta el sujeto obligado para prevenir al solicitante<\/td>\r\n  <td class=xl655033 width=409 style='border-left:none;width:307pt'>Plazo con\r\n  el que cuenta el solicitante para cumplir con la prevenci\u00f3n<\/td>\r\n  <td class=xl655033 width=228 style='border-left:none;width:171pt'>Vigencia de\r\n  los resultados del tr\u00e1mite<\/td>\r\n  <td class=xl655033 width=373 style='border-left:none;width:280pt'>\u00c1rea y\r\n  datos de contacto del lugar donde se realiza el tr\u00e1mite <br>\r\n    Tabla_350724<\/td>\r\n  <td class=xl655033 width=394 style='border-left:none;width:296pt'>Monto de\r\n  los derechos o aprovechamientos aplicables, en su caso<\/td>\r\n  <td class=xl655033 width=174 style='border-left:none;width:131pt'>Sustento\r\n  legal para su cobro<\/td>\r\n  <td class=xl655033 width=322 style='border-left:none;width:242pt'>Lugares\r\n  donde se efect\u00faa el pago <br>\r\n    Tabla_350726<\/td>\r\n  <td class=xl655033 width=379 style='border-left:none;width:284pt'>Fundamento\r\n  jur\u00eddico-administrativo de la existencia del tr\u00e1mite<\/td>\r\n  <td class=xl655033 width=171 style='border-left:none;width:128pt'>Derechos\r\n  del usuario<\/td>\r\n  <td class=xl655033 width=270 style='border-left:none;width:203pt'>Informaci\u00f3n\r\n  adicional del tr\u00e1mite, en su caso<\/td>\r\n  <td class=xl655033 width=334 style='border-left:none;width:251pt'>Medio que\r\n  permita el env\u00edo de consultas y documentos <br>\r\n    Tabla_566100<\/td>\r\n  <td class=xl655033 width=322 style='border-left:none;width:242pt'>Lugares\r\n  para reportar presuntas anomal\u00edas <br>\r\n    Tabla_350725<\/td>\r\n  <td class=xl655033 width=551 style='border-left:none;width:413pt'>Hiperv\u00ednculo\r\n  al Cat\u00e1logo Nacional de Regulaciones, Tr\u00e1mites y Servicios o sistema hom\u00f3logo<\/td>\r\n  <td class=xl655033 width=512 style='border-left:none;width:384pt'>\u00c1rea(s)\r\n  responsable(s) que genera(n), posee(n), publica(n) y actualizan la\r\n  informaci\u00f3n<\/td>\r\n  <td class=xl655033 width=123 style='border-left:none;width:92pt'>Fecha de\r\n  validaci\u00f3n<\/td>\r\n  <td class=xl655033 width=140 style='border-left:none;width:105pt'>Fecha de\r\n  actualizaci\u00f3n<\/td>\r\n  <td class=xl655033 width=1308 style='border-left:none;width:981pt'>Nota<\/td>\r\n <\/tr>\r\n <tr height=120 style='height:90.0pt'>\r\n  <td height=120 class=xl685033 align=right style='height:90.0pt;border-top:\r\n  none'>2022<\/td>\r\n  <td class=xl695033 align=right style='border-top:none;border-left:none'>01\/01\/2022<\/td>\r\n  <td class=xl695033 align=right style='border-top:none;border-left:none'>31\/03\/2022<\/td>\r\n  <td class=xl685033 style='border-top:none;border-left:none'>Actas\r\n  administrativas<\/td>\r\n  <td class=xl685033 style='border-top:none;border-left:none'>Levantar acta de\r\n  hechos y convenios<\/td>\r\n  <td class=xl685033 style='border-top:none;border-left:none'>A la poblaci\u00f3n\r\n  que lo solicite<\/td>\r\n  <td class=xl685033 style='border-top:none;border-left:none'>Personal<\/td>\r\n  <td class=xl685033 style='border-top:none;border-left:none'>&nbsp;<\/td>\r\n  <td class=xl685033 style='border-top:none;border-left:none'>identificaci\u00f3n\r\n  oficial<\/td>\r\n  <td class=xl685033 style='border-top:none;border-left:none'>&nbsp;<\/td>\r\n  <td class=xl685033 style='border-top:none;border-left:none'>&nbsp;<\/td>\r\n  <td class=xl685033 style='border-top:none;border-left:none'>de 10 a 180\r\n  minutos<\/td>\r\n  <td class=xl685033 style='border-top:none;border-left:none'>&nbsp;<\/td>\r\n  <td class=xl685033 style='border-top:none;border-left:none'>&nbsp;<\/td>\r\n  <td class=xl685033 style='border-top:none;border-left:none'>No tiene vigencia<\/td>\r\n  <td class=xl685033 align=right style='border-top:none;border-left:none'>1<\/td>\r\n  <td class=xl685033 align=right style='border-top:none;border-left:none'>89<\/td>\r\n  <td class=xl685033 style='border-top:none;border-left:none'>Articulo 17 de la\r\n  Ley de ingr<span style='display:none'>esos para el municipio de Apan, Hgo.<\/span><\/td>\r\n  <td class=xl685033 align=right style='border-top:none;border-left:none'>1<\/td>\r\n  <td class=xl685033 style='border-top:none;border-left:none'>Art. 162 de la\r\n  Ley Organica Municipal<\/td>\r\n  <td class=xl685033 style='border-top:none;border-left:none'>Levantar queja o\r\n  denuncia<\/td>\r\n  <td class=xl685033 style='border-top:none;border-left:none'>&nbsp;<\/td>\r\n  <td class=xl685033 align=right style='border-top:none;border-left:none'>1<\/td>\r\n  <td class=xl685033 align=right style='border-top:none;border-left:none'>1<\/td>\r\n  <td class=xl685033 style='border-top:none;border-left:none'>&nbsp;<\/td>\r\n  <td class=xl685033 style='border-top:none;border-left:none'>Juzgado\r\n  Conciliador<\/td>\r\n  <td class=xl695033 align=right style='border-top:none;border-left:none'>06\/04\/2022<\/td>\r\n  <td class=xl695033 align=right style='border-top:none;border-left:none'>06\/04\/2022<\/td>\r\n  <td class=xl705033 width=1308 style='border-top:none;border-left:none;\r\n  width:981pt'>PARA EL TRIMESTRE QUE SE INFORMA EN LOS CAMPOS DE: HIPERVINCULO\r\n  PARA LOS REQUISITOS PARA LLEVAR A CABO EL TRAMITE, NO SE OBSERVARA\r\n  INFORMACI\u00d3N ALGUNA, EN VIRTUD DE QUE NO EXISTEN, POR CUANTO HACE AL CAMPO\r\n  HIPERV\u00cdNCULO A LOS FORMATOS RESPECTIVO(S) PUBLICADO(S) EN MEDIO OFICIAL, NO\r\n  SE CUENTA CON FORMATO OFICIAL POR ENDE TAMPOCO HAY FECHA DE PUBLICACI\u00d3N DE\r\n  FORMATO OFICIAL, Y ESOS CAMPOS NO PRESENTAR\u00c1N INFORMACI\u00d3N,<span\r\n  style='mso-spacerun:yes'>\u00a0\u00a0 <\/span>NO SE CUENTA CON PLAZO PARA PREVENIR AL\r\n  SUJETO OBLIGADO Y POR ENDE TAMPOCO EXISTE PLAZO PARA EL SOLICITANTE CUMPLIR\r\n  CON LA PREVENCI\u00d3N, EN EL CAMPO INFORMACI\u00d3N ADICIONAL DEL TRAMITE EN SU CASO\r\n  AL NO HABER NO PRESENTARA INFORMACION ESTE CAMPO, Y EN CUANTO HACE AL\r\n  HIPERVINCULO AL CATALOGO NACIONAL DE REGULACIONES TRAMITES Y SERVICIOS,\r\n  TAMPOCO EXISTE CATALOGO, ASIMISMO SE HACE MENCION QUE POR CUANTO HACE AL\r\n  DOMICILIO EN EL EXTRANJERO NO SE VISUALIZARA INFORMACI\u00d3N TODA VEZ QUE<span\r\n  style='mso-spacerun:yes'>\u00a0 <\/span>NO CONTAMOS CON DOMICILIO EXTRANJERO<\/td>\r\n <\/tr>\r\n <![if supportMisalignedColumns]>\r\n <tr height=0 style='display:none'>\r\n  <td width=56 style='width:42pt'><\/td>\r\n  <td width=255 style='width:191pt'><\/td>\r\n  <td width=270 style='width:203pt'><\/td>\r\n  <td width=139 style='width:104pt'><\/td>\r\n  <td width=226 style='width:170pt'><\/td>\r\n  <td width=229 style='width:172pt'><\/td>\r\n  <td width=135 style='width:101pt'><\/td>\r\n  <td width=341 style='width:256pt'><\/td>\r\n  <td width=216 style='width:162pt'><\/td>\r\n  <td width=241 style='width:181pt'><\/td>\r\n  <td width=310 style='width:233pt'><\/td>\r\n  <td width=304 style='width:228pt'><\/td>\r\n  <td width=414 style='width:311pt'><\/td>\r\n  <td width=409 style='width:307pt'><\/td>\r\n  <td width=228 style='width:171pt'><\/td>\r\n  <td width=373 style='width:280pt'><\/td>\r\n  <td width=394 style='width:296pt'><\/td>\r\n  <td width=174 style='width:131pt'><\/td>\r\n  <td width=322 style='width:242pt'><\/td>\r\n  <td width=379 style='width:284pt'><\/td>\r\n  <td width=171 style='width:128pt'><\/td>\r\n  <td width=270 style='width:203pt'><\/td>\r\n  <td width=334 style='width:251pt'><\/td>\r\n  <td width=322 style='width:242pt'><\/td>\r\n  <td width=551 style='width:413pt'><\/td>\r\n  <td width=512 style='width:384pt'><\/td>\r\n  <td width=123 style='width:92pt'><\/td>\r\n  <td width=140 style='width:105pt'><\/td>\r\n  <td width=1308 style='width:981pt'><\/td>\r\n <\/tr>\r\n <![endif]>\r\n<\/table>\r\n\r\n<\/div>\r\n\r\n\r\n<!----------------------------->\r\n<!--FINAL DE LOS RESULTADOS DEL ASISTENTE PARA PUBLICAR COMO P\u00c1GINA WEB DE\r\nEXCEL-->\r\n<!----------------------------->\r\n<\/body>\r\n\r\n<\/html>\r\n\t\t\t\t<\/div>\n\t\t\t\t<\/div>\n\t\t\t\t\t<\/div>\n\t\t<\/div>\n\t\t\t\t\t<\/div>\n\t\t<\/section>\n\t\t\t\t<\/div>\n\t\t","protected":false},"excerpt":{"rendered":"<p>Descargar archivo Fracci\u00f3n XX 44251 T\u00cdTULO NOMBRE CORTO DESCRIPCI\u00d3N Tr\u00e1mites ofrecidos a69_f20 La informaci\u00f3n relacionada con las tareas administrativas que realizan los sujetos obligados en sus diferentes \u00e1mbitos con el objeto de atender las peticiones que realicen los particulares ya sea para la obtenci\u00f3n de un beneficio, o cumplir con alguna obligaci\u00f3n ante una autoridad, [&hellip;]<\/p>\n","protected":false},"author":1,"featured_media":0,"parent":12221,"menu_order":0,"comment_status":"closed","ping_status":"closed","template":"page-template-full.php","meta":{"footnotes":""},"class_list":["post-12649","page","type-page","status-publish","hentry"],"jetpack_sharing_enabled":true,"_links":{"self":[{"href":"https:\/\/apan.gob.mx\/portal\/wp-json\/wp\/v2\/pages\/12649","targetHints":{"allow":["GET"]}}],"collection":[{"href":"https:\/\/apan.gob.mx\/portal\/wp-json\/wp\/v2\/pages"}],"about":[{"href":"https:\/\/apan.gob.mx\/portal\/wp-json\/wp\/v2\/types\/page"}],"author":[{"embeddable":true,"href":"https:\/\/apan.gob.mx\/portal\/wp-json\/wp\/v2\/users\/1"}],"replies":[{"embeddable":true,"href":"https:\/\/apan.gob.mx\/portal\/wp-json\/wp\/v2\/comments?post=12649"}],"version-history":[{"count":2,"href":"https:\/\/apan.gob.mx\/portal\/wp-json\/wp\/v2\/pages\/12649\/revisions"}],"predecessor-version":[{"id":12651,"href":"https:\/\/apan.gob.mx\/portal\/wp-json\/wp\/v2\/pages\/12649\/revisions\/12651"}],"up":[{"embeddable":true,"href":"https:\/\/apan.gob.mx\/portal\/wp-json\/wp\/v2\/pages\/12221"}],"wp:attachment":[{"href":"https:\/\/apan.gob.mx\/portal\/wp-json\/wp\/v2\/media?parent=12649"}],"curies":[{"name":"wp","href":"https:\/\/api.w.org\/{rel}","templated":true}]}}