{"id":1326,"date":"2017-12-21T01:33:03","date_gmt":"2017-12-21T01:33:03","guid":{"rendered":"https:\/\/apan.gob.mx\/portal\/?page_id=1326"},"modified":"2017-12-21T01:48:08","modified_gmt":"2017-12-21T01:48:08","slug":"fraccionxxxlll_4","status":"publish","type":"page","link":"https:\/\/apan.gob.mx\/portal\/fraccionxxxlll_4\/","title":{"rendered":"<!--fraccionxxxlll cuatro-->"},"content":{"rendered":"\t\t<div data-elementor-type=\"wp-page\" data-elementor-id=\"1326\" class=\"elementor elementor-1326 elementor-bc-flex-widget\">\n\t\t\t\t\t\t<section class=\"has_ae_slider elementor-section elementor-top-section elementor-element elementor-element-qdap5r4 elementor-section-boxed elementor-section-height-default elementor-section-height-default ae-bg-gallery-type-default\" data-id=\"qdap5r4\" data-element_type=\"section\" data-e-type=\"section\">\n\t\t\t\t\t\t<div class=\"elementor-container elementor-column-gap-default\">\n\t\t\t\t\t<div class=\"has_ae_slider elementor-column elementor-col-100 elementor-top-column elementor-element elementor-element-rzcqtoq ae-bg-gallery-type-default\" data-id=\"rzcqtoq\" data-element_type=\"column\" data-e-type=\"column\">\n\t\t\t<div class=\"elementor-widget-wrap elementor-element-populated\">\n\t\t\t\t\t\t<div class=\"elementor-element elementor-element-f0n8l15 elementor-widget elementor-widget-html\" data-id=\"f0n8l15\" data-element_type=\"widget\" data-e-type=\"widget\" data-widget_type=\"html.default\">\n\t\t\t\t<div class=\"elementor-widget-container\">\n\t\t\t\t\t<style id=\"Formato FRACCI\u00d3N XXXIII_9607_Styles\">\r\n<!--table\r\n\t{mso-displayed-decimal-separator:\"\\.\";\r\n\tmso-displayed-thousand-separator:\"\\,\";}\r\n.xl159607\r\n\t{padding-top:1px;\r\n\tpadding-right:1px;\r\n\tpadding-left:1px;\r\n\tmso-ignore:padding;\r\n\tcolor:windowtext;\r\n\tfont-size:10.0pt;\r\n\tfont-weight:400;\r\n\tfont-style:normal;\r\n\ttext-decoration:none;\r\n\tfont-family:Arial;\r\n\tmso-generic-font-family:auto;\r\n\tmso-font-charset:0;\r\n\tmso-number-format:General;\r\n\ttext-align:general;\r\n\tvertical-align:bottom;\r\n\tmso-background-source:auto;\r\n\tmso-pattern:auto;\r\n\twhite-space:nowrap;}\r\n.xl649607\r\n\t{padding-top:1px;\r\n\tpadding-right:1px;\r\n\tpadding-left:1px;\r\n\tmso-ignore:padding;\r\n\tcolor:white;\r\n\tfont-size:11.0pt;\r\n\tfont-weight:700;\r\n\tfont-style:normal;\r\n\ttext-decoration:none;\r\n\tfont-family:Arial, sans-serif;\r\n\tmso-font-charset:0;\r\n\tmso-number-format:General;\r\n\ttext-align:center;\r\n\tvertical-align:bottom;\r\n\tborder:.5pt solid black;\r\n\tbackground:#333333;\r\n\tmso-pattern:black none;\r\n\twhite-space:nowrap;}\r\n.xl659607\r\n\t{padding-top:1px;\r\n\tpadding-right:1px;\r\n\tpadding-left:1px;\r\n\tmso-ignore:padding;\r\n\tcolor:black;\r\n\tfont-size:10.0pt;\r\n\tfont-weight:400;\r\n\tfont-style:normal;\r\n\ttext-decoration:none;\r\n\tfont-family:Arial, sans-serif;\r\n\tmso-font-charset:0;\r\n\tmso-number-format:General;\r\n\ttext-align:general;\r\n\tvertical-align:bottom;\r\n\tborder:.5pt solid black;\r\n\tbackground:#E1E1E1;\r\n\tmso-pattern:black none;\r\n\twhite-space:nowrap;}\r\n.xl669607\r\n\t{padding-top:1px;\r\n\tpadding-right:1px;\r\n\tpadding-left:1px;\r\n\tmso-ignore:padding;\r\n\tcolor:windowtext;\r\n\tfont-size:10.0pt;\r\n\tfont-weight:400;\r\n\tfont-style:normal;\r\n\ttext-decoration:none;\r\n\tfont-family:Arial;\r\n\tmso-generic-font-family:auto;\r\n\tmso-font-charset:0;\r\n\tmso-number-format:General;\r\n\ttext-align:general;\r\n\tvertical-align:bottom;\r\n\tbackground:white;\r\n\tmso-pattern:black none;\r\n\twhite-space:nowrap;}\r\n.xl679607\r\n\t{padding-top:1px;\r\n\tpadding-right:1px;\r\n\tpadding-left:1px;\r\n\tmso-ignore:padding;\r\n\tcolor:black;\r\n\tfont-size:10.0pt;\r\n\tfont-weight:400;\r\n\tfont-style:normal;\r\n\ttext-decoration:none;\r\n\tfont-family:Arial, sans-serif;\r\n\tmso-font-charset:0;\r\n\tmso-number-format:General;\r\n\ttext-align:general;\r\n\tvertical-align:bottom;\r\n\tborder-top:.5pt solid black;\r\n\tborder-right:.5pt solid black;\r\n\tborder-bottom:none;\r\n\tborder-left:.5pt solid black;\r\n\tbackground:#E1E1E1;\r\n\tmso-pattern:black none;\r\n\twhite-space:nowrap;}\r\n.xl689607\r\n\t{padding-top:1px;\r\n\tpadding-right:1px;\r\n\tpadding-left:1px;\r\n\tmso-ignore:padding;\r\n\tcolor:windowtext;\r\n\tfont-size:10.0pt;\r\n\tfont-weight:400;\r\n\tfont-style:normal;\r\n\ttext-decoration:none;\r\n\tfont-family:Arial;\r\n\tmso-generic-font-family:auto;\r\n\tmso-font-charset:0;\r\n\tmso-number-format:General;\r\n\ttext-align:general;\r\n\tvertical-align:bottom;\r\n\tborder:.5pt solid windowtext;\r\n\tbackground:white;\r\n\tmso-pattern:black none;\r\n\twhite-space:nowrap;}\r\n.xl699607\r\n\t{padding-top:1px;\r\n\tpadding-right:1px;\r\n\tpadding-left:1px;\r\n\tmso-ignore:padding;\r\n\tcolor:windowtext;\r\n\tfont-size:10.0pt;\r\n\tfont-weight:400;\r\n\tfont-style:normal;\r\n\ttext-decoration:none;\r\n\tfont-family:Arial;\r\n\tmso-generic-font-family:auto;\r\n\tmso-font-charset:0;\r\n\tmso-number-format:\"Short Date\";\r\n\ttext-align:general;\r\n\tvertical-align:bottom;\r\n\tborder:.5pt solid windowtext;\r\n\tbackground:white;\r\n\tmso-pattern:black none;\r\n\twhite-space:nowrap;}\r\n.xl709607\r\n\t{padding-top:1px;\r\n\tpadding-right:1px;\r\n\tpadding-left:1px;\r\n\tmso-ignore:padding;\r\n\tcolor:#0563C1;\r\n\tfont-size:10.0pt;\r\n\tfont-weight:400;\r\n\tfont-style:normal;\r\n\ttext-decoration:underline;\r\n\ttext-underline-style:single;\r\n\tfont-family:Arial, sans-serif;\r\n\tmso-font-charset:0;\r\n\tmso-number-format:General;\r\n\ttext-align:general;\r\n\tvertical-align:bottom;\r\n\tborder:.5pt solid windowtext;\r\n\tbackground:white;\r\n\tmso-pattern:black none;\r\n\twhite-space:nowrap;}\r\n.xl719607\r\n\t{padding-top:1px;\r\n\tpadding-right:1px;\r\n\tpadding-left:1px;\r\n\tmso-ignore:padding;\r\n\tcolor:windowtext;\r\n\tfont-size:10.0pt;\r\n\tfont-weight:400;\r\n\tfont-style:normal;\r\n\ttext-decoration:none;\r\n\tfont-family:Arial;\r\n\tmso-generic-font-family:auto;\r\n\tmso-font-charset:0;\r\n\tmso-number-format:\"Medium Date\";\r\n\ttext-align:general;\r\n\tvertical-align:bottom;\r\n\tborder:.5pt solid windowtext;\r\n\tbackground:white;\r\n\tmso-pattern:black none;\r\n\twhite-space:nowrap;}\r\n-->\r\n<\/style>\r\n<\/head>\r\n\r\n<body>\r\n<!--[if !excel]>&nbsp;&nbsp;<![endif]-->\r\n<!--La siguiente informaci\u00f3n se gener\u00f3 mediante el Asistente para publicar como\r\np\u00e1gina web de Microsoft Excel.-->\r\n<!--Si se vuelve a publicar el mismo elemento desde Excel, se reemplazar\u00e1 toda\r\nla informaci\u00f3n comprendida entre las etiquetas DIV.-->\r\n<!----------------------------->\r\n<!--INICIO DE LOS RESULTADOS DEL ASISTENTE PARA PUBLICAR COMO P\u00c1GINA WEB DE\r\nEXCEL -->\r\n<!----------------------------->\r\n\r\n<div id=\"Formato FRACCI\u00d3N XXXIII_9607\" align=center x:publishsource=\"Excel\">\r\n\r\n<table border=0 cellpadding=0 cellspacing=0 width=4268 style='border-collapse:\r\n collapse;table-layout:fixed;width:3204pt'>\r\n <col width=100 style='mso-width-source:userset;mso-width-alt:3657;width:75pt'>\r\n <col width=137 style='mso-width-source:userset;mso-width-alt:5010;width:103pt'>\r\n <col width=488 style='mso-width-source:userset;mso-width-alt:17846;width:366pt'>\r\n <col width=170 style='mso-width-source:userset;mso-width-alt:6217;width:128pt'>\r\n <col width=285 style='mso-width-source:userset;mso-width-alt:10422;width:214pt'>\r\n <col width=361 style='mso-width-source:userset;mso-width-alt:13202;width:271pt'>\r\n <col width=163 style='mso-width-source:userset;mso-width-alt:5961;width:122pt'>\r\n <col width=286 style='mso-width-source:userset;mso-width-alt:10459;width:215pt'>\r\n <col width=155 style='mso-width-source:userset;mso-width-alt:5668;width:116pt'>\r\n <col width=171 style='mso-width-source:userset;mso-width-alt:6253;width:128pt'>\r\n <col width=298 style='mso-width-source:userset;mso-width-alt:10898;width:224pt'>\r\n <col width=548 span=2 style='mso-width-source:userset;mso-width-alt:20041;\r\n width:411pt'>\r\n <col width=122 style='mso-width-source:userset;mso-width-alt:4461;width:92pt'>\r\n <col width=244 style='mso-width-source:userset;mso-width-alt:8923;width:183pt'>\r\n <col width=50 style='mso-width-source:userset;mso-width-alt:1828;width:38pt'>\r\n <col width=142 style='mso-width-source:userset;mso-width-alt:5193;width:107pt'>\r\n <tr height=0 style='display:none'>\r\n  <td class=xl159607 width=100 style='width:75pt'>35964<\/td>\r\n  <td class=xl159607 width=137 style='width:103pt'><\/td>\r\n  <td class=xl159607 width=488 style='width:366pt'><\/td>\r\n  <td class=xl159607 width=170 style='width:128pt'><\/td>\r\n  <td class=xl159607 width=285 style='width:214pt'><\/td>\r\n  <td class=xl159607 width=361 style='width:271pt'><\/td>\r\n  <td class=xl159607 width=163 style='width:122pt'><\/td>\r\n  <td class=xl159607 width=286 style='width:215pt'><\/td>\r\n  <td class=xl159607 width=155 style='width:116pt'><\/td>\r\n  <td class=xl159607 width=171 style='width:128pt'><\/td>\r\n  <td class=xl159607 width=298 style='width:224pt'><\/td>\r\n  <td class=xl159607 width=548 style='width:411pt'><\/td>\r\n  <td class=xl159607 width=548 style='width:411pt'><\/td>\r\n  <td class=xl159607 width=122 style='width:92pt'><\/td>\r\n  <td class=xl159607 width=244 style='width:183pt'><\/td>\r\n  <td class=xl159607 width=50 style='width:38pt'><\/td>\r\n  <td class=xl159607 width=142 style='width:107pt'><\/td>\r\n <\/tr>\r\n <tr height=20 style='height:15.0pt'>\r\n  <td height=20 class=xl649607 style='height:15.0pt'>TITULO<\/td>\r\n  <td class=xl649607 style='border-left:none'>NOMBRE CORTO<\/td>\r\n  <td class=xl649607 style='border-left:none'>DESCRIPCION<\/td>\r\n  <td class=xl669607>&nbsp;<\/td>\r\n  <td class=xl669607>&nbsp;<\/td>\r\n  <td class=xl669607>&nbsp;<\/td>\r\n  <td class=xl669607>&nbsp;<\/td>\r\n  <td class=xl669607>&nbsp;<\/td>\r\n  <td class=xl669607>&nbsp;<\/td>\r\n  <td class=xl669607>&nbsp;<\/td>\r\n  <td class=xl669607>&nbsp;<\/td>\r\n  <td class=xl669607>&nbsp;<\/td>\r\n  <td class=xl669607>&nbsp;<\/td>\r\n  <td class=xl669607>&nbsp;<\/td>\r\n  <td class=xl669607>&nbsp;<\/td>\r\n  <td class=xl669607>&nbsp;<\/td>\r\n  <td class=xl669607>&nbsp;<\/td>\r\n <\/tr>\r\n <tr height=17 style='height:12.75pt'>\r\n  <td height=17 class=xl659607 style='height:12.75pt;border-top:none'>FRACCI\u00d3N\r\n  XXXIII<\/td>\r\n  <td class=xl659607 style='border-top:none;border-left:none'>LTAIPEH69FXXXIII<\/td>\r\n  <td class=xl659607 style='border-top:none;border-left:none'>Los convenios de\r\n  coordinaci\u00f3n de concertaci\u00f3n con los sectores social y privado;<\/td>\r\n  <td class=xl669607>&nbsp;<\/td>\r\n  <td class=xl669607>&nbsp;<\/td>\r\n  <td class=xl669607>&nbsp;<\/td>\r\n  <td class=xl669607>&nbsp;<\/td>\r\n  <td class=xl669607>&nbsp;<\/td>\r\n  <td class=xl669607>&nbsp;<\/td>\r\n  <td class=xl669607>&nbsp;<\/td>\r\n  <td class=xl669607>&nbsp;<\/td>\r\n  <td class=xl669607>&nbsp;<\/td>\r\n  <td class=xl669607>&nbsp;<\/td>\r\n  <td class=xl669607>&nbsp;<\/td>\r\n  <td class=xl669607>&nbsp;<\/td>\r\n  <td class=xl669607>&nbsp;<\/td>\r\n  <td class=xl669607>&nbsp;<\/td>\r\n <\/tr>\r\n <tr height=0 style='display:none'>\r\n  <td class=xl159607>1<\/td>\r\n  <td class=xl159607>1<\/td>\r\n  <td class=xl159607>9<\/td>\r\n  <td class=xl159607>4<\/td>\r\n  <td class=xl159607>2<\/td>\r\n  <td class=xl159607>10<\/td>\r\n  <td class=xl159607>2<\/td>\r\n  <td class=xl159607>2<\/td>\r\n  <td class=xl159607>4<\/td>\r\n  <td class=xl159607>4<\/td>\r\n  <td class=xl159607>4<\/td>\r\n  <td class=xl159607>7<\/td>\r\n  <td class=xl159607>7<\/td>\r\n  <td class=xl159607>4<\/td>\r\n  <td class=xl159607>2<\/td>\r\n  <td class=xl159607>12<\/td>\r\n  <td class=xl159607>13<\/td>\r\n <\/tr>\r\n <tr height=0 style='display:none'>\r\n  <td class=xl159607>236301<\/td>\r\n  <td class=xl159607>236300<\/td>\r\n  <td class=xl159607>236313<\/td>\r\n  <td class=xl159607>236310<\/td>\r\n  <td class=xl159607>236304<\/td>\r\n  <td class=xl159607>236314<\/td>\r\n  <td class=xl159607>236302<\/td>\r\n  <td class=xl159607>236305<\/td>\r\n  <td class=xl159607>236306<\/td>\r\n  <td class=xl159607>236307<\/td>\r\n  <td class=xl159607>236308<\/td>\r\n  <td class=xl159607>236311<\/td>\r\n  <td class=xl159607>236312<\/td>\r\n  <td class=xl159607>236309<\/td>\r\n  <td class=xl159607>236303<\/td>\r\n  <td class=xl159607>236315<\/td>\r\n  <td class=xl159607>236316<\/td>\r\n <\/tr>\r\n <tr height=20 style='height:15.0pt'>\r\n  <td colspan=17 height=20 class=xl649607 style='height:15.0pt'>Tabla Campos<\/td>\r\n <\/tr>\r\n <tr height=17 style='height:12.75pt'>\r\n  <td height=17 class=xl679607 style='height:12.75pt'>Ejercicio<\/td>\r\n  <td class=xl679607 style='border-left:none'>Periodo que se informa<\/td>\r\n  <td class=xl679607 style='border-left:none'>Tipo de convenio<\/td>\r\n  <td class=xl679607 style='border-left:none'>Fecha de firma del convenio<\/td>\r\n  <td class=xl679607 style='border-left:none'>Unidad Administrativa responsable\r\n  seguimiento<\/td>\r\n  <td class=xl679607 style='border-left:none'>Persona con quien se celebra el\r\n  convenio<\/td>\r\n  <td class=xl679607 style='border-left:none'>Objetivo(s) del convenio<\/td>\r\n  <td class=xl679607 style='border-left:none'>Tipo y fuente de los recursos que\r\n  se emplear\u00e1n<\/td>\r\n  <td class=xl679607 style='border-left:none'>Inicio Periodo de vigencia<\/td>\r\n  <td class=xl679607 style='border-left:none'>T\u00e9rmino Periodo de vigencia<\/td>\r\n  <td class=xl679607 style='border-left:none'>Fecha de publicaci\u00f3n en DOF u\r\n  otro medio oficial<\/td>\r\n  <td class=xl679607 style='border-left:none'>Hiperv\u00ednculo al documento<\/td>\r\n  <td class=xl679607 style='border-left:none'>Hiperv\u00ednculo al documento con\r\n  modificaciones<span style='mso-spacerun:yes'>\u00a0<\/span><\/td>\r\n  <td class=xl679607 style='border-left:none'>Fecha de validaci\u00f3n<\/td>\r\n  <td class=xl679607 style='border-left:none'>\u00c1rea(s) responsable(s) de la\r\n  informaci\u00f3n<\/td>\r\n  <td class=xl679607 style='border-left:none'>A\u00f1o<\/td>\r\n  <td class=xl679607 style='border-left:none'>Fecha de actualizaci\u00f3n<\/td>\r\n <\/tr>\r\n <tr height=17 style='height:12.75pt'>\r\n  <td height=17 class=xl689607 align=right style='height:12.75pt'>2017<\/td>\r\n  <td class=xl699607 style='border-left:none'>Octubre-Diciembre<\/td>\r\n  <td class=xl689607 style='border-left:none'>De concertaci\u00f3n con el sector\r\n  social<\/td>\r\n  <td class=xl699607 align=right style='border-left:none'>25\/11\/2016<\/td>\r\n  <td class=xl689607 style='border-left:none'>Desarrollo Agropecuario y\r\n  sustentabilidad<span style='mso-spacerun:yes'>\u00a0<\/span><\/td>\r\n  <td class=xl689607 style='border-left:none'>&nbsp;<\/td>\r\n  <td class=xl689607 style='border-left:none'>establecer vivero municipal<\/td>\r\n  <td class=xl689607 style='border-left:none'>humanos y economicos<\/td>\r\n  <td class=xl699607 align=right style='border-left:none'>25\/11\/2016<\/td>\r\n  <td class=xl699607 align=right style='border-left:none'>25\/11\/2020<\/td>\r\n  <td class=xl699607 align=right style='border-left:none'>25\/11\/2020<\/td>\r\n  <td class=xl709607 style='border-left:none'><a\r\n  href=\"https:\/\/www.apan.gob.mx\/descargables\/transparencia\/articulo69\/fraccion33\/FrXXXIIIa1_1.pdf\">https:\/\/www.apan.gob.mx\/descargables\/transparencia\/articulo69\/fraccion33\/FrXXXIIIa1_1.pdf<\/a><\/td>\r\n  <td class=xl709607 style='border-left:none'><a\r\n  href=\"https:\/\/www.apan.gob.mx\/descargables\/transparencia\/articulo69\/fraccion33\/FrXXXIIIa1_2.pdf\">https:\/\/www.apan.gob.mx\/descargables\/transparencia\/articulo69\/fraccion33\/FrXXXIIIa1_2.pdf<\/a><\/td>\r\n  <td class=xl719607 align=right style='border-left:none'>15-dic-17<\/td>\r\n  <td class=xl689607 style='border-left:none'>Juridico municipal<\/td>\r\n  <td class=xl689607 align=right style='border-left:none'>2017<\/td>\r\n  <td class=xl719607 align=right style='border-left:none'>01-abr-17<\/td>\r\n <\/tr>\r\n <![if supportMisalignedColumns]>\r\n <tr height=0 style='display:none'>\r\n  <td width=100 style='width:75pt'><\/td>\r\n  <td width=137 style='width:103pt'><\/td>\r\n  <td width=488 style='width:366pt'><\/td>\r\n  <td width=170 style='width:128pt'><\/td>\r\n  <td width=285 style='width:214pt'><\/td>\r\n  <td width=361 style='width:271pt'><\/td>\r\n  <td width=163 style='width:122pt'><\/td>\r\n  <td width=286 style='width:215pt'><\/td>\r\n  <td width=155 style='width:116pt'><\/td>\r\n  <td width=171 style='width:128pt'><\/td>\r\n  <td width=298 style='width:224pt'><\/td>\r\n  <td width=548 style='width:411pt'><\/td>\r\n  <td width=548 style='width:411pt'><\/td>\r\n  <td width=122 style='width:92pt'><\/td>\r\n  <td width=244 style='width:183pt'><\/td>\r\n  <td width=50 style='width:38pt'><\/td>\r\n  <td width=142 style='width:107pt'><\/td>\r\n <\/tr>\r\n <![endif]>\r\n<\/table>\r\n\r\n<\/div>\r\n\t\t\t\t<\/div>\n\t\t\t\t<\/div>\n\t\t\t\t\t<\/div>\n\t\t<\/div>\n\t\t\t\t\t<\/div>\n\t\t<\/section>\n\t\t\t\t<\/div>\n\t\t","protected":false},"excerpt":{"rendered":"<p>35964 TITULO NOMBRE CORTO DESCRIPCION &nbsp; &nbsp; &nbsp; &nbsp; &nbsp; &nbsp; &nbsp; &nbsp; &nbsp; &nbsp; &nbsp; &nbsp; &nbsp; &nbsp; FRACCI\u00d3N XXXIII LTAIPEH69FXXXIII Los convenios de coordinaci\u00f3n de concertaci\u00f3n con los sectores social y privado; &nbsp; &nbsp; &nbsp; &nbsp; &nbsp; &nbsp; &nbsp; &nbsp; &nbsp; &nbsp; &nbsp; &nbsp; &nbsp; &nbsp; 1 1 9 4 2 10 2 [&hellip;]<\/p>\n","protected":false},"author":1,"featured_media":0,"parent":0,"menu_order":0,"comment_status":"closed","ping_status":"closed","template":"page-template-full.php","meta":{"footnotes":""},"class_list":["post-1326","page","type-page","status-publish","hentry"],"jetpack_sharing_enabled":true,"_links":{"self":[{"href":"https:\/\/apan.gob.mx\/portal\/wp-json\/wp\/v2\/pages\/1326","targetHints":{"allow":["GET"]}}],"collection":[{"href":"https:\/\/apan.gob.mx\/portal\/wp-json\/wp\/v2\/pages"}],"about":[{"href":"https:\/\/apan.gob.mx\/portal\/wp-json\/wp\/v2\/types\/page"}],"author":[{"embeddable":true,"href":"https:\/\/apan.gob.mx\/portal\/wp-json\/wp\/v2\/users\/1"}],"replies":[{"embeddable":true,"href":"https:\/\/apan.gob.mx\/portal\/wp-json\/wp\/v2\/comments?post=1326"}],"version-history":[{"count":2,"href":"https:\/\/apan.gob.mx\/portal\/wp-json\/wp\/v2\/pages\/1326\/revisions"}],"predecessor-version":[{"id":1328,"href":"https:\/\/apan.gob.mx\/portal\/wp-json\/wp\/v2\/pages\/1326\/revisions\/1328"}],"wp:attachment":[{"href":"https:\/\/apan.gob.mx\/portal\/wp-json\/wp\/v2\/media?parent=1326"}],"curies":[{"name":"wp","href":"https:\/\/api.w.org\/{rel}","templated":true}]}}