{"id":1790,"date":"2018-04-17T01:27:52","date_gmt":"2018-04-17T01:27:52","guid":{"rendered":"https:\/\/apan.gob.mx\/portal\/?page_id=1790"},"modified":"2018-10-17T15:47:23","modified_gmt":"2018-10-17T15:47:23","slug":"agricultura_19_2018_1","status":"publish","type":"page","link":"https:\/\/apan.gob.mx\/portal\/agricultura_19_2018_1\/","title":{"rendered":"<!--agricultura_19_2018_1-->"},"content":{"rendered":"<style id=\"a69_f19agropecuario_544_Styles\">\n<!--table\n\t{mso-displayed-decimal-separator:\".\";\n\tmso-displayed-thousand-separator:\",\";}\n.xl15544\n\t{padding-top:1px;\n\tpadding-right:1px;\n\tpadding-left:1px;\n\tmso-ignore:padding;\n\tcolor:black;\n\tfont-size:11.0pt;\n\tfont-weight:400;\n\tfont-style:normal;\n\ttext-decoration:none;\n\tfont-family:Calibri, sans-serif;\n\tmso-font-charset:0;\n\tmso-number-format:General;\n\ttext-align:general;\n\tvertical-align:bottom;\n\tmso-background-source:auto;\n\tmso-pattern:auto;\n\twhite-space:nowrap;}\n.xl65544\n\t{padding-top:1px;\n\tpadding-right:1px;\n\tpadding-left:1px;\n\tmso-ignore:padding;\n\tcolor:white;\n\tfont-size:11.0pt;\n\tfont-weight:700;\n\tfont-style:normal;\n\ttext-decoration:none;\n\tfont-family:Arial;\n\tmso-generic-font-family:auto;\n\tmso-font-charset:0;\n\tmso-number-format:General;\n\ttext-align:center;\n\tvertical-align:bottom;\n\tborder:.5pt solid windowtext;\n\tbackground:#333333;\n\tmso-pattern:black none;\n\twhite-space:normal;}\n.xl66544\n\t{padding-top:1px;\n\tpadding-right:1px;\n\tpadding-left:1px;\n\tmso-ignore:padding;\n\tcolor:black;\n\tfont-size:11.0pt;\n\tfont-weight:400;\n\tfont-style:normal;\n\ttext-decoration:none;\n\tfont-family:Calibri, sans-serif;\n\tmso-font-charset:0;\n\tmso-number-format:General;\n\ttext-align:center;\n\tvertical-align:middle;\n\tmso-background-source:auto;\n\tmso-pattern:auto;\n\twhite-space:normal;}\n.xl67544\n\t{padding-top:1px;\n\tpadding-right:1px;\n\tpadding-left:1px;\n\tmso-ignore:padding;\n\tcolor:black;\n\tfont-size:11.0pt;\n\tfont-weight:400;\n\tfont-style:normal;\n\ttext-decoration:none;\n\tfont-family:Calibri, sans-serif;\n\tmso-font-charset:0;\n\tmso-number-format:General;\n\ttext-align:center;\n\tvertical-align:middle;\n\tborder:.5pt solid windowtext;\n\tbackground:white;\n\tmso-pattern:black none;\n\twhite-space:normal;}\n.xl68544\n\t{padding-top:1px;\n\tpadding-right:1px;\n\tpadding-left:1px;\n\tmso-ignore:padding;\n\tcolor:#0563C1;\n\tfont-size:11.0pt;\n\tfont-weight:400;\n\tfont-style:normal;\n\ttext-decoration:underline;\n\ttext-underline-style:single;\n\tfont-family:Calibri, sans-serif;\n\tmso-font-charset:0;\n\tmso-number-format:General;\n\ttext-align:center;\n\tvertical-align:middle;\n\tborder:.5pt solid windowtext;\n\tbackground:white;\n\tmso-pattern:#E1E1E1 none;\n\twhite-space:normal;}\n.xl69544\n\t{padding-top:1px;\n\tpadding-right:1px;\n\tpadding-left:1px;\n\tmso-ignore:padding;\n\tcolor:black;\n\tfont-size:10.0pt;\n\tfont-weight:400;\n\tfont-style:normal;\n\ttext-decoration:none;\n\tfont-family:Arial;\n\tmso-generic-font-family:auto;\n\tmso-font-charset:0;\n\tmso-number-format:General;\n\ttext-align:center;\n\tvertical-align:middle;\n\tborder:.5pt solid windowtext;\n\tbackground:#E1E1E1;\n\tmso-pattern:black none;\n\twhite-space:normal;}\n.xl70544\n\t{padding-top:1px;\n\tpadding-right:1px;\n\tpadding-left:1px;\n\tmso-ignore:padding;\n\tcolor:black;\n\tfont-size:11.0pt;\n\tfont-weight:400;\n\tfont-style:normal;\n\ttext-decoration:none;\n\tfont-family:Calibri, sans-serif;\n\tmso-font-charset:0;\n\tmso-number-format:General;\n\ttext-align:general;\n\tvertical-align:middle;\n\tmso-background-source:auto;\n\tmso-pattern:auto;\n\twhite-space:nowrap;}\n.xl71544\n\t{padding-top:1px;\n\tpadding-right:1px;\n\tpadding-left:1px;\n\tmso-ignore:padding;\n\tcolor:black;\n\tfont-size:11.0pt;\n\tfont-weight:400;\n\tfont-style:normal;\n\ttext-decoration:none;\n\tfont-family:Calibri, sans-serif;\n\tmso-font-charset:0;\n\tmso-number-format:\"Medium Date\";\n\ttext-align:center;\n\tvertical-align:middle;\n\tborder:.5pt solid windowtext;\n\tbackground:white;\n\tmso-pattern:black none;\n\twhite-space:normal;}\n.xl72544\n\t{padding-top:1px;\n\tpadding-right:1px;\n\tpadding-left:1px;\n\tmso-ignore:padding;\n\tcolor:black;\n\tfont-size:10.0pt;\n\tfont-weight:400;\n\tfont-style:normal;\n\ttext-decoration:none;\n\tfont-family:Arial, sans-serif;\n\tmso-font-charset:0;\n\tmso-number-format:General;\n\ttext-align:center;\n\tvertical-align:middle;\n\tborder:.5pt solid windowtext;\n\tbackground:#E1E1E1;\n\tmso-pattern:black none;\n\twhite-space:normal;}\n.xl73544\n\t{padding-top:1px;\n\tpadding-right:1px;\n\tpadding-left:1px;\n\tmso-ignore:padding;\n\tcolor:white;\n\tfont-size:11.0pt;\n\tfont-weight:700;\n\tfont-style:normal;\n\ttext-decoration:none;\n\tfont-family:Arial;\n\tmso-generic-font-family:auto;\n\tmso-font-charset:0;\n\tmso-number-format:General;\n\ttext-align:center;\n\tvertical-align:bottom;\n\tborder-top:none;\n\tborder-right:none;\n\tborder-bottom:none;\n\tborder-left:.5pt solid windowtext;\n\tbackground:#333333;\n\tmso-pattern:black none;\n\twhite-space:normal;}\n.xl74544\n\t{padding-top:1px;\n\tpadding-right:1px;\n\tpadding-left:1px;\n\tmso-ignore:padding;\n\tcolor:white;\n\tfont-size:11.0pt;\n\tfont-weight:700;\n\tfont-style:normal;\n\ttext-decoration:none;\n\tfont-family:Arial;\n\tmso-generic-font-family:auto;\n\tmso-font-charset:0;\n\tmso-number-format:General;\n\ttext-align:center;\n\tvertical-align:bottom;\n\tbackground:#333333;\n\tmso-pattern:black none;\n\twhite-space:normal;}\n.xl75544\n\t{padding-top:1px;\n\tpadding-right:1px;\n\tpadding-left:1px;\n\tmso-ignore:padding;\n\tcolor:black;\n\tfont-size:10.0pt;\n\tfont-weight:400;\n\tfont-style:normal;\n\ttext-decoration:none;\n\tfont-family:Arial;\n\tmso-generic-font-family:auto;\n\tmso-font-charset:0;\n\tmso-number-format:General;\n\ttext-align:center;\n\tvertical-align:middle;\n\tborder-top:none;\n\tborder-right:none;\n\tborder-bottom:none;\n\tborder-left:.5pt solid windowtext;\n\tbackground:#E1E1E1;\n\tmso-pattern:black none;\n\twhite-space:normal;}\n.xl76544\n\t{padding-top:1px;\n\tpadding-right:1px;\n\tpadding-left:1px;\n\tmso-ignore:padding;\n\tcolor:black;\n\tfont-size:10.0pt;\n\tfont-weight:400;\n\tfont-style:normal;\n\ttext-decoration:none;\n\tfont-family:Arial;\n\tmso-generic-font-family:auto;\n\tmso-font-charset:0;\n\tmso-number-format:General;\n\ttext-align:center;\n\tvertical-align:middle;\n\tbackground:#E1E1E1;\n\tmso-pattern:black none;\n\twhite-space:normal;}\n.xl77544\n\t{padding-top:1px;\n\tpadding-right:1px;\n\tpadding-left:1px;\n\tmso-ignore:padding;\n\tcolor:black;\n\tfont-size:10.0pt;\n\tfont-weight:400;\n\tfont-style:normal;\n\ttext-decoration:none;\n\tfont-family:Arial;\n\tmso-generic-font-family:auto;\n\tmso-font-charset:0;\n\tmso-number-format:General;\n\ttext-align:center;\n\tvertical-align:middle;\n\tborder-top:none;\n\tborder-right:.5pt solid windowtext;\n\tborder-bottom:none;\n\tborder-left:none;\n\tbackground:#E1E1E1;\n\tmso-pattern:black none;\n\twhite-space:normal;}\n-->\n<\/style>\n<p><\/head><br \/>\n<body><br \/>\n<!--[if !excel]>&nbsp;&nbsp;<![endif]--><br \/>\n<!--La siguiente informaci\u00f3n se gener\u00f3 mediante el Asistente para publicar como\np\u00e1gina web de Microsoft Excel.--><br \/>\n<!--Si se vuelve a publicar el mismo elemento desde Excel, se reemplazar\u00e1 toda\nla informaci\u00f3n comprendida entre las etiquetas DIV.--><br \/>\n<!-----------------------------><br \/>\n<!--INICIO DE LOS RESULTADOS DEL ASISTENTE PARA PUBLICAR COMO P\u00c1GINA WEB DE\nEXCEL --><br \/>\n<!-----------------------------><\/p>\n<table border=0 cellpadding=0 cellspacing=0 width=6571 style='border-collapse:\n collapse;table-layout:fixed;width:4933pt'><\/p>\n<col width=56 style='mso-width-source:userset;mso-width-alt:2048;width:42pt'>\n<col width=135 style='mso-width-source:userset;mso-width-alt:4937;width:101pt'>\n<col width=166 style='mso-width-source:userset;mso-width-alt:6070;width:125pt'>\n<col width=246 style='mso-width-source:userset;mso-width-alt:8996;width:185pt'>\n<col width=162 style='mso-width-source:userset;mso-width-alt:5924;width:122pt'>\n<col width=229 style='mso-width-source:userset;mso-width-alt:8374;width:172pt'>\n<col width=217 style='mso-width-source:userset;mso-width-alt:7936;width:163pt'>\n<col width=137 style='mso-width-source:userset;mso-width-alt:5010;width:103pt'>\n<col width=209 style='mso-width-source:userset;mso-width-alt:7643;width:157pt'>\n<col width=216 style='mso-width-source:userset;mso-width-alt:7899;width:162pt'>\n<col width=746 style='mso-width-source:userset;mso-width-alt:27282;width:560pt'>\n<col width=156 style='mso-width-source:userset;mso-width-alt:5705;width:117pt'>\n<col width=389 style='mso-width-source:userset;mso-width-alt:14226;width:292pt'>\n<col width=269 style='mso-width-source:userset;mso-width-alt:9837;width:202pt'>\n<col width=174 style='mso-width-source:userset;mso-width-alt:6363;width:131pt'>\n<col width=205 style='mso-width-source:userset;mso-width-alt:7497;width:154pt'>\n<col width=286 style='mso-width-source:userset;mso-width-alt:10459;width:215pt'>\n<col width=284 style='mso-width-source:userset;mso-width-alt:10386;width:213pt'>\n<col width=733 style='mso-width-source:userset;mso-width-alt:26806;width:550pt'>\n<col width=735 style='mso-width-source:userset;mso-width-alt:26880;width:551pt'>\n<col width=286 style='mso-width-source:userset;mso-width-alt:10459;width:215pt'>\n<col width=123 style='mso-width-source:userset;mso-width-alt:4498;width:92pt'>\n<col width=140 style='mso-width-source:userset;mso-width-alt:5120;width:105pt'>\n<col width=272 style='mso-width-source:userset;mso-width-alt:9947;width:204pt'>\n<tr height=0 style='display:none'>\n<td class=xl15544 width=56 style='width:42pt'>44250<\/td>\n<td class=xl15544 width=135 style='width:101pt'><\/td>\n<td class=xl15544 width=166 style='width:125pt'><\/td>\n<td class=xl15544 width=246 style='width:185pt'><\/td>\n<td class=xl15544 width=162 style='width:122pt'><\/td>\n<td class=xl15544 width=229 style='width:172pt'><\/td>\n<td class=xl15544 width=217 style='width:163pt'><\/td>\n<td class=xl15544 width=137 style='width:103pt'><\/td>\n<td class=xl15544 width=209 style='width:157pt'><\/td>\n<td class=xl15544 width=216 style='width:162pt'><\/td>\n<td class=xl15544 width=746 style='width:560pt'><\/td>\n<td class=xl15544 width=156 style='width:117pt'><\/td>\n<td class=xl15544 width=389 style='width:292pt'><\/td>\n<td class=xl15544 width=269 style='width:202pt'><\/td>\n<td class=xl15544 width=174 style='width:131pt'><\/td>\n<td class=xl15544 width=205 style='width:154pt'><\/td>\n<td class=xl15544 width=286 style='width:215pt'><\/td>\n<td class=xl15544 width=284 style='width:213pt'><\/td>\n<td class=xl15544 width=733 style='width:550pt'><\/td>\n<td class=xl15544 width=735 style='width:551pt'><\/td>\n<td class=xl15544 width=286 style='width:215pt'><\/td>\n<td class=xl15544 width=123 style='width:92pt'><\/td>\n<td class=xl15544 width=140 style='width:105pt'><\/td>\n<td class=xl15544 width=272 style='width:204pt'><\/td>\n<\/tr>\n<tr height=20 style='height:15.0pt'>\n<td colspan=3 height=20 class=xl65544 width=357 style='height:15.0pt;\n  width:268pt'>T\u00cdTULO<\/td>\n<td colspan=3 class=xl65544 width=637 style='width:479pt'>NOMBRE CORTO<\/td>\n<td colspan=4 class=xl73544 width=779 style='width:585pt'>DESCRIPCI\u00d3N<\/td>\n<td class=xl15544><\/td>\n<td class=xl15544><\/td>\n<td class=xl15544><\/td>\n<td class=xl15544><\/td>\n<td class=xl15544><\/td>\n<td class=xl15544><\/td>\n<td class=xl15544><\/td>\n<td class=xl15544><\/td>\n<td class=xl15544><\/td>\n<td class=xl15544><\/td>\n<td class=xl15544><\/td>\n<td class=xl15544><\/td>\n<td class=xl15544><\/td>\n<td class=xl15544><\/td>\n<\/tr>\n<tr class=xl66544 height=77 style='mso-height-source:userset;height:57.75pt'>\n<td colspan=3 height=77 class=xl69544 width=357 style='height:57.75pt;\n  width:268pt'>Servicios ofrecidos<\/td>\n<td colspan=3 class=xl69544 width=637 style='width:479pt'>a69_f19<\/td>\n<td colspan=4 class=xl75544 width=779 style='border-right:.5pt solid black;\n  width:585pt'>La informaci\u00f3n para dar a conocer los servicios p\u00fablicos que<br \/>\n  presta el sujeto obligado, tanto de las actividades realizadas por la<br \/>\n  administraci\u00f3n p\u00fablica para satisfacer necesidades de la poblaci\u00f3n, como las<br \/>\n  realizadas por los sujetos obligados que no formen parte de la Administraci\u00f3n<br \/>\n  P\u00fablica, pero que involucren el uso de recursos p\u00fablicos. Los servicios deben<br \/>\n  estar al alcance de la poblaci\u00f3n sin necesidad de que el \u00e9sta los exija, como<br \/>\n  es el caso de los tr\u00e1mites.<\/td>\n<td class=xl66544 width=746 style='width:560pt'><\/td>\n<td class=xl66544 width=156 style='width:117pt'><\/td>\n<td class=xl66544 width=389 style='width:292pt'><\/td>\n<td class=xl66544 width=269 style='width:202pt'><\/td>\n<td class=xl66544 width=174 style='width:131pt'><\/td>\n<td class=xl66544 width=205 style='width:154pt'><\/td>\n<td class=xl66544 width=286 style='width:215pt'><\/td>\n<td class=xl66544 width=284 style='width:213pt'><\/td>\n<td class=xl66544 width=733 style='width:550pt'><\/td>\n<td class=xl66544 width=735 style='width:551pt'><\/td>\n<td class=xl66544 width=286 style='width:215pt'><\/td>\n<td class=xl66544 width=123 style='width:92pt'><\/td>\n<td class=xl66544 width=140 style='width:105pt'><\/td>\n<td class=xl66544 width=272 style='width:204pt'><\/td>\n<\/tr>\n<tr height=0 style='display:none'>\n<td class=xl15544>1<\/td>\n<td class=xl15544>4<\/td>\n<td class=xl15544>4<\/td>\n<td class=xl15544>2<\/td>\n<td class=xl15544>9<\/td>\n<td class=xl15544>1<\/td>\n<td class=xl15544>2<\/td>\n<td class=xl15544>1<\/td>\n<td class=xl15544>2<\/td>\n<td class=xl15544>2<\/td>\n<td class=xl15544>7<\/td>\n<td class=xl15544>1<\/td>\n<td class=xl15544>10<\/td>\n<td class=xl15544>1<\/td>\n<td class=xl15544>2<\/td>\n<td class=xl15544>2<\/td>\n<td class=xl15544>2<\/td>\n<td class=xl15544>2<\/td>\n<td class=xl15544>7<\/td>\n<td class=xl15544>7<\/td>\n<td class=xl15544>2<\/td>\n<td class=xl15544>4<\/td>\n<td class=xl15544>13<\/td>\n<td class=xl15544>14<\/td>\n<\/tr>\n<tr height=0 style='display:none'>\n<td class=xl15544>350704<\/td>\n<td class=xl15544>350705<\/td>\n<td class=xl15544>350706<\/td>\n<td class=xl15544>350690<\/td>\n<td class=xl15544>350709<\/td>\n<td class=xl15544>350713<\/td>\n<td class=xl15544>350692<\/td>\n<td class=xl15544>350711<\/td>\n<td class=xl15544>350693<\/td>\n<td class=xl15544>350694<\/td>\n<td class=xl15544>350700<\/td>\n<td class=xl15544>350688<\/td>\n<td class=xl15544>350710<\/td>\n<td class=xl15544>350689<\/td>\n<td class=xl15544>350695<\/td>\n<td class=xl15544>350712<\/td>\n<td class=xl15544>350691<\/td>\n<td class=xl15544>350696<\/td>\n<td class=xl15544>350699<\/td>\n<td class=xl15544>350698<\/td>\n<td class=xl15544>350708<\/td>\n<td class=xl15544>350697<\/td>\n<td class=xl15544>350703<\/td>\n<td class=xl15544>350707<\/td>\n<\/tr>\n<tr height=20 style='height:15.0pt'>\n<td colspan=24 height=20 class=xl65544 width=6571 style='height:15.0pt;\n  width:4933pt'>Tabla Campos<\/td>\n<\/tr>\n<tr class=xl70544 height=57 style='mso-height-source:userset;height:42.75pt'>\n<td height=57 class=xl69544 width=56 style='height:42.75pt;width:42pt'>Ejercicio<\/td>\n<td class=xl69544 width=135 style='border-left:none;width:101pt'>Fecha de<br \/>\n  inicio del periodo que se informa<\/td>\n<td class=xl69544 width=166 style='border-left:none;width:125pt'>Fecha de<br \/>\n  t\u00e9rmino del periodo que se informa<\/td>\n<td class=xl69544 width=246 style='border-left:none;width:185pt'>Denominaci\u00f3n<br \/>\n  del servicio<\/td>\n<td class=xl69544 width=162 style='border-left:none;width:122pt'>Tipo de<br \/>\n  servicio (cat\u00e1logo)<\/td>\n<td class=xl69544 width=229 style='border-left:none;width:172pt'>Tipo de<br \/>\n  usuario y\/o poblaci\u00f3n objetivo<\/td>\n<td class=xl69544 width=217 style='border-left:none;width:163pt'>Descripci\u00f3n<br \/>\n  del objetivo del servicio<\/td>\n<td class=xl69544 width=137 style='border-left:none;width:103pt'>Modalidad<br \/>\n  del servicio<\/td>\n<td class=xl69544 width=209 style='border-left:none;width:157pt'>Requisitos<br \/>\n  para obtener el servicio<\/td>\n<td class=xl69544 width=216 style='border-left:none;width:162pt'>Documentos<br \/>\n  requeridos, en su caso<\/td>\n<td class=xl69544 width=746 style='border-left:none;width:560pt'>Hiperv\u00ednculo<br \/>\n  a los formatos respectivo(s) publicado(s) en medio oficial<\/td>\n<td class=xl69544 width=156 style='border-left:none;width:117pt'>Tiempo de<br \/>\n  respuesta<\/td>\n<td class=xl72544 width=389 style='border-left:none;width:292pt'>\u00c1rea en la<br \/>\n  que se proporciona el servicio y los datos de contacto<\/td>\n<td class=xl69544 width=269 style='border-left:none;width:202pt'>Costo, en su<br \/>\n  caso especificar que es gratuito<\/td>\n<td class=xl69544 width=174 style='border-left:none;width:131pt'>Sustento<br \/>\n  legal para su cobro<\/td>\n<td class=xl69544 width=205 style='border-left:none;width:154pt'>Lugares<br \/>\n  donde se efect\u00faa el pago<\/td>\n<td class=xl69544 width=286 style='border-left:none;width:215pt'>Fundamento<br \/>\n  jur\u00eddico-administrativo del servicio<\/td>\n<td class=xl69544 width=284 style='border-left:none;width:213pt'>Derechos del<br \/>\n  usuario ante la negativa o la falta<\/td>\n<td class=xl69544 width=733 style='border-left:none;width:550pt'>Hiperv\u00ednculo<br \/>\n  informaci\u00f3n adicional del servicio<\/td>\n<td class=xl69544 width=735 style='border-left:none;width:551pt'>Hiperv\u00ednculo<br \/>\n  al cat\u00e1logo, manual o sistemas\u00a0<\/td>\n<td class=xl69544 width=286 style='border-left:none;width:215pt'>\u00c1rea(s)<br \/>\n  responsable(s) que genera(n), posee(n), publica(n) y actualizan la<br \/>\n  informaci\u00f3n<\/td>\n<td class=xl69544 width=123 style='border-left:none;width:92pt'>Fecha de<br \/>\n  validaci\u00f3n<\/td>\n<td class=xl69544 width=140 style='border-left:none;width:105pt'>Fecha de<br \/>\n  actualizaci\u00f3n<\/td>\n<td class=xl69544 width=272 style='border-left:none;width:204pt'>Nota<\/td>\n<\/tr>\n<tr class=xl66544 height=80 style='height:60.0pt'>\n<td height=80 class=xl67544 width=56 style='height:60.0pt;border-top:none;\n  width:42pt'>2018<\/td>\n<td class=xl71544 width=135 style='border-top:none;border-left:none;\n  width:101pt'>01-ene-18<\/td>\n<td class=xl71544 width=166 style='border-top:none;border-left:none;\n  width:125pt'>31-mar-18<\/td>\n<td class=xl67544 width=246 style='border-top:none;border-left:none;\n  width:185pt'>\u00a0Orientacion de Proyectos<br \/>\n  Productivos<\/td>\n<td class=xl67544 width=162 style='border-top:none;border-left:none;\n  width:122pt'>Directo<\/td>\n<td class=xl67544 width=229 style='border-top:none;border-left:none;\n  width:172pt'>A la poblacion solicitante de proyectos productivos\u00a0<\/td>\n<td class=xl67544 width=217 style='border-top:none;border-left:none;\n  width:163pt'>obtener\u00a0 un proyecto<br \/>\n  productivo<\/td>\n<td class=xl67544 width=137 style='border-top:none;border-left:none;\n  width:103pt'>Presencial<\/td>\n<td class=xl67544 width=209 style='border-top:none;border-left:none;\n  width:157pt'>Asistir al area de Desarrollo Agropecuario a solicitarlo<\/td>\n<td class=xl67544 width=216 style='border-top:none;border-left:none;\n  width:162pt'>INE,Curp,RFC,Comprobante de domicilio,Formato 32d<\/td>\n<td class=xl68544 width=746 style='border-top:none;border-left:none;\n  width:560pt'><a\n  href=\"https:\/\/www.apan.gob.mx\/descargables\/transparencia\/articulo69\/fraccion19\/2018_1\/agricultura\/FrXIXa1_1.pdf\">https:\/\/www.apan.gob.mx\/descargables\/transparencia\/articulo69\/fraccion19\/2018_1\/agricultura\/FrXIXa1_1.pdf<\/a><\/td>\n<td class=xl67544 width=156 style='border-top:none;border-left:none;\n  width:117pt'>ocho meses a un a\u00f1o<\/td>\n<td class=xl67544 width=389 style='border-top:none;border-left:none;\n  width:292pt'>Direccion de Desarrollo Agropecuario<\/td>\n<td class=xl67544 width=269 style='border-top:none;border-left:none;\n  width:202pt'>Gratuito<\/td>\n<td class=xl67544 width=174 style='border-top:none;border-left:none;\n  width:131pt'>Reglas de Operaci\u00f3n de SAGARPA<\/td>\n<td class=xl67544 width=205 style='border-top:none;border-left:none;\n  width:154pt'>Gratuito<\/td>\n<td class=xl67544 width=286 style='border-top:none;border-left:none;\n  width:215pt'>Reglas de Operaci\u00f3n de SAGARPA<\/td>\n<td class=xl67544 width=284 style='border-top:none;border-left:none;\n  width:213pt'>Verificacion del proyecto y Sondeo del mismo<\/td>\n<td class=xl68544 width=733 style='border-top:none;border-left:none;\n  width:550pt'><a\n  href=\"https:\/\/www.apan.gob.mx\/descargables\/transparencia\/articulo69\/fraccion19\/2018_1\/agricultura\/FrXIXa1_2.pdf\">https:\/\/www.apan.gob.mx\/descargables\/transparencia\/articulo69\/fraccion19\/2018_1\/agricultura\/FrXIXa1_2.pdf<\/a><\/td>\n<td class=xl68544 width=735 style='border-top:none;border-left:none;\n  width:551pt'><a\n  href=\"https:\/\/www.apan.gob.mx\/descargables\/transparencia\/articulo69\/fraccion19\/2018_1\/agricultura\/FrXIXa1_3.pdf\">https:\/\/www.apan.gob.mx\/descargables\/transparencia\/articulo69\/fraccion19\/2018_1\/agricultura\/FrXIXa1_3.pdf<\/a><\/td>\n<td class=xl67544 width=286 style='border-top:none;border-left:none;\n  width:215pt'>Direccion de Desarrollo Agropecuario<\/td>\n<td class=xl71544 width=123 style='border-top:none;border-left:none;\n  width:92pt'>06-abr-18<\/td>\n<td class=xl71544 width=140 style='border-top:none;border-left:none;\n  width:105pt'>01-ene-18<\/td>\n<td class=xl67544 width=272 style='border-top:none;border-left:none;\n  width:204pt'>La direccion de desarrollo agropecuario solo orienta y gestiona<br \/>\n  proyectos por esa razon no existe un lugar de cobro. Y no existe alguna<br \/>\n  oficina en el exterior.<\/td>\n<\/tr>\n<p> <![if supportMisalignedColumns]><\/p>\n<tr height=0 style='display:none'>\n<td width=56 style='width:42pt'><\/td>\n<td width=135 style='width:101pt'><\/td>\n<td width=166 style='width:125pt'><\/td>\n<td width=246 style='width:185pt'><\/td>\n<td width=162 style='width:122pt'><\/td>\n<td width=229 style='width:172pt'><\/td>\n<td width=217 style='width:163pt'><\/td>\n<td width=137 style='width:103pt'><\/td>\n<td width=209 style='width:157pt'><\/td>\n<td width=216 style='width:162pt'><\/td>\n<td width=746 style='width:560pt'><\/td>\n<td width=156 style='width:117pt'><\/td>\n<td width=389 style='width:292pt'><\/td>\n<td width=269 style='width:202pt'><\/td>\n<td width=174 style='width:131pt'><\/td>\n<td width=205 style='width:154pt'><\/td>\n<td width=286 style='width:215pt'><\/td>\n<td width=284 style='width:213pt'><\/td>\n<td width=733 style='width:550pt'><\/td>\n<td width=735 style='width:551pt'><\/td>\n<td width=286 style='width:215pt'><\/td>\n<td width=123 style='width:92pt'><\/td>\n<td width=140 style='width:105pt'><\/td>\n<td width=272 style='width:204pt'><\/td>\n<\/tr>\n<p> <![endif]><br \/>\n<\/table>\n<p>\t\t\t<a href=\"https:\/\/www.apan.gob.mx\/descargables\/transparencia\/articulo69\/fraccion19\/2018_1\/agricultura\/a69_f19.xlsx\"><br \/>\n\t\t\t\t\t\t\t\t\t\tDescargar<br \/>\n\t\t\t<\/a><\/p>\n<h2>\u00daltima fecha de modificaci\u00f3n de la informaci\u00f3n: 15-octubre-18<\/h2>\n","protected":false},"excerpt":{"rendered":"<p>44250 T\u00cdTULO NOMBRE CORTO DESCRIPCI\u00d3N Servicios ofrecidos a69_f19 La informaci\u00f3n para dar a conocer los servicios p\u00fablicos que presta el sujeto obligado, tanto de las actividades realizadas por la administraci\u00f3n p\u00fablica para satisfacer necesidades de la poblaci\u00f3n, como las realizadas por los sujetos obligados que no formen parte de la Administraci\u00f3n P\u00fablica, pero que involucren [&hellip;]<\/p>\n","protected":false},"author":1,"featured_media":0,"parent":0,"menu_order":0,"comment_status":"closed","ping_status":"closed","template":"page-template-full.php","meta":{"footnotes":""},"class_list":["post-1790","page","type-page","status-publish","hentry"],"jetpack_sharing_enabled":true,"_links":{"self":[{"href":"https:\/\/apan.gob.mx\/portal\/wp-json\/wp\/v2\/pages\/1790","targetHints":{"allow":["GET"]}}],"collection":[{"href":"https:\/\/apan.gob.mx\/portal\/wp-json\/wp\/v2\/pages"}],"about":[{"href":"https:\/\/apan.gob.mx\/portal\/wp-json\/wp\/v2\/types\/page"}],"author":[{"embeddable":true,"href":"https:\/\/apan.gob.mx\/portal\/wp-json\/wp\/v2\/users\/1"}],"replies":[{"embeddable":true,"href":"https:\/\/apan.gob.mx\/portal\/wp-json\/wp\/v2\/comments?post=1790"}],"version-history":[{"count":9,"href":"https:\/\/apan.gob.mx\/portal\/wp-json\/wp\/v2\/pages\/1790\/revisions"}],"predecessor-version":[{"id":4679,"href":"https:\/\/apan.gob.mx\/portal\/wp-json\/wp\/v2\/pages\/1790\/revisions\/4679"}],"wp:attachment":[{"href":"https:\/\/apan.gob.mx\/portal\/wp-json\/wp\/v2\/media?parent=1790"}],"curies":[{"name":"wp","href":"https:\/\/api.w.org\/{rel}","templated":true}]}}