{"id":1880,"date":"2018-04-19T01:14:42","date_gmt":"2018-04-19T01:14:42","guid":{"rendered":"https:\/\/apan.gob.mx\/portal\/?page_id=1880"},"modified":"2018-04-19T18:55:40","modified_gmt":"2018-04-19T18:55:40","slug":"planeacion_40_2016_4","status":"publish","type":"page","link":"https:\/\/apan.gob.mx\/portal\/planeacion_40_2016_4\/","title":{"rendered":"<!--planeacion_40_2016_4-->"},"content":{"rendered":"\t\t<div data-elementor-type=\"wp-page\" data-elementor-id=\"1880\" class=\"elementor elementor-1880 elementor-bc-flex-widget\">\n\t\t\t\t\t\t<div class=\"elementor-inner\">\n\t\t\t\t<div class=\"elementor-section-wrap\">\n\t\t\t\t\t\t\t\t\t<section class=\"has_ae_slider elementor-section elementor-top-section elementor-element elementor-element-7newozm elementor-section-boxed elementor-section-height-default elementor-section-height-default ae-bg-gallery-type-default\" data-id=\"7newozm\" data-element_type=\"section\">\n\t\t\t\t\t\t<div class=\"elementor-container elementor-column-gap-default\">\n\t\t\t\t\t\t\t<div class=\"elementor-row\">\n\t\t\t\t\t<div class=\"has_ae_slider elementor-column elementor-col-100 elementor-top-column elementor-element elementor-element-27f46vc ae-bg-gallery-type-default\" data-id=\"27f46vc\" data-element_type=\"column\">\n\t\t\t<div class=\"elementor-column-wrap elementor-element-populated\">\n\t\t\t\t\t\t\t<div class=\"elementor-widget-wrap\">\n\t\t\t\t\t\t<div class=\"elementor-element elementor-element-g2rk45m elementor-widget elementor-widget-html\" data-id=\"g2rk45m\" data-element_type=\"widget\" data-widget_type=\"html.default\">\n\t\t\t\t<div class=\"elementor-widget-container\">\n\t\t\t<style id=\"a69_f40_a_393_Styles\"><!--table\r\n\t{mso-displayed-decimal-separator:\"\\.\";\r\n\tmso-displayed-thousand-separator:\"\\,\";}\r\n.xl15393\r\n\t{padding-top:1px;\r\n\tpadding-right:1px;\r\n\tpadding-left:1px;\r\n\tmso-ignore:padding;\r\n\tcolor:black;\r\n\tfont-size:11.0pt;\r\n\tfont-weight:400;\r\n\tfont-style:normal;\r\n\ttext-decoration:none;\r\n\tfont-family:Calibri, sans-serif;\r\n\tmso-font-charset:0;\r\n\tmso-number-format:General;\r\n\ttext-align:general;\r\n\tvertical-align:bottom;\r\n\tmso-background-source:auto;\r\n\tmso-pattern:auto;\r\n\twhite-space:nowrap;}\r\n.xl65393\r\n\t{padding-top:1px;\r\n\tpadding-right:1px;\r\n\tpadding-left:1px;\r\n\tmso-ignore:padding;\r\n\tcolor:black;\r\n\tfont-size:10.0pt;\r\n\tfont-weight:400;\r\n\tfont-style:normal;\r\n\ttext-decoration:none;\r\n\tfont-family:Arial;\r\n\tmso-generic-font-family:auto;\r\n\tmso-font-charset:0;\r\n\tmso-number-format:General;\r\n\ttext-align:center;\r\n\tvertical-align:bottom;\r\n\tborder:.5pt solid windowtext;\r\n\tbackground:#E1E1E1;\r\n\tmso-pattern:black none;\r\n\twhite-space:normal;}\r\n.xl66393\r\n\t{padding-top:1px;\r\n\tpadding-right:1px;\r\n\tpadding-left:1px;\r\n\tmso-ignore:padding;\r\n\tcolor:white;\r\n\tfont-size:11.0pt;\r\n\tfont-weight:700;\r\n\tfont-style:normal;\r\n\ttext-decoration:none;\r\n\tfont-family:Arial;\r\n\tmso-generic-font-family:auto;\r\n\tmso-font-charset:0;\r\n\tmso-number-format:General;\r\n\ttext-align:center;\r\n\tvertical-align:bottom;\r\n\tborder:.5pt solid windowtext;\r\n\tbackground:#333333;\r\n\tmso-pattern:black none;\r\n\twhite-space:nowrap;}\r\n.xl67393\r\n\t{padding-top:1px;\r\n\tpadding-right:1px;\r\n\tpadding-left:1px;\r\n\tmso-ignore:padding;\r\n\tcolor:black;\r\n\tfont-size:10.0pt;\r\n\tfont-weight:400;\r\n\tfont-style:normal;\r\n\ttext-decoration:none;\r\n\tfont-family:Arial;\r\n\tmso-generic-font-family:auto;\r\n\tmso-font-charset:0;\r\n\tmso-number-format:General;\r\n\ttext-align:center;\r\n\tvertical-align:middle;\r\n\tborder:.5pt solid windowtext;\r\n\tbackground:#E1E1E1;\r\n\tmso-pattern:black none;\r\n\twhite-space:normal;}\r\n.xl68393\r\n\t{padding-top:1px;\r\n\tpadding-right:1px;\r\n\tpadding-left:1px;\r\n\tmso-ignore:padding;\r\n\tcolor:black;\r\n\tfont-size:11.0pt;\r\n\tfont-weight:400;\r\n\tfont-style:normal;\r\n\ttext-decoration:none;\r\n\tfont-family:Calibri, sans-serif;\r\n\tmso-font-charset:0;\r\n\tmso-number-format:General;\r\n\ttext-align:center;\r\n\tvertical-align:middle;\r\n\tmso-background-source:auto;\r\n\tmso-pattern:auto;\r\n\twhite-space:normal;}\r\n.xl69393\r\n\t{padding-top:1px;\r\n\tpadding-right:1px;\r\n\tpadding-left:1px;\r\n\tmso-ignore:padding;\r\n\tcolor:black;\r\n\tfont-size:10.0pt;\r\n\tfont-weight:400;\r\n\tfont-style:normal;\r\n\ttext-decoration:none;\r\n\tfont-family:Arial;\r\n\tmso-generic-font-family:auto;\r\n\tmso-font-charset:0;\r\n\tmso-number-format:General;\r\n\ttext-align:center;\r\n\tvertical-align:middle;\r\n\tborder:.5pt solid windowtext;\r\n\tbackground:#E1E1E1;\r\n\tmso-pattern:black none;\r\n\twhite-space:nowrap;}\r\n.xl70393\r\n\t{padding-top:1px;\r\n\tpadding-right:1px;\r\n\tpadding-left:1px;\r\n\tmso-ignore:padding;\r\n\tcolor:black;\r\n\tfont-size:11.0pt;\r\n\tfont-weight:400;\r\n\tfont-style:normal;\r\n\ttext-decoration:none;\r\n\tfont-family:Calibri, sans-serif;\r\n\tmso-font-charset:0;\r\n\tmso-number-format:General;\r\n\ttext-align:center;\r\n\tvertical-align:middle;\r\n\tmso-background-source:auto;\r\n\tmso-pattern:auto;\r\n\twhite-space:nowrap;}\r\n.xl71393\r\n\t{padding-top:1px;\r\n\tpadding-right:1px;\r\n\tpadding-left:1px;\r\n\tmso-ignore:padding;\r\n\tcolor:black;\r\n\tfont-size:11.0pt;\r\n\tfont-weight:400;\r\n\tfont-style:normal;\r\n\ttext-decoration:none;\r\n\tfont-family:Calibri, sans-serif;\r\n\tmso-font-charset:0;\r\n\tmso-number-format:General;\r\n\ttext-align:center;\r\n\tvertical-align:middle;\r\n\tborder:.5pt solid windowtext;\r\n\tbackground:white;\r\n\tmso-pattern:black none;\r\n\twhite-space:normal;}\r\n.xl72393\r\n\t{padding-top:1px;\r\n\tpadding-right:1px;\r\n\tpadding-left:1px;\r\n\tmso-ignore:padding;\r\n\tcolor:windowtext;\r\n\tfont-size:10.0pt;\r\n\tfont-weight:400;\r\n\tfont-style:normal;\r\n\ttext-decoration:none;\r\n\tfont-family:Arial, sans-serif;\r\n\tmso-font-charset:0;\r\n\tmso-number-format:General;\r\n\ttext-align:center;\r\n\tvertical-align:middle;\r\n\tborder:.5pt solid windowtext;\r\n\tbackground:white;\r\n\tmso-pattern:black none;\r\n\twhite-space:normal;}\r\n.xl73393\r\n\t{padding-top:1px;\r\n\tpadding-right:1px;\r\n\tpadding-left:1px;\r\n\tmso-ignore:padding;\r\n\tcolor:#0563C1;\r\n\tfont-size:11.0pt;\r\n\tfont-weight:400;\r\n\tfont-style:normal;\r\n\ttext-decoration:underline;\r\n\ttext-underline-style:single;\r\n\tfont-family:Calibri, sans-serif;\r\n\tmso-font-charset:0;\r\n\tmso-number-format:General;\r\n\ttext-align:center;\r\n\tvertical-align:middle;\r\n\tborder:.5pt solid windowtext;\r\n\tbackground:white;\r\n\tmso-pattern:black none;\r\n\twhite-space:nowrap;}\r\n.xl74393\r\n\t{padding-top:1px;\r\n\tpadding-right:1px;\r\n\tpadding-left:1px;\r\n\tmso-ignore:padding;\r\n\tcolor:black;\r\n\tfont-size:11.0pt;\r\n\tfont-weight:400;\r\n\tfont-style:normal;\r\n\ttext-decoration:none;\r\n\tfont-family:Calibri, sans-serif;\r\n\tmso-font-charset:0;\r\n\tmso-number-format:\"dd\\\/mm\\\/yyyy\\;\\@\";\r\n\ttext-align:center;\r\n\tvertical-align:middle;\r\n\tborder:.5pt solid windowtext;\r\n\tbackground:white;\r\n\tmso-pattern:black none;\r\n\twhite-space:normal;}\r\n.xl75393\r\n\t{padding-top:1px;\r\n\tpadding-right:1px;\r\n\tpadding-left:1px;\r\n\tmso-ignore:padding;\r\n\tcolor:black;\r\n\tfont-size:11.0pt;\r\n\tfont-weight:400;\r\n\tfont-style:normal;\r\n\ttext-decoration:none;\r\n\tfont-family:Calibri, sans-serif;\r\n\tmso-font-charset:0;\r\n\tmso-number-format:General;\r\n\ttext-align:center;\r\n\tvertical-align:middle;\r\n\tborder:.5pt solid windowtext;\r\n\tbackground:white;\r\n\tmso-pattern:black none;\r\n\twhite-space:nowrap;}\r\n.xl76393\r\n\t{padding-top:1px;\r\n\tpadding-right:1px;\r\n\tpadding-left:1px;\r\n\tmso-ignore:padding;\r\n\tcolor:windowtext;\r\n\tfont-size:10.0pt;\r\n\tfont-weight:400;\r\n\tfont-style:normal;\r\n\ttext-decoration:none;\r\n\tfont-family:Arial, sans-serif;\r\n\tmso-font-charset:0;\r\n\tmso-number-format:General;\r\n\ttext-align:center;\r\n\tvertical-align:middle;\r\n\tborder:.5pt solid windowtext;\r\n\tbackground:white;\r\n\tmso-pattern:black none;\r\n\twhite-space:nowrap;}\r\n--><\/style>\r\n<\/head>\r\n\r\n<body>\r\n<!--[if !excel]>&nbsp;&nbsp;<![endif]-->\r\n<!--La siguiente informaci\u00f3n se gener\u00f3 mediante el Asistente para publicar como\r\np\u00e1gina web de Microsoft Excel.-->\r\n<!--Si se vuelve a publicar el mismo elemento desde Excel, se reemplazar\u00e1 toda\r\nla informaci\u00f3n comprendida entre las etiquetas DIV.-->\r\n<!----------------------------->\r\n<!--INICIO DE LOS RESULTADOS DEL ASISTENTE PARA PUBLICAR COMO P\u00c1GINA WEB DE\r\nEXCEL -->\r\n<!----------------------------->\r\n\r\n<div id=\"a69_f40_a_393\" align=center x:publishsource=\"Excel\">\r\n\r\n<table border=0 cellpadding=0 cellspacing=0 width=2048 style='border-collapse:\r\n collapse;table-layout:fixed;width:1538pt'>\r\n <col width=56 style='mso-width-source:userset;mso-width-alt:2048;width:42pt'>\r\n <col width=410 style='mso-width-source:userset;mso-width-alt:14994;width:308pt'>\r\n <col width=194 style='mso-width-source:userset;mso-width-alt:7094;width:146pt'>\r\n <col width=788 style='mso-width-source:userset;mso-width-alt:28818;width:591pt'>\r\n <col width=123 style='mso-width-source:userset;mso-width-alt:4498;width:92pt'>\r\n <col width=214 style='mso-width-source:userset;mso-width-alt:7826;width:161pt'>\r\n <col width=48 style='mso-width-source:userset;mso-width-alt:1755;width:36pt'>\r\n <col width=150 style='mso-width-source:userset;mso-width-alt:5485;width:113pt'>\r\n <col width=65 style='mso-width-source:userset;mso-width-alt:2377;width:49pt'>\r\n <tr height=0 style='display:none'>\r\n  <td class=xl15393 width=56 style='width:42pt'>25241<\/td>\r\n  <td class=xl15393 width=410 style='width:308pt'><\/td>\r\n  <td class=xl15393 width=194 style='width:146pt'><\/td>\r\n  <td class=xl15393 width=788 style='width:591pt'><\/td>\r\n  <td class=xl15393 width=123 style='width:92pt'><\/td>\r\n  <td class=xl15393 width=214 style='width:161pt'><\/td>\r\n  <td class=xl15393 width=48 style='width:36pt'><\/td>\r\n  <td class=xl15393 width=150 style='width:113pt'><\/td>\r\n  <td class=xl15393 width=65 style='width:49pt'><\/td>\r\n <\/tr>\r\n <tr height=20 style='height:15.0pt'>\r\n  <td colspan=3 height=20 class=xl66393 style='height:15.0pt'>T\u00cdTULO<\/td>\r\n  <td colspan=3 class=xl66393>NOMBRE CORTO<\/td>\r\n  <td colspan=3 class=xl66393>DESCRIPCI\u00d3N<\/td>\r\n <\/tr>\r\n <tr class=xl70393 height=56 style='mso-height-source:userset;height:42.0pt'>\r\n  <td colspan=3 height=56 class=xl67393 width=660 style='height:42.0pt;\r\n  width:496pt'>FRACCI\u00d3N XL.- Evaluaciones de programas institucionales.<\/td>\r\n  <td colspan=3 class=xl69393>a69_f40_a<\/td>\r\n  <td colspan=3 class=xl67393 width=263 style='width:198pt'>Todas las\r\n  evaluaciones, y encuestas que hagan los sujetos obligados a programas\r\n  financiados con recursos p\u00fablicos;<span style='mso-spacerun:yes'>\u00a0<\/span><\/td>\r\n <\/tr>\r\n <tr height=0 style='display:none'>\r\n  <td class=xl15393>1<\/td>\r\n  <td class=xl15393>2<\/td>\r\n  <td class=xl15393>2<\/td>\r\n  <td class=xl15393>7<\/td>\r\n  <td class=xl15393>4<\/td>\r\n  <td class=xl15393>1<\/td>\r\n  <td class=xl15393>12<\/td>\r\n  <td class=xl15393>13<\/td>\r\n  <td class=xl15393>14<\/td>\r\n <\/tr>\r\n <tr height=0 style='display:none'>\r\n  <td class=xl15393>59585<\/td>\r\n  <td class=xl15393>59593<\/td>\r\n  <td class=xl15393>59586<\/td>\r\n  <td class=xl15393>59587<\/td>\r\n  <td class=xl15393>59590<\/td>\r\n  <td class=xl15393>59588<\/td>\r\n  <td class=xl15393>59591<\/td>\r\n  <td class=xl15393>59592<\/td>\r\n  <td class=xl15393>59589<\/td>\r\n <\/tr>\r\n <tr height=20 style='height:15.0pt'>\r\n  <td colspan=9 height=20 class=xl66393 style='height:15.0pt'>Tabla Campos<\/td>\r\n <\/tr>\r\n <tr height=35 style='height:26.25pt'>\r\n  <td height=35 class=xl65393 width=56 style='height:26.25pt;width:42pt'>Ejercicio<\/td>\r\n  <td class=xl65393 width=410 style='border-left:none;width:308pt'>Denominaci\u00f3n\r\n  del programa evaluado:<\/td>\r\n  <td class=xl65393 width=194 style='border-left:none;width:146pt'>Denominaci\u00f3n\r\n  de la evaluaci\u00f3n:<\/td>\r\n  <td class=xl65393 width=788 style='border-left:none;width:591pt'>Hiperv\u00ednculo\r\n  a los resultados:<\/td>\r\n  <td class=xl65393 width=123 style='border-left:none;width:92pt'>Fecha de\r\n  validaci\u00f3n<\/td>\r\n  <td class=xl65393 width=214 style='border-left:none;width:161pt'>\u00c1rea\r\n  responsable de la informaci\u00f3n<\/td>\r\n  <td class=xl65393 width=48 style='border-left:none;width:36pt'>A\u00f1o<\/td>\r\n  <td class=xl65393 width=150 style='border-left:none;width:113pt'>Fecha de\r\n  actualizaci\u00f3n<\/td>\r\n  <td class=xl65393 width=65 style='border-left:none;width:49pt'>Nota<\/td>\r\n <\/tr>\r\n <tr height=34 style='height:25.5pt'>\r\n  <td height=34 class=xl71393 width=56 style='height:25.5pt;border-top:none;\r\n  width:42pt'>2016<\/td>\r\n  <td class=xl72393 width=410 style='border-top:none;border-left:none;\r\n  width:308pt'>PROGRAMA AGENDA DE DESARROLLO MUNICIPAL<\/td>\r\n  <td class=xl72393 width=194 style='border-top:none;border-left:none;\r\n  width:146pt'>INDICADORES ADM<\/td>\r\n  <td class=xl73393 style='border-top:none;border-left:none'><a\r\n  href=\"https:\/\/www.apan.gob.mx\/descargables\/transparencia\/articulo69\/fraccion40\/2016_4\/planeacion\/FrXLa1_1.pdf\">https:\/\/www.apan.gob.mx\/descargables\/transparencia\/articulo69\/fraccion40\/2016_4\/planeacion\/FrXLa1_1.pdf<\/a><\/td>\r\n  <td class=xl74393 width=123 style='border-top:none;border-left:none;\r\n  width:92pt'>31\/12\/2016<\/td>\r\n  <td class=xl72393 width=214 style='border-top:none;border-left:none;\r\n  width:161pt'>PLANEACI\u00d3N Y EVALUACI\u00d3N DEL DESEMPE\u00d1O<\/td>\r\n  <td class=xl75393 style='border-top:none;border-left:none'>2016<\/td>\r\n  <td class=xl74393 width=150 style='border-top:none;border-left:none;\r\n  width:113pt'>31\/12\/2016<\/td>\r\n  <td class=xl76393 style='border-top:none;border-left:none'>NINGUNA<\/td>\r\n <\/tr>\r\n <tr height=34 style='height:25.5pt'>\r\n  <td height=34 class=xl71393 width=56 style='height:25.5pt;border-top:none;\r\n  width:42pt'>2016<\/td>\r\n  <td class=xl72393 width=410 style='border-top:none;border-left:none;\r\n  width:308pt'>PROGRAMA AGENDA DE DESARROLLO MUNICIPAL<\/td>\r\n  <td class=xl72393 width=194 style='border-top:none;border-left:none;\r\n  width:146pt'>INDICADORES ADM<\/td>\r\n  <td class=xl73393 style='border-top:none;border-left:none'><a\r\n  href=\"https:\/\/www.apan.gob.mx\/descargables\/transparencia\/articulo69\/fraccion40\/2016_4\/planeacion\/FrXLa2_1.pdf\">https:\/\/www.apan.gob.mx\/descargables\/transparencia\/articulo69\/fraccion40\/2016_4\/planeacion\/FrXLa2_1.pdf<\/a><\/td>\r\n  <td class=xl74393 width=123 style='border-top:none;border-left:none;\r\n  width:92pt'>31\/12\/2016<\/td>\r\n  <td class=xl72393 width=214 style='border-top:none;border-left:none;\r\n  width:161pt'>PLANEACI\u00d3N Y EVALUACI\u00d3N DEL DESEMPE\u00d1O<\/td>\r\n  <td class=xl75393 style='border-top:none;border-left:none'>2016<\/td>\r\n  <td class=xl74393 width=150 style='border-top:none;border-left:none;\r\n  width:113pt'>31\/12\/2016<\/td>\r\n  <td class=xl76393 style='border-top:none;border-left:none'>NINGUNA<\/td>\r\n <\/tr>\r\n <![if supportMisalignedColumns]>\r\n <tr height=0 style='display:none'>\r\n  <td width=56 style='width:42pt'><\/td>\r\n  <td width=410 style='width:308pt'><\/td>\r\n  <td width=194 style='width:146pt'><\/td>\r\n  <td width=788 style='width:591pt'><\/td>\r\n  <td width=123 style='width:92pt'><\/td>\r\n  <td width=214 style='width:161pt'><\/td>\r\n  <td width=48 style='width:36pt'><\/td>\r\n  <td width=150 style='width:113pt'><\/td>\r\n  <td width=65 style='width:49pt'><\/td>\r\n <\/tr>\r\n <![endif]>\r\n<\/table>\r\n\r\n<\/div>\r\n\t\t<\/div>\n\t\t\t\t<\/div>\n\t\t\t\t\t\t<\/div>\n\t\t\t\t\t<\/div>\n\t\t<\/div>\n\t\t\t\t\t\t\t\t<\/div>\n\t\t\t\t\t<\/div>\n\t\t<\/section>\n\t\t\t\t<section class=\"has_ae_slider elementor-section elementor-top-section elementor-element elementor-element-lgo8gxu elementor-section-boxed elementor-section-height-default elementor-section-height-default ae-bg-gallery-type-default\" data-id=\"lgo8gxu\" data-element_type=\"section\">\n\t\t\t\t\t\t<div class=\"elementor-container elementor-column-gap-default\">\n\t\t\t\t\t\t\t<div class=\"elementor-row\">\n\t\t\t\t\t<div class=\"has_ae_slider elementor-column elementor-col-100 elementor-top-column elementor-element elementor-element-zetgd2p ae-bg-gallery-type-default\" data-id=\"zetgd2p\" data-element_type=\"column\">\n\t\t\t<div class=\"elementor-column-wrap elementor-element-populated\">\n\t\t\t\t\t\t\t<div class=\"elementor-widget-wrap\">\n\t\t\t\t\t\t<div class=\"elementor-element elementor-element-cfikdw9 elementor-widget elementor-widget-heading\" data-id=\"cfikdw9\" data-element_type=\"widget\" data-widget_type=\"heading.default\">\n\t\t\t\t<div class=\"elementor-widget-container\">\n\t\t\t<h2 class=\"elementor-heading-title elementor-size-small\">Se actualizo informaci\u00f3n por observaciones.<\/h2>\t\t<\/div>\n\t\t\t\t<\/div>\n\t\t\t\t<div class=\"elementor-element elementor-element-90peqjc elementor-widget elementor-widget-heading\" data-id=\"90peqjc\" data-element_type=\"widget\" data-widget_type=\"heading.default\">\n\t\t\t\t<div class=\"elementor-widget-container\">\n\t\t\t<h2 class=\"elementor-heading-title elementor-size-small\">Fecha en que se subi\u00f3 la informaci\u00f3n: 18-abril-18<\/h2>\t\t<\/div>\n\t\t\t\t<\/div>\n\t\t\t\t\t\t<\/div>\n\t\t\t\t\t<\/div>\n\t\t<\/div>\n\t\t\t\t\t\t\t\t<\/div>\n\t\t\t\t\t<\/div>\n\t\t<\/section>\n\t\t\t\t\t\t\t\t\t<\/div>\n\t\t\t<\/div>\n\t\t\t\t\t<\/div>\n\t\t","protected":false},"excerpt":{"rendered":"<p>25241 T\u00cdTULO NOMBRE CORTO DESCRIPCI\u00d3N FRACCI\u00d3N XL.- Evaluaciones de programas institucionales. a69_f40_a Todas las evaluaciones, y encuestas que hagan los sujetos obligados a programas financiados con recursos p\u00fablicos;\u00a0 1 2 2 7 4 1 12 13 14 59585 59593 59586 59587 59590 59588 59591 59592 59589 Tabla Campos Ejercicio Denominaci\u00f3n del programa evaluado: Denominaci\u00f3n de [&hellip;]<\/p>\n","protected":false},"author":1,"featured_media":0,"parent":0,"menu_order":0,"comment_status":"closed","ping_status":"closed","template":"page-template-full.php","meta":[],"jetpack_sharing_enabled":true,"_links":{"self":[{"href":"https:\/\/apan.gob.mx\/portal\/wp-json\/wp\/v2\/pages\/1880"}],"collection":[{"href":"https:\/\/apan.gob.mx\/portal\/wp-json\/wp\/v2\/pages"}],"about":[{"href":"https:\/\/apan.gob.mx\/portal\/wp-json\/wp\/v2\/types\/page"}],"author":[{"embeddable":true,"href":"https:\/\/apan.gob.mx\/portal\/wp-json\/wp\/v2\/users\/1"}],"replies":[{"embeddable":true,"href":"https:\/\/apan.gob.mx\/portal\/wp-json\/wp\/v2\/comments?post=1880"}],"version-history":[{"count":3,"href":"https:\/\/apan.gob.mx\/portal\/wp-json\/wp\/v2\/pages\/1880\/revisions"}],"predecessor-version":[{"id":1926,"href":"https:\/\/apan.gob.mx\/portal\/wp-json\/wp\/v2\/pages\/1880\/revisions\/1926"}],"wp:attachment":[{"href":"https:\/\/apan.gob.mx\/portal\/wp-json\/wp\/v2\/media?parent=1880"}],"curies":[{"name":"wp","href":"https:\/\/api.w.org\/{rel}","templated":true}]}}