{"id":1986,"date":"2018-04-25T00:55:16","date_gmt":"2018-04-25T00:55:16","guid":{"rendered":"https:\/\/apan.gob.mx\/portal\/?page_id=1986"},"modified":"2018-04-25T13:54:31","modified_gmt":"2018-04-25T13:54:31","slug":"transparencia_13_2018_1","status":"publish","type":"page","link":"https:\/\/apan.gob.mx\/portal\/transparencia_13_2018_1\/","title":{"rendered":"<!--transparencia_13_2018_1-->"},"content":{"rendered":"\t\t<div data-elementor-type=\"wp-page\" data-elementor-id=\"1986\" class=\"elementor elementor-1986 elementor-bc-flex-widget\">\n\t\t\t\t\t\t<section class=\"has_ae_slider elementor-section elementor-top-section elementor-element elementor-element-le2qbx1 elementor-section-boxed elementor-section-height-default elementor-section-height-default ae-bg-gallery-type-default\" data-id=\"le2qbx1\" data-element_type=\"section\" data-e-type=\"section\">\n\t\t\t\t\t\t<div class=\"elementor-container elementor-column-gap-default\">\n\t\t\t\t\t<div class=\"has_ae_slider elementor-column elementor-col-100 elementor-top-column elementor-element elementor-element-3sf11sn ae-bg-gallery-type-default\" data-id=\"3sf11sn\" data-element_type=\"column\" data-e-type=\"column\">\n\t\t\t<div class=\"elementor-widget-wrap elementor-element-populated\">\n\t\t\t\t\t\t<div class=\"elementor-element elementor-element-s8wqajq elementor-widget elementor-widget-heading\" data-id=\"s8wqajq\" data-element_type=\"widget\" data-e-type=\"widget\" data-widget_type=\"heading.default\">\n\t\t\t\t<div class=\"elementor-widget-container\">\n\t\t\t\t\t<h2 class=\"elementor-heading-title elementor-size-medium\">Fracci\u00f3n Xlll<\/h2>\t\t\t\t<\/div>\n\t\t\t\t<\/div>\n\t\t\t\t\t<\/div>\n\t\t<\/div>\n\t\t\t\t\t<\/div>\n\t\t<\/section>\n\t\t\t\t<section class=\"has_ae_slider elementor-section elementor-top-section elementor-element elementor-element-ephhsrc elementor-section-boxed elementor-section-height-default elementor-section-height-default ae-bg-gallery-type-default\" data-id=\"ephhsrc\" data-element_type=\"section\" data-e-type=\"section\">\n\t\t\t\t\t\t<div class=\"elementor-container elementor-column-gap-default\">\n\t\t\t\t\t<div class=\"has_ae_slider elementor-column elementor-col-100 elementor-top-column elementor-element elementor-element-hdwhril ae-bg-gallery-type-default\" data-id=\"hdwhril\" data-element_type=\"column\" data-e-type=\"column\">\n\t\t\t<div class=\"elementor-widget-wrap elementor-element-populated\">\n\t\t\t\t\t\t<div class=\"elementor-element elementor-element-itppebf elementor-widget elementor-widget-text-editor\" data-id=\"itppebf\" data-element_type=\"widget\" data-e-type=\"widget\" data-widget_type=\"text-editor.default\">\n\t\t\t\t<div class=\"elementor-widget-container\">\n\t\t\t\t\t\t\t\t\t<h4><strong>Descripci\u00f3n:<\/strong><\/h4><p>La informaci\u00f3n necesaria para que las personas puedan establecer contacto y comunicaci\u00f3n con la respectiva Unidad de Transparencia (UT) del sujeto obligado, incluyendo datos generales de los responsables de la UT as\u00ed como el domicilio oficial y direcci\u00f3n electr\u00f3nica en la cual se podr\u00e1n recibir solicitudes de informaci\u00f3n p\u00fablica.<\/p><h5><strong>Nombre y cargos del personal habilitado en la Unidad de Transparencia:<\/strong><\/h5><p>Vicente Mu\u00f1oz Fern\u00e1ndez (Titular de la unidad de transparencia)<\/p><p>Calle y numero: Lauro L. Mendez No. 4<\/p><p>Colonia: Centro<\/p><p>Municipio: Apan<\/p><p>Estado: Hidalgo<\/p><p>C.P. 43900<\/p><p>Tel\u00e9fono: 01(748)91-2-03-16 Ext.\u00a0116<\/p><p>Horario de atenci\u00f3n:<\/p><p>de lunea a viernes de 09:00 a 15:30 hras. Y sabados de 09:00 a 12:00 hras.<\/p><p>Correo electr\u00f3nico: <a href=\"mailto:transparencia@apan.gob.mx\">transparencia@apan.gob.mx<\/a><\/p><p>\u00c1rea responsable que genera, posee, publica y actualizan la informaci\u00f3n:<\/p><p>Unidad de Transparencia del Municipio de Apan, Hidalgo.<\/p><h4><strong>Se reciben solicitudes de informaci\u00f3n p\u00fablica:<\/strong><\/h4><h5><a href=\"http:\/\/infomex.hidalgo.gob.mx\/infomexhidalgo\/\" target=\"_blank\" rel=\"noopener noreferrer\">http:\/\/infomex.hidalgo.gob.mx\/infomexhidalgo\/<\/a><\/h5><p><iframe style=\"border: 0;\" src=\"https:\/\/www.google.com\/maps\/embed?pb=!1m18!1m12!1m3!1d939.018834623132!2d-98.45353327082432!3d19.709416399170493!2m3!1f0!2f0!3f0!3m2!1i1024!2i768!4f13.1!3m3!1m2!1s0x85d0351b6926fc71%3A0xabd4066fc1f33c82!2sLauro+L+M%C3%A9ndez+Pte+4%2C+Centro%2C+43900+Apan%2C+Hgo.!5e0!3m2!1ses!2smx!4v1504837731069\" width=\"400\" height=\"300\" frameborder=\"0\" allowfullscreen=\"allowfullscreen\"><\/iframe><\/p>\t\t\t\t\t\t\t\t<\/div>\n\t\t\t\t<\/div>\n\t\t\t\t\t<\/div>\n\t\t<\/div>\n\t\t\t\t\t<\/div>\n\t\t<\/section>\n\t\t\t\t<section class=\"has_ae_slider elementor-section elementor-top-section elementor-element elementor-element-rytii6p elementor-section-boxed elementor-section-height-default elementor-section-height-default ae-bg-gallery-type-default\" data-id=\"rytii6p\" data-element_type=\"section\" data-e-type=\"section\">\n\t\t\t\t\t\t<div class=\"elementor-container elementor-column-gap-default\">\n\t\t\t\t\t<div class=\"has_ae_slider elementor-column elementor-col-100 elementor-top-column elementor-element elementor-element-b0olo1c ae-bg-gallery-type-default\" data-id=\"b0olo1c\" data-element_type=\"column\" data-e-type=\"column\">\n\t\t\t<div class=\"elementor-widget-wrap elementor-element-populated\">\n\t\t\t\t\t\t<div class=\"elementor-element elementor-element-vuqvqyr elementor-widget elementor-widget-heading\" data-id=\"vuqvqyr\" data-element_type=\"widget\" data-e-type=\"widget\" data-widget_type=\"heading.default\">\n\t\t\t\t<div class=\"elementor-widget-container\">\n\t\t\t\t\t<h2 class=\"elementor-heading-title elementor-size-small\">Fecha en que se subi\u00f3 la informaci\u00f3n: 25-abril-18<\/h2>\t\t\t\t<\/div>\n\t\t\t\t<\/div>\n\t\t\t\t\t<\/div>\n\t\t<\/div>\n\t\t\t\t\t<\/div>\n\t\t<\/section>\n\t\t\t\t<\/div>\n\t\t","protected":false},"excerpt":{"rendered":"<p>Fracci\u00f3n Xlll Descripci\u00f3n: La informaci\u00f3n necesaria para que las personas puedan establecer contacto y comunicaci\u00f3n con la respectiva Unidad de Transparencia (UT) del sujeto obligado, incluyendo datos generales de los responsables de la UT as\u00ed como el domicilio oficial y direcci\u00f3n electr\u00f3nica en la cual se podr\u00e1n recibir solicitudes de informaci\u00f3n p\u00fablica. Nombre y cargos [&hellip;]<\/p>\n","protected":false},"author":1,"featured_media":0,"parent":0,"menu_order":0,"comment_status":"closed","ping_status":"closed","template":"page-template-full.php","meta":{"footnotes":""},"class_list":["post-1986","page","type-page","status-publish","hentry"],"jetpack_sharing_enabled":true,"_links":{"self":[{"href":"https:\/\/apan.gob.mx\/portal\/wp-json\/wp\/v2\/pages\/1986","targetHints":{"allow":["GET"]}}],"collection":[{"href":"https:\/\/apan.gob.mx\/portal\/wp-json\/wp\/v2\/pages"}],"about":[{"href":"https:\/\/apan.gob.mx\/portal\/wp-json\/wp\/v2\/types\/page"}],"author":[{"embeddable":true,"href":"https:\/\/apan.gob.mx\/portal\/wp-json\/wp\/v2\/users\/1"}],"replies":[{"embeddable":true,"href":"https:\/\/apan.gob.mx\/portal\/wp-json\/wp\/v2\/comments?post=1986"}],"version-history":[{"count":6,"href":"https:\/\/apan.gob.mx\/portal\/wp-json\/wp\/v2\/pages\/1986\/revisions"}],"predecessor-version":[{"id":1995,"href":"https:\/\/apan.gob.mx\/portal\/wp-json\/wp\/v2\/pages\/1986\/revisions\/1995"}],"wp:attachment":[{"href":"https:\/\/apan.gob.mx\/portal\/wp-json\/wp\/v2\/media?parent=1986"}],"curies":[{"name":"wp","href":"https:\/\/api.w.org\/{rel}","templated":true}]}}