{"id":2217,"date":"2018-05-02T23:11:48","date_gmt":"2018-05-02T23:11:48","guid":{"rendered":"https:\/\/apan.gob.mx\/portal\/?page_id=2217"},"modified":"2018-05-02T23:12:55","modified_gmt":"2018-05-02T23:12:55","slug":"contraloria_18_2018_1","status":"publish","type":"page","link":"https:\/\/apan.gob.mx\/portal\/contraloria_18_2018_1\/","title":{"rendered":"<!--contraloria_18_2018_1-->"},"content":{"rendered":"\t\t<div data-elementor-type=\"wp-page\" data-elementor-id=\"2217\" class=\"elementor elementor-2217 elementor-bc-flex-widget\">\n\t\t\t\t\t\t<section class=\"has_ae_slider elementor-section elementor-top-section elementor-element elementor-element-sfkytsd elementor-section-boxed elementor-section-height-default elementor-section-height-default ae-bg-gallery-type-default\" data-id=\"sfkytsd\" data-element_type=\"section\" data-e-type=\"section\">\n\t\t\t\t\t\t<div class=\"elementor-container elementor-column-gap-default\">\n\t\t\t\t\t<div class=\"has_ae_slider elementor-column elementor-col-100 elementor-top-column elementor-element elementor-element-qdoewky ae-bg-gallery-type-default\" data-id=\"qdoewky\" data-element_type=\"column\" data-e-type=\"column\">\n\t\t\t<div class=\"elementor-widget-wrap elementor-element-populated\">\n\t\t\t\t\t\t<div class=\"elementor-element elementor-element-tvsxpge elementor-widget elementor-widget-heading\" data-id=\"tvsxpge\" data-element_type=\"widget\" data-e-type=\"widget\" data-widget_type=\"heading.default\">\n\t\t\t\t<div class=\"elementor-widget-container\">\n\t\t\t\t\t<h2 class=\"elementor-heading-title elementor-size-medium\">Fracci\u00f3n XVlll<\/h2>\t\t\t\t<\/div>\n\t\t\t\t<\/div>\n\t\t\t\t<div class=\"elementor-element elementor-element-ytg9h7z elementor-widget elementor-widget-html\" data-id=\"ytg9h7z\" data-element_type=\"widget\" data-e-type=\"widget\" data-widget_type=\"html.default\">\n\t\t\t\t<div class=\"elementor-widget-container\">\n\t\t\t\t\t<style id=\"a69_f18_14244_Styles\">\r\n<!--table\r\n\t{mso-displayed-decimal-separator:\"\\.\";\r\n\tmso-displayed-thousand-separator:\"\\,\";}\r\n.xl1514244\r\n\t{padding-top:1px;\r\n\tpadding-right:1px;\r\n\tpadding-left:1px;\r\n\tmso-ignore:padding;\r\n\tcolor:black;\r\n\tfont-size:11.0pt;\r\n\tfont-weight:400;\r\n\tfont-style:normal;\r\n\ttext-decoration:none;\r\n\tfont-family:Calibri, sans-serif;\r\n\tmso-font-charset:0;\r\n\tmso-number-format:General;\r\n\ttext-align:general;\r\n\tvertical-align:bottom;\r\n\tmso-background-source:auto;\r\n\tmso-pattern:auto;\r\n\twhite-space:nowrap;}\r\n.xl6514244\r\n\t{padding-top:1px;\r\n\tpadding-right:1px;\r\n\tpadding-left:1px;\r\n\tmso-ignore:padding;\r\n\tcolor:black;\r\n\tfont-size:10.0pt;\r\n\tfont-weight:400;\r\n\tfont-style:normal;\r\n\ttext-decoration:none;\r\n\tfont-family:Arial, sans-serif;\r\n\tmso-font-charset:0;\r\n\tmso-number-format:General;\r\n\ttext-align:center;\r\n\tvertical-align:bottom;\r\n\tborder:.5pt solid windowtext;\r\n\tbackground:#E1E1E1;\r\n\tmso-pattern:black none;\r\n\twhite-space:normal;}\r\n.xl6614244\r\n\t{padding-top:1px;\r\n\tpadding-right:1px;\r\n\tpadding-left:1px;\r\n\tmso-ignore:padding;\r\n\tcolor:white;\r\n\tfont-size:11.0pt;\r\n\tfont-weight:700;\r\n\tfont-style:normal;\r\n\ttext-decoration:none;\r\n\tfont-family:Arial, sans-serif;\r\n\tmso-font-charset:0;\r\n\tmso-number-format:General;\r\n\ttext-align:center;\r\n\tvertical-align:bottom;\r\n\tborder:.5pt solid windowtext;\r\n\tbackground:#333333;\r\n\tmso-pattern:black none;\r\n\twhite-space:nowrap;}\r\n.xl6714244\r\n\t{padding-top:1px;\r\n\tpadding-right:1px;\r\n\tpadding-left:1px;\r\n\tmso-ignore:padding;\r\n\tcolor:black;\r\n\tfont-size:10.0pt;\r\n\tfont-weight:400;\r\n\tfont-style:normal;\r\n\ttext-decoration:none;\r\n\tfont-family:Arial, sans-serif;\r\n\tmso-font-charset:0;\r\n\tmso-number-format:General;\r\n\ttext-align:general;\r\n\tvertical-align:bottom;\r\n\tborder:.5pt solid windowtext;\r\n\tbackground:#E1E1E1;\r\n\tmso-pattern:black none;\r\n\twhite-space:nowrap;}\r\n.xl6814244\r\n\t{padding-top:1px;\r\n\tpadding-right:1px;\r\n\tpadding-left:1px;\r\n\tmso-ignore:padding;\r\n\tcolor:black;\r\n\tfont-size:11.0pt;\r\n\tfont-weight:400;\r\n\tfont-style:normal;\r\n\ttext-decoration:none;\r\n\tfont-family:Calibri, sans-serif;\r\n\tmso-font-charset:0;\r\n\tmso-number-format:General;\r\n\ttext-align:general;\r\n\tvertical-align:bottom;\r\n\tborder:.5pt solid windowtext;\r\n\tbackground:white;\r\n\tmso-pattern:black none;\r\n\twhite-space:nowrap;}\r\n.xl6914244\r\n\t{padding-top:1px;\r\n\tpadding-right:1px;\r\n\tpadding-left:1px;\r\n\tmso-ignore:padding;\r\n\tcolor:black;\r\n\tfont-size:11.0pt;\r\n\tfont-weight:400;\r\n\tfont-style:normal;\r\n\ttext-decoration:none;\r\n\tfont-family:Calibri, sans-serif;\r\n\tmso-font-charset:0;\r\n\tmso-number-format:\"Medium Date\";\r\n\ttext-align:general;\r\n\tvertical-align:bottom;\r\n\tborder:.5pt solid windowtext;\r\n\tbackground:white;\r\n\tmso-pattern:black none;\r\n\twhite-space:nowrap;}\r\n.xl7014244\r\n\t{padding-top:1px;\r\n\tpadding-right:1px;\r\n\tpadding-left:1px;\r\n\tmso-ignore:padding;\r\n\tcolor:#0563C1;\r\n\tfont-size:11.0pt;\r\n\tfont-weight:400;\r\n\tfont-style:normal;\r\n\ttext-decoration:underline;\r\n\ttext-underline-style:single;\r\n\tfont-family:Calibri, sans-serif;\r\n\tmso-font-charset:0;\r\n\tmso-number-format:General;\r\n\ttext-align:general;\r\n\tvertical-align:bottom;\r\n\tborder:.5pt solid windowtext;\r\n\tbackground:white;\r\n\tmso-pattern:black none;\r\n\twhite-space:nowrap;}\r\n-->\r\n<\/style>\r\n<\/head>\r\n\r\n<body>\r\n<!--[if !excel]>&nbsp;&nbsp;<![endif]-->\r\n<!--La siguiente informaci\u00f3n se gener\u00f3 mediante el Asistente para publicar como\r\np\u00e1gina web de Microsoft Excel.-->\r\n<!--Si se vuelve a publicar el mismo elemento desde Excel, se reemplazar\u00e1 toda\r\nla informaci\u00f3n comprendida entre las etiquetas DIV.-->\r\n<!----------------------------->\r\n<!--INICIO DE LOS RESULTADOS DEL ASISTENTE PARA PUBLICAR COMO P\u00c1GINA WEB DE\r\nEXCEL -->\r\n<!----------------------------->\r\n\r\n<div id=\"a69_f18_14244\" align=center x:publishsource=\"Excel\">\r\n\r\n<table border=0 cellpadding=0 cellspacing=0 width=5879 style='border-collapse:\r\n collapse;table-layout:fixed;width:4412pt'>\r\n <col width=56 style='mso-width-source:userset;mso-width-alt:2048;width:42pt'>\r\n <col width=255 style='mso-width-source:userset;mso-width-alt:9325;width:191pt'>\r\n <col width=270 style='mso-width-source:userset;mso-width-alt:9874;width:203pt'>\r\n <col width=247 style='mso-width-source:userset;mso-width-alt:9033;width:185pt'>\r\n <col width=269 style='mso-width-source:userset;mso-width-alt:9837;width:202pt'>\r\n <col width=286 style='mso-width-source:userset;mso-width-alt:10459;width:215pt'>\r\n <col width=156 style='mso-width-source:userset;mso-width-alt:5705;width:117pt'>\r\n <col width=149 style='mso-width-source:userset;mso-width-alt:5449;width:112pt'>\r\n <col width=398 style='mso-width-source:userset;mso-width-alt:14555;width:299pt'>\r\n <col width=147 style='mso-width-source:userset;mso-width-alt:5376;width:110pt'>\r\n <col width=267 style='mso-width-source:userset;mso-width-alt:9764;width:200pt'>\r\n <col width=146 style='mso-width-source:userset;mso-width-alt:5339;width:110pt'>\r\n <col width=141 style='mso-width-source:userset;mso-width-alt:5156;width:106pt'>\r\n <col width=202 style='mso-width-source:userset;mso-width-alt:7387;width:152pt'>\r\n <col width=195 style='mso-width-source:userset;mso-width-alt:7131;width:146pt'>\r\n <col width=709 style='mso-width-source:userset;mso-width-alt:25929;width:532pt'>\r\n <col width=714 style='mso-width-source:userset;mso-width-alt:26112;width:536pt'>\r\n <col width=691 style='mso-width-source:userset;mso-width-alt:25270;width:518pt'>\r\n <col width=318 style='mso-width-source:userset;mso-width-alt:11629;width:239pt'>\r\n <col width=123 style='mso-width-source:userset;mso-width-alt:4498;width:92pt'>\r\n <col width=140 style='mso-width-source:userset;mso-width-alt:5120;width:105pt'>\r\n <tr height=0 style='display:none'>\r\n  <td class=xl1514244 width=56 style='width:42pt'>44249<\/td>\r\n  <td class=xl1514244 width=255 style='width:191pt'><\/td>\r\n  <td class=xl1514244 width=270 style='width:203pt'><\/td>\r\n  <td class=xl1514244 width=247 style='width:185pt'><\/td>\r\n  <td class=xl1514244 width=269 style='width:202pt'><\/td>\r\n  <td class=xl1514244 width=286 style='width:215pt'><\/td>\r\n  <td class=xl1514244 width=156 style='width:117pt'><\/td>\r\n  <td class=xl1514244 width=149 style='width:112pt'><\/td>\r\n  <td class=xl1514244 width=398 style='width:299pt'><\/td>\r\n  <td class=xl1514244 width=147 style='width:110pt'><\/td>\r\n  <td class=xl1514244 width=267 style='width:200pt'><\/td>\r\n  <td class=xl1514244 width=146 style='width:110pt'><\/td>\r\n  <td class=xl1514244 width=141 style='width:106pt'><\/td>\r\n  <td class=xl1514244 width=202 style='width:152pt'><\/td>\r\n  <td class=xl1514244 width=195 style='width:146pt'><\/td>\r\n  <td class=xl1514244 width=709 style='width:532pt'><\/td>\r\n  <td class=xl1514244 width=714 style='width:536pt'><\/td>\r\n  <td class=xl1514244 width=691 style='width:518pt'><\/td>\r\n  <td class=xl1514244 width=318 style='width:239pt'><\/td>\r\n  <td class=xl1514244 width=123 style='width:92pt'><\/td>\r\n  <td class=xl1514244 width=140 style='width:105pt'><\/td>\r\n <\/tr>\r\n <tr height=20 style='height:15.0pt'>\r\n  <td colspan=3 height=20 class=xl6614244 style='height:15.0pt'>T\u00cdTULO<\/td>\r\n  <td colspan=3 class=xl6614244>NOMBRE CORTO<\/td>\r\n  <td colspan=2 class=xl1514244><\/td>\r\n  <td class=xl1514244><\/td>\r\n  <td class=xl1514244><\/td>\r\n  <td class=xl1514244><\/td>\r\n  <td class=xl1514244><\/td>\r\n  <td class=xl1514244><\/td>\r\n  <td class=xl1514244><\/td>\r\n  <td class=xl1514244><\/td>\r\n  <td class=xl1514244><\/td>\r\n  <td class=xl1514244><\/td>\r\n  <td class=xl1514244><\/td>\r\n  <td class=xl1514244><\/td>\r\n  <td class=xl1514244><\/td>\r\n  <td class=xl1514244><\/td>\r\n <\/tr>\r\n <tr height=20 style='height:15.0pt'>\r\n  <td colspan=3 height=20 class=xl6714244 style='height:15.0pt'>Sanciones\r\n  administrativas a los(as) servidores(as)<\/td>\r\n  <td colspan=3 class=xl6714244>a69_f18<\/td>\r\n  <td colspan=2 class=xl1514244><\/td>\r\n  <td class=xl1514244><\/td>\r\n  <td class=xl1514244><\/td>\r\n  <td class=xl1514244><\/td>\r\n  <td class=xl1514244><\/td>\r\n  <td class=xl1514244><\/td>\r\n  <td class=xl1514244><\/td>\r\n  <td class=xl1514244><\/td>\r\n  <td class=xl1514244><\/td>\r\n  <td class=xl1514244><\/td>\r\n  <td class=xl1514244><\/td>\r\n  <td class=xl1514244><\/td>\r\n  <td class=xl1514244><\/td>\r\n  <td class=xl1514244><\/td>\r\n <\/tr>\r\n <tr height=0 style='display:none'>\r\n  <td class=xl1514244>1<\/td>\r\n  <td class=xl1514244>4<\/td>\r\n  <td class=xl1514244>4<\/td>\r\n  <td class=xl1514244>1<\/td>\r\n  <td class=xl1514244>1<\/td>\r\n  <td class=xl1514244>1<\/td>\r\n  <td class=xl1514244>1<\/td>\r\n  <td class=xl1514244>1<\/td>\r\n  <td class=xl1514244>1<\/td>\r\n  <td class=xl1514244>2<\/td>\r\n  <td class=xl1514244>9<\/td>\r\n  <td class=xl1514244>1<\/td>\r\n  <td class=xl1514244>1<\/td>\r\n  <td class=xl1514244>4<\/td>\r\n  <td class=xl1514244>2<\/td>\r\n  <td class=xl1514244>1<\/td>\r\n  <td class=xl1514244>7<\/td>\r\n  <td class=xl1514244>7<\/td>\r\n  <td class=xl1514244>2<\/td>\r\n  <td class=xl1514244>4<\/td>\r\n  <td class=xl1514244>13<\/td>\r\n <\/tr>\r\n <tr height=0 style='display:none'>\r\n  <td class=xl1514244>350672<\/td>\r\n  <td class=xl1514244>350681<\/td>\r\n  <td class=xl1514244>350680<\/td>\r\n  <td class=xl1514244>350670<\/td>\r\n  <td class=xl1514244>350671<\/td>\r\n  <td class=xl1514244>350685<\/td>\r\n  <td class=xl1514244>350686<\/td>\r\n  <td class=xl1514244>350668<\/td>\r\n  <td class=xl1514244>350669<\/td>\r\n  <td class=xl1514244>350678<\/td>\r\n  <td class=xl1514244>350676<\/td>\r\n  <td class=xl1514244>350664<\/td>\r\n  <td class=xl1514244>350665<\/td>\r\n  <td class=xl1514244>350687<\/td>\r\n  <td class=xl1514244>350684<\/td>\r\n  <td class=xl1514244>350666<\/td>\r\n  <td class=xl1514244>350674<\/td>\r\n  <td class=xl1514244>350675<\/td>\r\n  <td class=xl1514244>350683<\/td>\r\n  <td class=xl1514244>350673<\/td>\r\n  <td class=xl1514244>350679<\/td>\r\n <\/tr>\r\n <tr height=20 style='height:15.0pt'>\r\n  <td colspan=21 height=20 class=xl6614244 style='height:15.0pt'>Tabla Campos<\/td>\r\n <\/tr>\r\n <tr height=35 style='height:26.25pt'>\r\n  <td height=35 class=xl6514244 width=56 style='height:26.25pt;width:42pt'>Ejercicio<\/td>\r\n  <td class=xl6514244 width=255 style='border-left:none;width:191pt'>Fecha de\r\n  inicio del periodo que se informa<\/td>\r\n  <td class=xl6514244 width=270 style='border-left:none;width:203pt'>Fecha de\r\n  t\u00e9rmino del periodo que se informa<\/td>\r\n  <td class=xl6514244 width=247 style='border-left:none;width:185pt'>Nombre(s)\r\n  del (la) servidor(a) p\u00fablico(a)<span style='mso-spacerun:yes'>\u00a0<\/span><\/td>\r\n  <td class=xl6514244 width=269 style='border-left:none;width:202pt'>Primer\r\n  apellido del (la) servidor(a) p\u00fablico(a)<\/td>\r\n  <td class=xl6514244 width=286 style='border-left:none;width:215pt'>Segundo\r\n  apellido del (la) servidor(a) p\u00fablico(a)<span\r\n  style='mso-spacerun:yes'>\u00a0<\/span><\/td>\r\n  <td class=xl6514244 width=156 style='border-left:none;width:117pt'>Denominaci\u00f3n\r\n  del puesto<\/td>\r\n  <td class=xl6514244 width=149 style='border-left:none;width:112pt'>Denominaci\u00f3n\r\n  del cargo<\/td>\r\n  <td class=xl6514244 width=398 style='border-left:none;width:299pt'>Denominaci\u00f3n\r\n  del \u00e1rea de adscripci\u00f3n del(a) servidor(a) p\u00fablico(a)<\/td>\r\n  <td class=xl6514244 width=147 style='border-left:none;width:110pt'>Tipo de\r\n  sanci\u00f3n<\/td>\r\n  <td class=xl6514244 width=267 style='border-left:none;width:200pt'>Orden\r\n  jur\u00edsdiccional de la sanci\u00f3n (cat\u00e1logo)<\/td>\r\n  <td class=xl6514244 width=146 style='border-left:none;width:110pt'>Autoridad\r\n  sancionadora<\/td>\r\n  <td class=xl6514244 width=141 style='border-left:none;width:106pt'>N\u00famero de\r\n  expediente<\/td>\r\n  <td class=xl6514244 width=202 style='border-left:none;width:152pt'>Fecha de\r\n  resoluci\u00f3n en la que se aprob\u00f3 la sanci\u00f3n<\/td>\r\n  <td class=xl6514244 width=195 style='border-left:none;width:146pt'>Causa de\r\n  la sanci\u00f3n<\/td>\r\n  <td class=xl6514244 width=709 style='border-left:none;width:532pt'>Denominaci\u00f3n\r\n  de la normatividad infringida<\/td>\r\n  <td class=xl6514244 width=714 style='border-left:none;width:536pt'>Hiperv\u00ednculo\r\n  a la resoluci\u00f3n de aprobaci\u00f3n de la sanci\u00f3n<\/td>\r\n  <td class=xl6514244 width=691 style='border-left:none;width:518pt'>Hiperv\u00ednculo\r\n  al sistema de registro de sanciones<\/td>\r\n  <td class=xl6514244 width=318 style='border-left:none;width:239pt'>\u00c1rea(s)\r\n  responsable(s) que genera(n), posee(n), publica(n) y actualizan la\r\n  informaci\u00f3n<\/td>\r\n  <td class=xl6514244 width=123 style='border-left:none;width:92pt'>Fecha de\r\n  validaci\u00f3n<\/td>\r\n  <td class=xl6514244 width=140 style='border-left:none;width:105pt'>Fecha de\r\n  actualizaci\u00f3n<\/td>\r\n <\/tr>\r\n <tr height=20 style='height:15.0pt'>\r\n  <td height=20 class=xl6814244 align=right style='height:15.0pt;border-top:\r\n  none'>2018<\/td>\r\n  <td class=xl6914244 align=right style='border-top:none;border-left:none'>01-ene-18<\/td>\r\n  <td class=xl6914244 align=right style='border-top:none;border-left:none'>31-mar-18<\/td>\r\n  <td class=xl6814244 style='border-top:none;border-left:none'>Pedro<\/td>\r\n  <td class=xl6814244 style='border-top:none;border-left:none'>Davila<\/td>\r\n  <td class=xl6814244 style='border-top:none;border-left:none'>Aleman<\/td>\r\n  <td class=xl6814244 style='border-top:none;border-left:none'>sindicalizado<\/td>\r\n  <td class=xl6814244 style='border-top:none;border-left:none'>fontanero<\/td>\r\n  <td class=xl6814244 style='border-top:none;border-left:none'>CAAPAM<\/td>\r\n  <td class=xl6814244 style='border-top:none;border-left:none'>destituci\u00f3n del\r\n  puesto<\/td>\r\n  <td class=xl6814244 style='border-top:none;border-left:none'>Estatal<\/td>\r\n  <td class=xl6814244 style='border-top:none;border-left:none'>contraloria<\/td>\r\n  <td class=xl6814244 style='border-top:none;border-left:none'>CON\/002\/2017<\/td>\r\n  <td class=xl6914244 align=right style='border-top:none;border-left:none'>04-ene-17<\/td>\r\n  <td class=xl6814244 style='border-top:none;border-left:none'>Faltas de\r\n  probidad y honradez<\/td>\r\n  <td class=xl6814244 style='border-top:none;border-left:none'>articulo 47\r\n  fraccion III y XVIII de la ley de responsabilidades de los servidores\r\n  publicos para el estado de Hidalgo<\/td>\r\n  <td class=xl7014244 style='border-top:none;border-left:none'><a\r\n  href=\"https:\/\/www.apan.gob.mx\/descargables\/transparencia\/articulo69\/fraccion18\/2018_1\/FrXVIIIa1_1.pdf\">https:\/\/www.apan.gob.mx\/descargables\/transparencia\/articulo69\/fraccion18\/2018_1\/FrXVIIIa1_1.pdf<\/a><\/td>\r\n  <td class=xl7014244 style='border-top:none;border-left:none'><a\r\n  href=\"https:\/\/www.apan.gob.mx\/descargables\/transparencia\/articulo69\/fraccion18\/2018_1\/FrXVIIIa1_2.pdf\">https:\/\/www.apan.gob.mx\/descargables\/transparencia\/articulo69\/fraccion18\/2018_1\/FrXVIIIa1_2.pdf<\/a><\/td>\r\n  <td class=xl6814244 style='border-top:none;border-left:none'>contraloria<\/td>\r\n  <td class=xl6914244 align=right style='border-top:none;border-left:none'>30-jun-17<\/td>\r\n  <td class=xl6914244 align=right style='border-top:none;border-left:none'>03-ene-18<\/td>\r\n <\/tr>\r\n <![if supportMisalignedColumns]>\r\n <tr height=0 style='display:none'>\r\n  <td width=56 style='width:42pt'><\/td>\r\n  <td width=255 style='width:191pt'><\/td>\r\n  <td width=270 style='width:203pt'><\/td>\r\n  <td width=247 style='width:185pt'><\/td>\r\n  <td width=269 style='width:202pt'><\/td>\r\n  <td width=286 style='width:215pt'><\/td>\r\n  <td width=156 style='width:117pt'><\/td>\r\n  <td width=149 style='width:112pt'><\/td>\r\n  <td width=398 style='width:299pt'><\/td>\r\n  <td width=147 style='width:110pt'><\/td>\r\n  <td width=267 style='width:200pt'><\/td>\r\n  <td width=146 style='width:110pt'><\/td>\r\n  <td width=141 style='width:106pt'><\/td>\r\n  <td width=202 style='width:152pt'><\/td>\r\n  <td width=195 style='width:146pt'><\/td>\r\n  <td width=709 style='width:532pt'><\/td>\r\n  <td width=714 style='width:536pt'><\/td>\r\n  <td width=691 style='width:518pt'><\/td>\r\n  <td width=318 style='width:239pt'><\/td>\r\n  <td width=123 style='width:92pt'><\/td>\r\n  <td width=140 style='width:105pt'><\/td>\r\n <\/tr>\r\n <![endif]>\r\n<\/table>\r\n\r\n<\/div>\r\n\r\n\t\t\t\t<\/div>\n\t\t\t\t<\/div>\n\t\t\t\t<div class=\"elementor-element elementor-element-fagylql elementor-widget elementor-widget-heading\" data-id=\"fagylql\" data-element_type=\"widget\" data-e-type=\"widget\" data-widget_type=\"heading.default\">\n\t\t\t\t<div class=\"elementor-widget-container\">\n\t\t\t\t\t<h2 class=\"elementor-heading-title elementor-size-small\">Fecha en que se subi\u00f3 la informaci\u00f3n: 02-mayo-18<\/h2>\t\t\t\t<\/div>\n\t\t\t\t<\/div>\n\t\t\t\t\t<\/div>\n\t\t<\/div>\n\t\t\t\t\t<\/div>\n\t\t<\/section>\n\t\t\t\t<\/div>\n\t\t","protected":false},"excerpt":{"rendered":"<p>Fracci\u00f3n XVlll 44249 T\u00cdTULO NOMBRE CORTO Sanciones administrativas a los(as) servidores(as) a69_f18 1 4 4 1 1 1 1 1 1 2 9 1 1 4 2 1 7 7 2 4 13 350672 350681 350680 350670 350671 350685 350686 350668 350669 350678 350676 350664 350665 350687 350684 350666 350674 350675 350683 350673 350679 Tabla [&hellip;]<\/p>\n","protected":false},"author":1,"featured_media":0,"parent":0,"menu_order":0,"comment_status":"closed","ping_status":"closed","template":"page-template-full.php","meta":{"footnotes":""},"class_list":["post-2217","page","type-page","status-publish","hentry"],"jetpack_sharing_enabled":true,"_links":{"self":[{"href":"https:\/\/apan.gob.mx\/portal\/wp-json\/wp\/v2\/pages\/2217","targetHints":{"allow":["GET"]}}],"collection":[{"href":"https:\/\/apan.gob.mx\/portal\/wp-json\/wp\/v2\/pages"}],"about":[{"href":"https:\/\/apan.gob.mx\/portal\/wp-json\/wp\/v2\/types\/page"}],"author":[{"embeddable":true,"href":"https:\/\/apan.gob.mx\/portal\/wp-json\/wp\/v2\/users\/1"}],"replies":[{"embeddable":true,"href":"https:\/\/apan.gob.mx\/portal\/wp-json\/wp\/v2\/comments?post=2217"}],"version-history":[{"count":2,"href":"https:\/\/apan.gob.mx\/portal\/wp-json\/wp\/v2\/pages\/2217\/revisions"}],"predecessor-version":[{"id":2219,"href":"https:\/\/apan.gob.mx\/portal\/wp-json\/wp\/v2\/pages\/2217\/revisions\/2219"}],"wp:attachment":[{"href":"https:\/\/apan.gob.mx\/portal\/wp-json\/wp\/v2\/media?parent=2217"}],"curies":[{"name":"wp","href":"https:\/\/api.w.org\/{rel}","templated":true}]}}