{"id":2225,"date":"2018-05-02T23:34:32","date_gmt":"2018-05-02T23:34:32","guid":{"rendered":"https:\/\/apan.gob.mx\/portal\/?page_id=2225"},"modified":"2018-05-02T23:38:36","modified_gmt":"2018-05-02T23:38:36","slug":"desaeco_20_2018_1","status":"publish","type":"page","link":"https:\/\/apan.gob.mx\/portal\/desaeco_20_2018_1\/","title":{"rendered":"<!--desaeco_20_2018_1-->"},"content":{"rendered":"\t\t<div data-elementor-type=\"wp-page\" data-elementor-id=\"2225\" class=\"elementor elementor-2225 elementor-bc-flex-widget\">\n\t\t\t\t\t\t<section class=\"has_ae_slider elementor-section elementor-top-section elementor-element elementor-element-gftafsc elementor-section-boxed elementor-section-height-default elementor-section-height-default ae-bg-gallery-type-default\" data-id=\"gftafsc\" data-element_type=\"section\" data-e-type=\"section\">\n\t\t\t\t\t\t<div class=\"elementor-container elementor-column-gap-default\">\n\t\t\t\t\t<div class=\"has_ae_slider elementor-column elementor-col-100 elementor-top-column elementor-element elementor-element-pgufrtm ae-bg-gallery-type-default\" data-id=\"pgufrtm\" data-element_type=\"column\" data-e-type=\"column\">\n\t\t\t<div class=\"elementor-widget-wrap elementor-element-populated\">\n\t\t\t\t\t\t<div class=\"elementor-element elementor-element-nqoylqa elementor-widget elementor-widget-heading\" data-id=\"nqoylqa\" data-element_type=\"widget\" data-e-type=\"widget\" data-widget_type=\"heading.default\">\n\t\t\t\t<div class=\"elementor-widget-container\">\n\t\t\t\t\t<h2 class=\"elementor-heading-title elementor-size-medium\">Fracci\u00f3n XX<\/h2>\t\t\t\t<\/div>\n\t\t\t\t<\/div>\n\t\t\t\t<div class=\"elementor-element elementor-element-95s7j8v elementor-widget elementor-widget-html\" data-id=\"95s7j8v\" data-element_type=\"widget\" data-e-type=\"widget\" data-widget_type=\"html.default\">\n\t\t\t\t<div class=\"elementor-widget-container\">\n\t\t\t\t\t<style id=\"a69_f20 (8)_25397_Styles\"><!--table\r\n\t{mso-displayed-decimal-separator:\"\\.\";\r\n\tmso-displayed-thousand-separator:\"\\,\";}\r\n.xl1525397\r\n\t{padding-top:1px;\r\n\tpadding-right:1px;\r\n\tpadding-left:1px;\r\n\tmso-ignore:padding;\r\n\tcolor:black;\r\n\tfont-size:11.0pt;\r\n\tfont-weight:400;\r\n\tfont-style:normal;\r\n\ttext-decoration:none;\r\n\tfont-family:Calibri, sans-serif;\r\n\tmso-font-charset:0;\r\n\tmso-number-format:General;\r\n\ttext-align:general;\r\n\tvertical-align:bottom;\r\n\tmso-background-source:auto;\r\n\tmso-pattern:auto;\r\n\twhite-space:nowrap;}\r\n.xl6525397\r\n\t{padding-top:1px;\r\n\tpadding-right:1px;\r\n\tpadding-left:1px;\r\n\tmso-ignore:padding;\r\n\tcolor:black;\r\n\tfont-size:10.0pt;\r\n\tfont-weight:400;\r\n\tfont-style:normal;\r\n\ttext-decoration:none;\r\n\tfont-family:Arial, sans-serif;\r\n\tmso-font-charset:0;\r\n\tmso-number-format:General;\r\n\ttext-align:center;\r\n\tvertical-align:bottom;\r\n\tborder:.5pt solid windowtext;\r\n\tbackground:#E1E1E1;\r\n\tmso-pattern:black none;\r\n\twhite-space:normal;}\r\n.xl6625397\r\n\t{padding-top:1px;\r\n\tpadding-right:1px;\r\n\tpadding-left:1px;\r\n\tmso-ignore:padding;\r\n\tcolor:white;\r\n\tfont-size:11.0pt;\r\n\tfont-weight:700;\r\n\tfont-style:normal;\r\n\ttext-decoration:none;\r\n\tfont-family:Arial, sans-serif;\r\n\tmso-font-charset:0;\r\n\tmso-number-format:General;\r\n\ttext-align:center;\r\n\tvertical-align:bottom;\r\n\tborder:.5pt solid windowtext;\r\n\tbackground:#333333;\r\n\tmso-pattern:black none;\r\n\twhite-space:normal;}\r\n.xl6725397\r\n\t{padding-top:1px;\r\n\tpadding-right:1px;\r\n\tpadding-left:1px;\r\n\tmso-ignore:padding;\r\n\tcolor:black;\r\n\tfont-size:10.0pt;\r\n\tfont-weight:400;\r\n\tfont-style:normal;\r\n\ttext-decoration:none;\r\n\tfont-family:Arial, sans-serif;\r\n\tmso-font-charset:0;\r\n\tmso-number-format:General;\r\n\ttext-align:general;\r\n\tvertical-align:bottom;\r\n\tborder:.5pt solid windowtext;\r\n\tbackground:#E1E1E1;\r\n\tmso-pattern:black none;\r\n\twhite-space:nowrap;}\r\n.xl6825397\r\n\t{padding-top:1px;\r\n\tpadding-right:1px;\r\n\tpadding-left:1px;\r\n\tmso-ignore:padding;\r\n\tcolor:black;\r\n\tfont-size:11.0pt;\r\n\tfont-weight:400;\r\n\tfont-style:normal;\r\n\ttext-decoration:none;\r\n\tfont-family:Calibri, sans-serif;\r\n\tmso-font-charset:0;\r\n\tmso-number-format:General;\r\n\ttext-align:general;\r\n\tvertical-align:bottom;\r\n\tmso-background-source:auto;\r\n\tmso-pattern:auto;\r\n\twhite-space:normal;}\r\n.xl6925397\r\n\t{padding-top:1px;\r\n\tpadding-right:1px;\r\n\tpadding-left:1px;\r\n\tmso-ignore:padding;\r\n\tcolor:black;\r\n\tfont-size:11.0pt;\r\n\tfont-weight:400;\r\n\tfont-style:normal;\r\n\ttext-decoration:none;\r\n\tfont-family:Calibri, sans-serif;\r\n\tmso-font-charset:0;\r\n\tmso-number-format:General;\r\n\ttext-align:general;\r\n\tvertical-align:bottom;\r\n\tborder:.5pt solid windowtext;\r\n\tbackground:white;\r\n\tmso-pattern:black none;\r\n\twhite-space:nowrap;}\r\n.xl7025397\r\n\t{padding-top:1px;\r\n\tpadding-right:1px;\r\n\tpadding-left:1px;\r\n\tmso-ignore:padding;\r\n\tcolor:black;\r\n\tfont-size:11.0pt;\r\n\tfont-weight:400;\r\n\tfont-style:normal;\r\n\ttext-decoration:none;\r\n\tfont-family:Calibri, sans-serif;\r\n\tmso-font-charset:0;\r\n\tmso-number-format:\"Short Date\";\r\n\ttext-align:general;\r\n\tvertical-align:bottom;\r\n\tborder:.5pt solid windowtext;\r\n\tbackground:white;\r\n\tmso-pattern:black none;\r\n\twhite-space:nowrap;}\r\n.xl7125397\r\n\t{padding-top:1px;\r\n\tpadding-right:1px;\r\n\tpadding-left:1px;\r\n\tmso-ignore:padding;\r\n\tcolor:#0563C1;\r\n\tfont-size:11.0pt;\r\n\tfont-weight:400;\r\n\tfont-style:normal;\r\n\ttext-decoration:underline;\r\n\ttext-underline-style:single;\r\n\tfont-family:Calibri, sans-serif;\r\n\tmso-font-charset:0;\r\n\tmso-number-format:General;\r\n\ttext-align:general;\r\n\tvertical-align:bottom;\r\n\tborder:.5pt solid windowtext;\r\n\tbackground:white;\r\n\tmso-pattern:black none;\r\n\twhite-space:nowrap;}\r\n.xl7225397\r\n\t{padding-top:1px;\r\n\tpadding-right:1px;\r\n\tpadding-left:1px;\r\n\tmso-ignore:padding;\r\n\tcolor:black;\r\n\tfont-size:11.0pt;\r\n\tfont-weight:400;\r\n\tfont-style:normal;\r\n\ttext-decoration:none;\r\n\tfont-family:Calibri, sans-serif;\r\n\tmso-font-charset:0;\r\n\tmso-number-format:General;\r\n\ttext-align:general;\r\n\tvertical-align:bottom;\r\n\tborder:.5pt solid windowtext;\r\n\tbackground:white;\r\n\tmso-pattern:black none;\r\n\twhite-space:normal;}\r\n.xl7325397\r\n\t{padding-top:1px;\r\n\tpadding-right:1px;\r\n\tpadding-left:1px;\r\n\tmso-ignore:padding;\r\n\tcolor:black;\r\n\tfont-size:11.0pt;\r\n\tfont-weight:400;\r\n\tfont-style:normal;\r\n\ttext-decoration:none;\r\n\tfont-family:Calibri, sans-serif;\r\n\tmso-font-charset:0;\r\n\tmso-number-format:\"Medium Date\";\r\n\ttext-align:general;\r\n\tvertical-align:bottom;\r\n\tborder:.5pt solid windowtext;\r\n\tbackground:white;\r\n\tmso-pattern:black none;\r\n\twhite-space:nowrap;}\r\n.xl7425397\r\n\t{padding-top:1px;\r\n\tpadding-right:1px;\r\n\tpadding-left:1px;\r\n\tmso-ignore:padding;\r\n\tcolor:black;\r\n\tfont-size:10.0pt;\r\n\tfont-weight:400;\r\n\tfont-style:normal;\r\n\ttext-decoration:none;\r\n\tfont-family:Arial, sans-serif;\r\n\tmso-font-charset:0;\r\n\tmso-number-format:General;\r\n\ttext-align:general;\r\n\tvertical-align:bottom;\r\n\tborder:.5pt solid windowtext;\r\n\tbackground:#E1E1E1;\r\n\tmso-pattern:black none;\r\n\twhite-space:normal;}\r\n--><\/style>\r\n<\/head>\r\n\r\n<body>\r\n<!--[if !excel]>&nbsp;&nbsp;<![endif]-->\r\n<!--La siguiente informaci\u00f3n se gener\u00f3 mediante el Asistente para publicar como\r\np\u00e1gina web de Microsoft Excel.-->\r\n<!--Si se vuelve a publicar el mismo elemento desde Excel, se reemplazar\u00e1 toda\r\nla informaci\u00f3n comprendida entre las etiquetas DIV.-->\r\n<!----------------------------->\r\n<!--INICIO DE LOS RESULTADOS DEL ASISTENTE PARA PUBLICAR COMO P\u00c1GINA WEB DE\r\nEXCEL -->\r\n<!----------------------------->\r\n\r\n<div id=\"a69_f20 (8)_25397\" align=center x:publishsource=\"Excel\">\r\n\r\n<table border=0 cellpadding=0 cellspacing=0 width=6545 style='border-collapse:\r\n collapse;table-layout:fixed;width:4911pt'>\r\n <col width=56 style='mso-width-source:userset;mso-width-alt:2048;width:42pt'>\r\n <col width=255 style='mso-width-source:userset;mso-width-alt:9325;width:191pt'>\r\n <col width=270 style='mso-width-source:userset;mso-width-alt:9874;width:203pt'>\r\n <col width=159 style='mso-width-source:userset;mso-width-alt:5814;width:119pt'>\r\n <col width=229 style='mso-width-source:userset;mso-width-alt:8374;width:172pt'>\r\n <col width=215 style='mso-width-source:userset;mso-width-alt:7862;width:161pt'>\r\n <col width=135 style='mso-width-source:userset;mso-width-alt:4937;width:101pt'>\r\n <col width=781 style='mso-width-source:userset;mso-width-alt:28562;width:586pt'>\r\n <col width=147 style='mso-width-source:userset;mso-width-alt:5376;width:110pt'>\r\n <col width=241 style='mso-width-source:userset;mso-width-alt:8813;width:181pt'>\r\n <col width=304 style='mso-width-source:userset;mso-width-alt:11117;width:228pt'>\r\n <col width=228 style='mso-width-source:userset;mso-width-alt:8338;width:171pt'>\r\n <col width=373 style='mso-width-source:userset;mso-width-alt:13641;width:280pt'>\r\n <col width=273 style='mso-width-source:userset;mso-width-alt:9984;width:205pt'>\r\n <col width=174 style='mso-width-source:userset;mso-width-alt:6363;width:131pt'>\r\n <col width=414 style='mso-width-source:userset;mso-width-alt:15140;width:311pt'>\r\n <col width=365 style='mso-width-source:userset;mso-width-alt:13348;width:274pt'>\r\n <col width=277 style='mso-width-source:userset;mso-width-alt:10130;width:208pt'>\r\n <col width=242 style='mso-width-source:userset;mso-width-alt:8850;width:182pt'>\r\n <col width=512 style='mso-width-source:userset;mso-width-alt:18724;width:384pt'>\r\n <col width=123 style='mso-width-source:userset;mso-width-alt:4498;width:92pt'>\r\n <col width=140 style='mso-width-source:userset;mso-width-alt:5120;width:105pt'>\r\n <col class=xl6825397 width=632 style='mso-width-source:userset;mso-width-alt:\r\n 23113;width:474pt'>\r\n <tr height=0 style='display:none'>\r\n  <td class=xl1525397 width=56 style='width:42pt'>44251<\/td>\r\n  <td class=xl1525397 width=255 style='width:191pt'><\/td>\r\n  <td class=xl1525397 width=270 style='width:203pt'><\/td>\r\n  <td class=xl1525397 width=159 style='width:119pt'><\/td>\r\n  <td class=xl1525397 width=229 style='width:172pt'><\/td>\r\n  <td class=xl1525397 width=215 style='width:161pt'><\/td>\r\n  <td class=xl1525397 width=135 style='width:101pt'><\/td>\r\n  <td class=xl1525397 width=781 style='width:586pt'><\/td>\r\n  <td class=xl1525397 width=147 style='width:110pt'><\/td>\r\n  <td class=xl1525397 width=241 style='width:181pt'><\/td>\r\n  <td class=xl1525397 width=304 style='width:228pt'><\/td>\r\n  <td class=xl1525397 width=228 style='width:171pt'><\/td>\r\n  <td class=xl1525397 width=373 style='width:280pt'><\/td>\r\n  <td class=xl1525397 width=273 style='width:205pt'><\/td>\r\n  <td class=xl1525397 width=174 style='width:131pt'><\/td>\r\n  <td class=xl1525397 width=414 style='width:311pt'><\/td>\r\n  <td class=xl1525397 width=365 style='width:274pt'><\/td>\r\n  <td class=xl1525397 width=277 style='width:208pt'><\/td>\r\n  <td class=xl1525397 width=242 style='width:182pt'><\/td>\r\n  <td class=xl1525397 width=512 style='width:384pt'><\/td>\r\n  <td class=xl1525397 width=123 style='width:92pt'><\/td>\r\n  <td class=xl1525397 width=140 style='width:105pt'><\/td>\r\n  <td class=xl6825397 width=632 style='width:474pt'><\/td>\r\n <\/tr>\r\n <tr height=20 style='height:15.0pt'>\r\n  <td colspan=3 height=20 class=xl6625397 width=581 style='height:15.0pt;\r\n  width:436pt'>T\u00cdTULO<\/td>\r\n  <td colspan=3 class=xl6625397 width=603 style='width:452pt'>NOMBRE CORTO<\/td>\r\n  <td colspan=3 class=xl6625397 width=1063 style='width:797pt'>DESCRIPCI\u00d3N<\/td>\r\n  <td class=xl1525397><\/td>\r\n  <td class=xl1525397><\/td>\r\n  <td class=xl1525397><\/td>\r\n  <td class=xl1525397><\/td>\r\n  <td class=xl1525397><\/td>\r\n  <td class=xl1525397><\/td>\r\n  <td class=xl1525397><\/td>\r\n  <td class=xl1525397><\/td>\r\n  <td class=xl1525397><\/td>\r\n  <td class=xl1525397><\/td>\r\n  <td class=xl1525397><\/td>\r\n  <td class=xl1525397><\/td>\r\n  <td class=xl1525397><\/td>\r\n  <td class=xl6825397 width=632 style='width:474pt'><\/td>\r\n <\/tr>\r\n <tr height=60 style='mso-height-source:userset;height:45.0pt'>\r\n  <td colspan=3 height=60 class=xl6725397 style='height:45.0pt'>Tr\u00e1mites\r\n  ofrecidos<\/td>\r\n  <td colspan=3 class=xl6725397>a69_f20<\/td>\r\n  <td colspan=3 class=xl7425397 width=1063 style='width:797pt'>La informaci\u00f3n\r\n  relacionada con las tareas administrativas que realizan los sujetos obligados\r\n  en sus diferentes \u00e1mbitos con el objeto de atender las peticiones que\r\n  realicen los particulares ya sea para la obtenci\u00f3n de un beneficio, o cumplir\r\n  con alguna obligaci\u00f3n ante una autoridad, de conformidad con la normatividad\r\n  respecto de los tr\u00e1mites que realizan. Generalmente \u00e9stos implican la entrega\r\n  de informaci\u00f3n ante una autoridad por parte de los particulares.<\/td>\r\n  <td class=xl1525397><\/td>\r\n  <td class=xl1525397><\/td>\r\n  <td class=xl1525397><\/td>\r\n  <td class=xl1525397><\/td>\r\n  <td class=xl1525397><\/td>\r\n  <td class=xl1525397><\/td>\r\n  <td class=xl1525397><\/td>\r\n  <td class=xl1525397><\/td>\r\n  <td class=xl1525397><\/td>\r\n  <td class=xl1525397><\/td>\r\n  <td class=xl1525397><\/td>\r\n  <td class=xl1525397><\/td>\r\n  <td class=xl1525397><\/td>\r\n  <td class=xl6825397 width=632 style='width:474pt'><\/td>\r\n <\/tr>\r\n <tr height=0 style='display:none'>\r\n  <td class=xl1525397>1<\/td>\r\n  <td class=xl1525397>4<\/td>\r\n  <td class=xl1525397>4<\/td>\r\n  <td class=xl1525397>2<\/td>\r\n  <td class=xl1525397>2<\/td>\r\n  <td class=xl1525397>2<\/td>\r\n  <td class=xl1525397>1<\/td>\r\n  <td class=xl1525397>7<\/td>\r\n  <td class=xl1525397>2<\/td>\r\n  <td class=xl1525397>7<\/td>\r\n  <td class=xl1525397>1<\/td>\r\n  <td class=xl1525397>1<\/td>\r\n  <td class=xl1525397>10<\/td>\r\n  <td class=xl1525397>6<\/td>\r\n  <td class=xl1525397>2<\/td>\r\n  <td class=xl1525397>2<\/td>\r\n  <td class=xl1525397>2<\/td>\r\n  <td class=xl1525397>7<\/td>\r\n  <td class=xl1525397>7<\/td>\r\n  <td class=xl1525397>2<\/td>\r\n  <td class=xl1525397>4<\/td>\r\n  <td class=xl1525397>13<\/td>\r\n  <td class=xl6825397 width=632 style='width:474pt'>14<\/td>\r\n <\/tr>\r\n <tr height=0 style='display:none'>\r\n  <td class=xl1525397>350731<\/td>\r\n  <td class=xl1525397>350733<\/td>\r\n  <td class=xl1525397>350732<\/td>\r\n  <td class=xl1525397>350716<\/td>\r\n  <td class=xl1525397>350744<\/td>\r\n  <td class=xl1525397>350717<\/td>\r\n  <td class=xl1525397>350715<\/td>\r\n  <td class=xl1525397>350734<\/td>\r\n  <td class=xl1525397>350745<\/td>\r\n  <td class=xl1525397>350738<\/td>\r\n  <td class=xl1525397>350735<\/td>\r\n  <td class=xl1525397>350714<\/td>\r\n  <td class=xl1525397>350724<\/td>\r\n  <td class=xl1525397>350721<\/td>\r\n  <td class=xl1525397>350719<\/td>\r\n  <td class=xl1525397>350718<\/td>\r\n  <td class=xl1525397>350741<\/td>\r\n  <td class=xl1525397>350722<\/td>\r\n  <td class=xl1525397>350723<\/td>\r\n  <td class=xl1525397>350737<\/td>\r\n  <td class=xl1525397>350720<\/td>\r\n  <td class=xl1525397>350730<\/td>\r\n  <td class=xl6825397 width=632 style='width:474pt'>350736<\/td>\r\n <\/tr>\r\n <tr height=20 style='height:15.0pt'>\r\n  <td colspan=23 height=20 class=xl6625397 width=6545 style='height:15.0pt;\r\n  width:4911pt'>Tabla Campos<\/td>\r\n <\/tr>\r\n <tr height=35 style='height:26.25pt'>\r\n  <td height=35 class=xl6525397 width=56 style='height:26.25pt;width:42pt'>Ejercicio<\/td>\r\n  <td class=xl6525397 width=255 style='border-left:none;width:191pt'>Fecha de\r\n  inicio del periodo que se informa<\/td>\r\n  <td class=xl6525397 width=270 style='border-left:none;width:203pt'>Fecha de\r\n  t\u00e9rmino del periodo que se informa<\/td>\r\n  <td class=xl6525397 width=159 style='border-left:none;width:119pt'>Denominaci\u00f3n\r\n  del tr\u00e1mite<\/td>\r\n  <td class=xl6525397 width=229 style='border-left:none;width:172pt'>Tipo de\r\n  usuario y\/o poblaci\u00f3n objetivo<\/td>\r\n  <td class=xl6525397 width=215 style='border-left:none;width:161pt'>Descripci\u00f3n\r\n  del objetivo del tr\u00e1mite<\/td>\r\n  <td class=xl6525397 width=135 style='border-left:none;width:101pt'>Modalidad\r\n  del tr\u00e1mite<\/td>\r\n  <td class=xl6525397 width=781 style='border-left:none;width:586pt'>Hiperv\u00ednculo\r\n  a los requisitos para llevar a cabo el tr\u00e1mite<\/td>\r\n  <td class=xl6525397 width=147 style='border-left:none;width:110pt'>Documentos\r\n  requeridos<\/td>\r\n  <td class=xl6525397 width=241 style='border-left:none;width:181pt'>Hiperv\u00ednculo\r\n  al\/los formatos respectivos<\/td>\r\n  <td class=xl6525397 width=304 style='border-left:none;width:228pt'>Tiempo de\r\n  respuesta por parte del sujeto Obligado<\/td>\r\n  <td class=xl6525397 width=228 style='border-left:none;width:171pt'>Vigencia\r\n  de los resultados del tr\u00e1mite<\/td>\r\n  <td class=xl6525397 width=373 style='border-left:none;width:280pt'>\u00c1rea y\r\n  datos de contacto del lugar donde se realiza el tr\u00e1mite <br>\r\n    Tabla_350724<\/td>\r\n  <td class=xl6525397 width=273 style='border-left:none;width:205pt'>Costo, en\r\n  su caso, especificar que es gratuito<\/td>\r\n  <td class=xl6525397 width=174 style='border-left:none;width:131pt'>Sustento\r\n  legal para su cobro<\/td>\r\n  <td class=xl6525397 width=414 style='border-left:none;width:311pt'>Fundamento\r\n  jur\u00eddico-administrativo del tr\u00e1mite<\/td>\r\n  <td class=xl6525397 width=365 style='border-left:none;width:274pt'>Derechos\r\n  del usuario<\/td>\r\n  <td class=xl6525397 width=277 style='border-left:none;width:208pt'>Hiperv\u00ednculo\r\n  informaci\u00f3n adicional del tr\u00e1mite<\/td>\r\n  <td class=xl6525397 width=242 style='border-left:none;width:182pt'>Hiperv\u00ednculo\r\n  al sistema correspondiente<\/td>\r\n  <td class=xl6525397 width=512 style='border-left:none;width:384pt'>\u00c1rea(s)\r\n  responsable(s) que genera(n), posee(n), publica(n) y actualizan la\r\n  informaci\u00f3n<\/td>\r\n  <td class=xl6525397 width=123 style='border-left:none;width:92pt'>Fecha de\r\n  validaci\u00f3n<\/td>\r\n  <td class=xl6525397 width=140 style='border-left:none;width:105pt'>Fecha de\r\n  actualizaci\u00f3n<\/td>\r\n  <td class=xl6525397 width=632 style='border-left:none;width:474pt'>Nota<\/td>\r\n <\/tr>\r\n <tr height=120 style='height:90.0pt'>\r\n  <td height=120 class=xl6925397 align=right style='height:90.0pt;border-top:\r\n  none'>2018<\/td>\r\n  <td class=xl7025397 align=right style='border-top:none;border-left:none'>01\/01\/2018<\/td>\r\n  <td class=xl7025397 align=right style='border-top:none;border-left:none'>31\/03\/2018<\/td>\r\n  <td class=xl6925397 style='border-top:none;border-left:none'>Gesti\u00f3n de\r\n  recursos a tra<span style='display:none'>v\u00e9s de programas federales<\/span><\/td>\r\n  <td class=xl6925397 style='border-top:none;border-left:none'>Toda aquella\r\n  persona, grupo, asociac<span style='display:none'>i\u00f3n que cumpla con los\r\n  requisitos establecidos en las reglas de operaci\u00f3n de cada programa<\/span><\/td>\r\n  <td class=xl6925397 style='border-top:none;border-left:none'>Contribuir al\r\n  desarrollo econ\u00f3mico<span style='display:none'> del municipio mediante la\r\n  gesti\u00f3n de recursos, con la finalidad de mejorar las condiciones de vida de\r\n  la poblaci\u00f3n.<\/span><\/td>\r\n  <td class=xl6925397 style='border-top:none;border-left:none'>Presencial y en\r\n  L\u00ednea<\/td>\r\n  <td class=xl7125397 style='border-top:none;border-left:none'><a\r\n  href=\"https:\/\/www.apan.gob.mx\/descargables\/transparencia\/articulo69\/fraccion20\/2018_1\/desaeco\/FracXX1_1.pdf\">https:\/\/www.apan.gob.mx\/descargables\/transparencia\/articulo69\/fraccion20\/2018_1\/desaeco\/FracXX1_1.pdf<\/a><\/td>\r\n  <td class=xl6925397 style='border-top:none;border-left:none'>Los estipulados\r\n  en las r<span style='display:none'>eglas de operaci\u00f3n, lineamientos y\r\n  convocatoria del programa federal correspondiente.<\/span><\/td>\r\n  <td class=xl7125397 style='border-top:none;border-left:none'><a\r\n  href=\"https:\/\/www.gob.mx\/\">https:\/\/www.gob.mx\/<\/a><\/td>\r\n  <td class=xl6925397 style='border-top:none;border-left:none'>Los se\u00f1alados\r\n  por los lineamientos y reglas de op<span style='display:none'>eraci\u00f3n de cada\r\n  programa<\/span><\/td>\r\n  <td class=xl7225397 width=228 style='border-top:none;border-left:none;\r\n  width:171pt'>La establecida por los lineamientos y reglas de operaci\u00f3n de\r\n  cada programa<\/td>\r\n  <td class=xl6925397 style='border-top:none;border-left:none'>Direcci\u00f3n de\r\n  Desarrollo Econ\u00f3mico<\/td>\r\n  <td class=xl6925397 align=right style='border-top:none;border-left:none'>0<\/td>\r\n  <td class=xl6925397 style='border-top:none;border-left:none'>No Aplica<\/td>\r\n  <td class=xl6925397 style='border-top:none;border-left:none'>Lineamientos y\r\n  Reglas de Operaci\u00f3n de los Programas Federales<span\r\n  style='mso-spacerun:yes'>\u00a0<\/span><\/td>\r\n  <td class=xl6925397 style='border-top:none;border-left:none'>Orientaci\u00f3n en\r\n  la gesti\u00f3n. Atenci\u00f3n a sus dudas o quejas.<\/td>\r\n  <td class=xl7125397 style='border-top:none;border-left:none'><a\r\n  href=\"https:\/\/www.gob.mx\/\">https:\/\/www.gob.mx\/<\/a><\/td>\r\n  <td class=xl7125397 style='border-top:none;border-left:none'><a\r\n  href=\"https:\/\/www.gob.mx\/\">https:\/\/www.gob.mx\/<\/a><\/td>\r\n  <td class=xl6925397 style='border-top:none;border-left:none'>Direcci\u00f3n de\r\n  Desarrollo Econ\u00f3mico<\/td>\r\n  <td class=xl7325397 align=right style='border-top:none;border-left:none'>09-abr-18<\/td>\r\n  <td class=xl7325397 align=right style='border-top:none;border-left:none'>09-abr-18<\/td>\r\n  <td class=xl7225397 width=632 style='border-top:none;border-left:none;\r\n  width:474pt'>Los requisitos, formatos y la informaci\u00f3n adicional del tr\u00e1mite\r\n  depende del programa federal a trav\u00e9s del cual se gestionen los recursos, por\r\n  lo tanto, en la liga https:\/\/www.gob.mx\/ buscarse el programa espec\u00edfico de\r\n  inter\u00e9s. Una vez identificado el programa, se puede acceder a los\r\n  lineamientos o reglas de operaci\u00f3n del mismo d\u00f3nde se se\u00f1alan los formatos a\r\n  utilizar, los requerimientos, los tiempos de vigencia, solicitud y operaci\u00f3n\r\n  as\u00ed como cualquier otra informaci\u00f3n adicional del programa.<\/td>\r\n <\/tr>\r\n <![if supportMisalignedColumns]>\r\n <tr height=0 style='display:none'>\r\n  <td width=56 style='width:42pt'><\/td>\r\n  <td width=255 style='width:191pt'><\/td>\r\n  <td width=270 style='width:203pt'><\/td>\r\n  <td width=159 style='width:119pt'><\/td>\r\n  <td width=229 style='width:172pt'><\/td>\r\n  <td width=215 style='width:161pt'><\/td>\r\n  <td width=135 style='width:101pt'><\/td>\r\n  <td width=781 style='width:586pt'><\/td>\r\n  <td width=147 style='width:110pt'><\/td>\r\n  <td width=241 style='width:181pt'><\/td>\r\n  <td width=304 style='width:228pt'><\/td>\r\n  <td width=228 style='width:171pt'><\/td>\r\n  <td width=373 style='width:280pt'><\/td>\r\n  <td width=273 style='width:205pt'><\/td>\r\n  <td width=174 style='width:131pt'><\/td>\r\n  <td width=414 style='width:311pt'><\/td>\r\n  <td width=365 style='width:274pt'><\/td>\r\n  <td width=277 style='width:208pt'><\/td>\r\n  <td width=242 style='width:182pt'><\/td>\r\n  <td width=512 style='width:384pt'><\/td>\r\n  <td width=123 style='width:92pt'><\/td>\r\n  <td width=140 style='width:105pt'><\/td>\r\n  <td width=632 style='width:474pt'><\/td>\r\n <\/tr>\r\n <![endif]>\r\n<\/table>\r\n\r\n<\/div>\t\t\t\t<\/div>\n\t\t\t\t<\/div>\n\t\t\t\t<div class=\"elementor-element elementor-element-ydjierd elementor-widget elementor-widget-heading\" data-id=\"ydjierd\" data-element_type=\"widget\" data-e-type=\"widget\" data-widget_type=\"heading.default\">\n\t\t\t\t<div class=\"elementor-widget-container\">\n\t\t\t\t\t<h2 class=\"elementor-heading-title elementor-size-small\">Fecha en que se subi\u00f3 la informaci\u00f3n: 02-mayo-18<\/h2>\t\t\t\t<\/div>\n\t\t\t\t<\/div>\n\t\t\t\t\t<\/div>\n\t\t<\/div>\n\t\t\t\t\t<\/div>\n\t\t<\/section>\n\t\t\t\t<\/div>\n\t\t","protected":false},"excerpt":{"rendered":"<p>&nbsp; Fracci\u00f3n XX &lt;![if supportMisalignedColumns]&gt;&lt;![endif]&gt; 44251 T\u00cdTULO NOMBRE CORTO DESCRIPCI\u00d3N Tr\u00e1mites ofrecidos a69_f20 La informaci\u00f3n relacionada con las tareas administrativas que realizan los sujetos obligados en sus diferentes \u00e1mbitos con el objeto de atender las peticiones que realicen los particulares ya sea para la obtenci\u00f3n de un beneficio, o cumplir con alguna obligaci\u00f3n ante una [&hellip;]<\/p>\n","protected":false},"author":1,"featured_media":0,"parent":0,"menu_order":0,"comment_status":"closed","ping_status":"closed","template":"page-template-full.php","meta":{"footnotes":""},"class_list":["post-2225","page","type-page","status-publish","hentry"],"jetpack_sharing_enabled":true,"_links":{"self":[{"href":"https:\/\/apan.gob.mx\/portal\/wp-json\/wp\/v2\/pages\/2225","targetHints":{"allow":["GET"]}}],"collection":[{"href":"https:\/\/apan.gob.mx\/portal\/wp-json\/wp\/v2\/pages"}],"about":[{"href":"https:\/\/apan.gob.mx\/portal\/wp-json\/wp\/v2\/types\/page"}],"author":[{"embeddable":true,"href":"https:\/\/apan.gob.mx\/portal\/wp-json\/wp\/v2\/users\/1"}],"replies":[{"embeddable":true,"href":"https:\/\/apan.gob.mx\/portal\/wp-json\/wp\/v2\/comments?post=2225"}],"version-history":[{"count":4,"href":"https:\/\/apan.gob.mx\/portal\/wp-json\/wp\/v2\/pages\/2225\/revisions"}],"predecessor-version":[{"id":2229,"href":"https:\/\/apan.gob.mx\/portal\/wp-json\/wp\/v2\/pages\/2225\/revisions\/2229"}],"wp:attachment":[{"href":"https:\/\/apan.gob.mx\/portal\/wp-json\/wp\/v2\/media?parent=2225"}],"curies":[{"name":"wp","href":"https:\/\/api.w.org\/{rel}","templated":true}]}}