{"id":2259,"date":"2018-05-03T14:28:20","date_gmt":"2018-05-03T14:28:20","guid":{"rendered":"https:\/\/apan.gob.mx\/portal\/?page_id=2259"},"modified":"2019-01-18T22:05:14","modified_gmt":"2019-01-18T22:05:14","slug":"turismo_19_2018_1","status":"publish","type":"page","link":"https:\/\/apan.gob.mx\/portal\/turismo_19_2018_1\/","title":{"rendered":"<!--turismo_19_2018_1-->"},"content":{"rendered":"\t\t<div data-elementor-type=\"wp-page\" data-elementor-id=\"2259\" class=\"elementor elementor-2259 elementor-bc-flex-widget\">\n\t\t\t\t\t\t<section class=\"has_ae_slider elementor-section elementor-top-section elementor-element elementor-element-yrvkews elementor-section-boxed elementor-section-height-default elementor-section-height-default ae-bg-gallery-type-default\" data-id=\"yrvkews\" data-element_type=\"section\" data-e-type=\"section\">\n\t\t\t\t\t\t<div class=\"elementor-container elementor-column-gap-default\">\n\t\t\t\t\t<div class=\"has_ae_slider elementor-column elementor-col-100 elementor-top-column elementor-element elementor-element-yuvheex ae-bg-gallery-type-default\" data-id=\"yuvheex\" data-element_type=\"column\" data-e-type=\"column\">\n\t\t\t<div class=\"elementor-widget-wrap elementor-element-populated\">\n\t\t\t\t\t\t<div class=\"elementor-element elementor-element-ifzragl elementor-widget elementor-widget-heading\" data-id=\"ifzragl\" data-element_type=\"widget\" data-e-type=\"widget\" data-widget_type=\"heading.default\">\n\t\t\t\t<div class=\"elementor-widget-container\">\n\t\t\t\t\t<h2 class=\"elementor-heading-title elementor-size-medium\">Fracci\u00f3n XlX<\/h2>\t\t\t\t<\/div>\n\t\t\t\t<\/div>\n\t\t\t\t<div class=\"elementor-element elementor-element-oc04f6s elementor-widget elementor-widget-html\" data-id=\"oc04f6s\" data-element_type=\"widget\" data-e-type=\"widget\" data-widget_type=\"html.default\">\n\t\t\t\t<div class=\"elementor-widget-container\">\n\t\t\t\t\t<style>\r\nv\\:* {behavior:url(#default#VML);}\r\no\\:* {behavior:url(#default#VML);}\r\nx\\:* {behavior:url(#default#VML);}\r\n.shape {behavior:url(#default#VML);}\r\n<\/style>\r\n<![endif]-->\r\n<style id=\"a69_f19_28642_Styles\">\r\n<!--table\r\n\t{mso-displayed-decimal-separator:\"\\.\";\r\n\tmso-displayed-thousand-separator:\"\\,\";}\r\n.xl1528642\r\n\t{padding:0px;\r\n\tmso-ignore:padding;\r\n\tcolor:black;\r\n\tfont-size:11.0pt;\r\n\tfont-weight:400;\r\n\tfont-style:normal;\r\n\ttext-decoration:none;\r\n\tfont-family:Calibri, sans-serif;\r\n\tmso-font-charset:0;\r\n\tmso-number-format:General;\r\n\ttext-align:general;\r\n\tvertical-align:bottom;\r\n\tmso-background-source:auto;\r\n\tmso-pattern:auto;\r\n\twhite-space:nowrap;}\r\n.xl6528642\r\n\t{padding:0px;\r\n\tmso-ignore:padding;\r\n\tcolor:black;\r\n\tfont-size:11.0pt;\r\n\tfont-weight:400;\r\n\tfont-style:normal;\r\n\ttext-decoration:none;\r\n\tfont-family:Calibri, sans-serif;\r\n\tmso-font-charset:0;\r\n\tmso-number-format:General;\r\n\ttext-align:center;\r\n\tvertical-align:middle;\r\n\tmso-background-source:auto;\r\n\tmso-pattern:auto;\r\n\twhite-space:nowrap;}\r\n.xl6628642\r\n\t{padding:0px;\r\n\tmso-ignore:padding;\r\n\tcolor:white;\r\n\tfont-size:11.0pt;\r\n\tfont-weight:700;\r\n\tfont-style:normal;\r\n\ttext-decoration:none;\r\n\tfont-family:Arial;\r\n\tmso-generic-font-family:auto;\r\n\tmso-font-charset:0;\r\n\tmso-number-format:General;\r\n\ttext-align:center;\r\n\tvertical-align:middle;\r\n\tborder:.5pt solid windowtext;\r\n\tbackground:#333333;\r\n\tmso-pattern:black none;\r\n\twhite-space:normal;}\r\n.xl6728642\r\n\t{padding:0px;\r\n\tmso-ignore:padding;\r\n\tcolor:black;\r\n\tfont-size:10.0pt;\r\n\tfont-weight:400;\r\n\tfont-style:normal;\r\n\ttext-decoration:none;\r\n\tfont-family:Arial;\r\n\tmso-generic-font-family:auto;\r\n\tmso-font-charset:0;\r\n\tmso-number-format:General;\r\n\ttext-align:center;\r\n\tvertical-align:middle;\r\n\tborder:.5pt solid windowtext;\r\n\tbackground:#E1E1E1;\r\n\tmso-pattern:black none;\r\n\twhite-space:nowrap;}\r\n.xl6828642\r\n\t{padding:0px;\r\n\tmso-ignore:padding;\r\n\tcolor:black;\r\n\tfont-size:10.0pt;\r\n\tfont-weight:400;\r\n\tfont-style:normal;\r\n\ttext-decoration:none;\r\n\tfont-family:Arial;\r\n\tmso-generic-font-family:auto;\r\n\tmso-font-charset:0;\r\n\tmso-number-format:General;\r\n\ttext-align:center;\r\n\tvertical-align:middle;\r\n\tborder:.5pt solid windowtext;\r\n\tbackground:#E1E1E1;\r\n\tmso-pattern:black none;\r\n\twhite-space:normal;}\r\n.xl6928642\r\n\t{padding:0px;\r\n\tmso-ignore:padding;\r\n\tcolor:black;\r\n\tfont-size:11.0pt;\r\n\tfont-weight:400;\r\n\tfont-style:normal;\r\n\ttext-decoration:none;\r\n\tfont-family:Calibri, sans-serif;\r\n\tmso-font-charset:0;\r\n\tmso-number-format:General;\r\n\ttext-align:center;\r\n\tvertical-align:middle;\r\n\tmso-background-source:auto;\r\n\tmso-pattern:auto;\r\n\twhite-space:normal;}\r\n.xl7028642\r\n\t{padding:0px;\r\n\tmso-ignore:padding;\r\n\tcolor:black;\r\n\tfont-size:11.0pt;\r\n\tfont-weight:400;\r\n\tfont-style:normal;\r\n\ttext-decoration:none;\r\n\tfont-family:Calibri, sans-serif;\r\n\tmso-font-charset:0;\r\n\tmso-number-format:General;\r\n\ttext-align:center;\r\n\tvertical-align:middle;\r\n\tborder:.5pt solid windowtext;\r\n\tbackground:white;\r\n\tmso-pattern:black none;\r\n\twhite-space:nowrap;}\r\n.xl7128642\r\n\t{padding:0px;\r\n\tmso-ignore:padding;\r\n\tcolor:black;\r\n\tfont-size:11.0pt;\r\n\tfont-weight:400;\r\n\tfont-style:normal;\r\n\ttext-decoration:none;\r\n\tfont-family:Calibri, sans-serif;\r\n\tmso-font-charset:0;\r\n\tmso-number-format:\"Short Date\";\r\n\ttext-align:center;\r\n\tvertical-align:middle;\r\n\tborder:.5pt solid windowtext;\r\n\tbackground:white;\r\n\tmso-pattern:black none;\r\n\twhite-space:nowrap;}\r\n.xl7228642\r\n\t{padding:0px;\r\n\tmso-ignore:padding;\r\n\tcolor:black;\r\n\tfont-size:11.0pt;\r\n\tfont-weight:400;\r\n\tfont-style:normal;\r\n\ttext-decoration:none;\r\n\tfont-family:Calibri, sans-serif;\r\n\tmso-font-charset:0;\r\n\tmso-number-format:General;\r\n\ttext-align:center;\r\n\tvertical-align:middle;\r\n\tborder:.5pt solid windowtext;\r\n\tbackground:white;\r\n\tmso-pattern:black none;\r\n\twhite-space:normal;}\r\n.xl7328642\r\n\t{padding:0px;\r\n\tmso-ignore:padding;\r\n\tcolor:#0563C1;\r\n\tfont-size:11.0pt;\r\n\tfont-weight:400;\r\n\tfont-style:normal;\r\n\ttext-decoration:underline;\r\n\ttext-underline-style:single;\r\n\tfont-family:Calibri, sans-serif;\r\n\tmso-font-charset:0;\r\n\tmso-number-format:General;\r\n\ttext-align:center;\r\n\tvertical-align:middle;\r\n\tborder:.5pt solid windowtext;\r\n\tbackground:white;\r\n\tmso-pattern:black none;\r\n\twhite-space:nowrap;}\r\n.xl7428642\r\n\t{padding:0px;\r\n\tmso-ignore:padding;\r\n\tcolor:black;\r\n\tfont-size:11.0pt;\r\n\tfont-weight:400;\r\n\tfont-style:normal;\r\n\ttext-decoration:none;\r\n\tfont-family:Calibri, sans-serif;\r\n\tmso-font-charset:0;\r\n\tmso-number-format:\"Medium Date\";\r\n\ttext-align:center;\r\n\tvertical-align:middle;\r\n\tborder:.5pt solid windowtext;\r\n\tbackground:white;\r\n\tmso-pattern:black none;\r\n\twhite-space:nowrap;}\r\n-->\r\n<\/style>\r\n<\/head>\r\n\r\n<body>\r\n<!--[if !excel]>&nbsp;&nbsp;<![endif]-->\r\n<!--La siguiente informaci\u00f3n se gener\u00f3 mediante el Asistente para publicar como\r\np\u00e1gina web de Microsoft Excel.-->\r\n<!--Si se vuelve a publicar el mismo elemento desde Excel, se reemplazar\u00e1 toda\r\nla informaci\u00f3n comprendida entre las etiquetas DIV.-->\r\n<!----------------------------->\r\n<!--INICIO DE LOS RESULTADOS DEL ASISTENTE PARA PUBLICAR COMO P\u00c1GINA WEB DE\r\nEXCEL -->\r\n<!----------------------------->\r\n\r\n<div id=\"a69_f19_28642\" align=center x:publishsource=\"Excel\">\r\n\r\n<table border=0 cellpadding=0 cellspacing=0 width=8649 style='border-collapse:\r\n collapse;table-layout:fixed;width:6492pt'>\r\n <col width=157 style='mso-width-source:userset;mso-width-alt:5741;width:118pt'>\r\n <col width=384 style='mso-width-source:userset;mso-width-alt:14043;width:288pt'>\r\n <col width=344 style='mso-width-source:userset;mso-width-alt:12580;width:258pt'>\r\n <col width=230 style='mso-width-source:userset;mso-width-alt:8411;width:173pt'>\r\n <col width=221 style='mso-width-source:userset;mso-width-alt:8082;width:166pt'>\r\n <col width=229 style='mso-width-source:userset;mso-width-alt:8374;width:172pt'>\r\n <col width=289 style='mso-width-source:userset;mso-width-alt:10569;width:217pt'>\r\n <col width=181 style='mso-width-source:userset;mso-width-alt:6619;width:136pt'>\r\n <col width=247 style='mso-width-source:userset;mso-width-alt:9033;width:185pt'>\r\n <col width=313 style='mso-width-source:userset;mso-width-alt:11446;width:235pt'>\r\n <col width=776 style='mso-width-source:userset;mso-width-alt:28379;width:582pt'>\r\n <col width=130 style='mso-width-source:userset;mso-width-alt:4754;width:98pt'>\r\n <col width=451 style='mso-width-source:userset;mso-width-alt:16493;width:338pt'>\r\n <col width=317 style='mso-width-source:userset;mso-width-alt:11593;width:238pt'>\r\n <col width=282 style='mso-width-source:userset;mso-width-alt:10313;width:212pt'>\r\n <col width=306 style='mso-width-source:userset;mso-width-alt:11190;width:230pt'>\r\n <col width=418 style='mso-width-source:userset;mso-width-alt:15286;width:314pt'>\r\n <col width=362 style='mso-width-source:userset;mso-width-alt:13238;width:272pt'>\r\n <col width=390 style='mso-width-source:userset;mso-width-alt:14262;width:293pt'>\r\n <col width=389 style='mso-width-source:userset;mso-width-alt:14226;width:292pt'>\r\n <col width=795 style='mso-width-source:userset;mso-width-alt:29074;width:596pt'>\r\n <col width=547 style='mso-width-source:userset;mso-width-alt:20004;width:410pt'>\r\n <col width=192 style='mso-width-source:userset;mso-width-alt:7021;width:144pt'>\r\n <col width=186 style='mso-width-source:userset;mso-width-alt:6802;width:140pt'>\r\n <col width=513 style='mso-width-source:userset;mso-width-alt:18761;width:385pt'>\r\n <tr height=0 style='display:none'>\r\n  <td class=xl6528642 width=157 style='width:118pt'>44250<\/td>\r\n  <td class=xl6528642 width=384 style='width:288pt'><\/td>\r\n  <td class=xl6528642 width=344 style='width:258pt'><\/td>\r\n  <td class=xl6528642 width=230 style='width:173pt'><\/td>\r\n  <td class=xl6528642 width=221 style='width:166pt'><\/td>\r\n  <td class=xl6528642 width=229 style='width:172pt'><\/td>\r\n  <td class=xl6528642 width=289 style='width:217pt'><\/td>\r\n  <td class=xl6528642 width=181 style='width:136pt'><\/td>\r\n  <td class=xl6528642 width=247 style='width:185pt'><\/td>\r\n  <td class=xl6528642 width=313 style='width:235pt'><\/td>\r\n  <td class=xl6528642 width=776 style='width:582pt'><\/td>\r\n  <td class=xl6528642 width=130 style='width:98pt'><\/td>\r\n  <td class=xl6528642 width=451 style='width:338pt'><\/td>\r\n  <td class=xl6528642 width=317 style='width:238pt'><\/td>\r\n  <td class=xl6528642 width=282 style='width:212pt'><\/td>\r\n  <td class=xl6528642 width=306 style='width:230pt'><\/td>\r\n  <td class=xl6528642 width=418 style='width:314pt'><\/td>\r\n  <td class=xl6528642 width=362 style='width:272pt'><\/td>\r\n  <td class=xl6528642 width=390 style='width:293pt'><\/td>\r\n  <td class=xl6528642 width=389 style='width:292pt'><\/td>\r\n  <td class=xl6528642 width=795 style='width:596pt'><\/td>\r\n  <td class=xl6528642 width=547 style='width:410pt'><\/td>\r\n  <td class=xl6528642 width=192 style='width:144pt'><\/td>\r\n  <td class=xl6528642 width=186 style='width:140pt'><\/td>\r\n  <td class=xl6528642 width=513 style='width:385pt'><\/td>\r\n <\/tr>\r\n <tr height=20 style='height:15.0pt'>\r\n  <td colspan=3 height=20 class=xl6628642 width=885 style='height:15.0pt;\r\n  width:664pt'>T\u00cdTULO<\/td>\r\n  <td colspan=3 class=xl6628642 width=680 style='width:511pt'>NOMBRE CORTO<\/td>\r\n  <td colspan=3 class=xl6628642 width=717 style='width:538pt'>DESCRIPCI\u00d3N<\/td>\r\n  <td class=xl6528642><\/td>\r\n  <td class=xl6528642><\/td>\r\n  <td class=xl6528642><\/td>\r\n  <td class=xl6528642><\/td>\r\n  <td class=xl6528642><\/td>\r\n  <td class=xl6528642><\/td>\r\n  <td class=xl6528642><\/td>\r\n  <td class=xl6528642><\/td>\r\n  <td class=xl6528642><\/td>\r\n  <td class=xl6528642><\/td>\r\n  <td class=xl6528642><\/td>\r\n  <td class=xl6528642><\/td>\r\n  <td class=xl6528642><\/td>\r\n  <td class=xl6528642><\/td>\r\n  <td class=xl6528642><\/td>\r\n  <td class=xl6528642><\/td>\r\n <\/tr>\r\n <tr height=85 style='mso-height-source:userset;height:63.75pt'>\r\n  <td colspan=3 height=85 class=xl6728642 style='height:63.75pt'>Servicios\r\n  ofrecidos<\/td>\r\n  <td colspan=3 class=xl6828642 width=680 style='width:511pt'>a69_f19<\/td>\r\n  <td colspan=3 class=xl6828642 width=717 style='width:538pt'>La informaci\u00f3n\r\n  para dar a conocer los servicios p\u00fablicos que presta el sujeto obligado,\r\n  tanto de las actividades realizadas por la administraci\u00f3n p\u00fablica para\r\n  satisfacer necesidades de la poblaci\u00f3n, como las realizadas por los sujetos\r\n  obligados que no formen parte de la Administraci\u00f3n P\u00fablica, pero que\r\n  involucren el uso de recursos p\u00fablicos. Los servicios deben estar al alcance\r\n  de la poblaci\u00f3n sin necesidad de que el \u00e9sta los exija, como es el caso de\r\n  los tr\u00e1mites.<\/td>\r\n  <td class=xl6528642><\/td>\r\n  <td class=xl6528642><\/td>\r\n  <td class=xl6528642><\/td>\r\n  <td class=xl6528642><\/td>\r\n  <td class=xl6528642><\/td>\r\n  <td class=xl6528642><\/td>\r\n  <td class=xl6528642><\/td>\r\n  <td class=xl6528642><\/td>\r\n  <td class=xl6528642><\/td>\r\n  <td class=xl6528642><\/td>\r\n  <td class=xl6528642><\/td>\r\n  <td class=xl6528642><\/td>\r\n  <td class=xl6528642><\/td>\r\n  <td class=xl6528642><\/td>\r\n  <td class=xl6528642><\/td>\r\n  <td class=xl6528642><\/td>\r\n <\/tr>\r\n <tr height=0 style='display:none'>\r\n  <td class=xl6528642>1<\/td>\r\n  <td class=xl6528642>4<\/td>\r\n  <td class=xl6528642>4<\/td>\r\n  <td class=xl6528642>2<\/td>\r\n  <td class=xl6528642>9<\/td>\r\n  <td class=xl6528642>1<\/td>\r\n  <td class=xl6528642>2<\/td>\r\n  <td class=xl6528642>1<\/td>\r\n  <td class=xl6528642>2<\/td>\r\n  <td class=xl6528642>2<\/td>\r\n  <td class=xl6528642>7<\/td>\r\n  <td class=xl6528642>1<\/td>\r\n  <td class=xl6528642>10<\/td>\r\n  <td class=xl6528642>1<\/td>\r\n  <td class=xl6528642>2<\/td>\r\n  <td class=xl6528642>2<\/td>\r\n  <td class=xl6528642>2<\/td>\r\n  <td class=xl6528642>2<\/td>\r\n  <td class=xl6528642>10<\/td>\r\n  <td class=xl6528642>7<\/td>\r\n  <td class=xl6528642>7<\/td>\r\n  <td class=xl6528642>2<\/td>\r\n  <td class=xl6528642>4<\/td>\r\n  <td class=xl6528642>13<\/td>\r\n  <td class=xl6528642>14<\/td>\r\n <\/tr>\r\n <tr height=0 style='display:none'>\r\n  <td class=xl6528642>350704<\/td>\r\n  <td class=xl6528642>350705<\/td>\r\n  <td class=xl6528642>350706<\/td>\r\n  <td class=xl6528642>350690<\/td>\r\n  <td class=xl6528642>350709<\/td>\r\n  <td class=xl6528642>350713<\/td>\r\n  <td class=xl6528642>350692<\/td>\r\n  <td class=xl6528642>350711<\/td>\r\n  <td class=xl6528642>350693<\/td>\r\n  <td class=xl6528642>350694<\/td>\r\n  <td class=xl6528642>350700<\/td>\r\n  <td class=xl6528642>350688<\/td>\r\n  <td class=xl6528642>350710<\/td>\r\n  <td class=xl6528642>350689<\/td>\r\n  <td class=xl6528642>350695<\/td>\r\n  <td class=xl6528642>350712<\/td>\r\n  <td class=xl6528642>350691<\/td>\r\n  <td class=xl6528642>350696<\/td>\r\n  <td class=xl6528642>350701<\/td>\r\n  <td class=xl6528642>350699<\/td>\r\n  <td class=xl6528642>350698<\/td>\r\n  <td class=xl6528642>350708<\/td>\r\n  <td class=xl6528642>350697<\/td>\r\n  <td class=xl6528642>350703<\/td>\r\n  <td class=xl6528642>350707<\/td>\r\n <\/tr>\r\n <tr height=20 style='height:15.0pt'>\r\n  <td colspan=25 height=20 class=xl6628642 width=8649 style='height:15.0pt;\r\n  width:6492pt'>Tabla Campos<\/td>\r\n <\/tr>\r\n <tr height=34 style='height:25.5pt'>\r\n  <td height=34 class=xl6828642 width=157 style='height:25.5pt;width:118pt'>Ejercicio<\/td>\r\n  <td class=xl6828642 width=384 style='border-left:none;width:288pt'>Fecha de\r\n  inicio del periodo que se informa<\/td>\r\n  <td class=xl6828642 width=344 style='border-left:none;width:258pt'>Fecha de\r\n  t\u00e9rmino del periodo que se informa<\/td>\r\n  <td class=xl6828642 width=230 style='border-left:none;width:173pt'>Denominaci\u00f3n\r\n  del servicio<\/td>\r\n  <td class=xl6828642 width=221 style='border-left:none;width:166pt'>Tipo de\r\n  servicio (cat\u00e1logo)<\/td>\r\n  <td class=xl6828642 width=229 style='border-left:none;width:172pt'>Tipo de\r\n  usuario y\/o poblaci\u00f3n objetivo<\/td>\r\n  <td class=xl6828642 width=289 style='border-left:none;width:217pt'>Descripci\u00f3n\r\n  del objetivo del servicio<\/td>\r\n  <td class=xl6828642 width=181 style='border-left:none;width:136pt'>Modalidad\r\n  del servicio<\/td>\r\n  <td class=xl6828642 width=247 style='border-left:none;width:185pt'>Requisitos\r\n  para obtener el servicio<\/td>\r\n  <td class=xl6828642 width=313 style='border-left:none;width:235pt'>Documentos\r\n  requeridos, en su caso<\/td>\r\n  <td class=xl6828642 width=776 style='border-left:none;width:582pt'>Hiperv\u00ednculo\r\n  a los formatos respectivo(s) publicado(s) en medio oficial<\/td>\r\n  <td class=xl6828642 width=130 style='border-left:none;width:98pt'>Tiempo de\r\n  respuesta<\/td>\r\n  <td class=xl6828642 width=451 style='border-left:none;width:338pt'>\u00c1rea en la\r\n  que se proporciona el servicio y los datos de contacto <br>\r\n    Tabla_350710<\/td>\r\n  <td class=xl6828642 width=317 style='border-left:none;width:238pt'>Costo, en\r\n  su caso especificar que es gratuito<\/td>\r\n  <td class=xl6828642 width=282 style='border-left:none;width:212pt'>Sustento\r\n  legal para su cobro<\/td>\r\n  <td class=xl6828642 width=306 style='border-left:none;width:230pt'>Lugares\r\n  donde se efect\u00faa el pago<\/td>\r\n  <td class=xl6828642 width=418 style='border-left:none;width:314pt'>Fundamento\r\n  jur\u00eddico-administrativo del servicio<\/td>\r\n  <td class=xl6828642 width=362 style='border-left:none;width:272pt'>Derechos\r\n  del usuario ante la negativa o la falta<\/td>\r\n  <td class=xl6828642 width=390 style='border-left:none;width:293pt'>Lugar para\r\n  reportar presuntas anomalias <br>\r\n    Tabla_350701<\/td>\r\n  <td class=xl6828642 width=389 style='border-left:none;width:292pt'>Hiperv\u00ednculo\r\n  informaci\u00f3n adicional del servicio<\/td>\r\n  <td class=xl6828642 width=795 style='border-left:none;width:596pt'>Hiperv\u00ednculo\r\n  al cat\u00e1logo, manual o sistemas<span style='mso-spacerun:yes'>\u00a0<\/span><\/td>\r\n  <td class=xl6828642 width=547 style='border-left:none;width:410pt'>\u00c1rea(s)\r\n  responsable(s) que genera(n), posee(n), publica(n) y actualizan la\r\n  informaci\u00f3n<\/td>\r\n  <td class=xl6828642 width=192 style='border-left:none;width:144pt'>Fecha de\r\n  validaci\u00f3n<\/td>\r\n  <td class=xl6828642 width=186 style='border-left:none;width:140pt'>Fecha de\r\n  actualizaci\u00f3n<\/td>\r\n  <td class=xl6828642 width=513 style='border-left:none;width:385pt'>Nota<\/td>\r\n <\/tr>\r\n <tr height=40 style='height:30.0pt'>\r\n  <td height=40 class=xl7028642 style='height:30.0pt;border-top:none'>2018<\/td>\r\n  <td class=xl7128642 style='border-top:none;border-left:none'>01\/01\/2018<\/td>\r\n  <td class=xl7128642 style='border-top:none;border-left:none'>30\/03\/2018<\/td>\r\n  <td class=xl7028642 style='border-top:none;border-left:none'>recorridos\r\n  turisticos<\/td>\r\n  <td class=xl7028642 style='border-top:none;border-left:none'>Directo<\/td>\r\n  <td class=xl7028642 style='border-top:none;border-left:none'>solicitantes en\r\n  general<span style='mso-spacerun:yes'>\u00a0<\/span><\/td>\r\n  <td class=xl7228642 width=289 style='border-top:none;border-left:none;\r\n  width:217pt'>dar a conocer el acervo turistico e historico del municipio<\/td>\r\n  <td class=xl7028642 style='border-top:none;border-left:none'>personal<span\r\n  style='mso-spacerun:yes'>\u00a0<\/span><\/td>\r\n  <td class=xl7028642 style='border-top:none;border-left:none'>solicitud<span\r\n  style='mso-spacerun:yes'>\u00a0<\/span><\/td>\r\n  <td class=xl7028642 style='border-top:none;border-left:none'>oficio<\/td>\r\n  <td class=xl7328642 style='border-top:none;border-left:none'><a\r\n  href=\"https:\/\/www.apan.gob.mx\/descargables\/transparencia\/articulo69\/fraccion19\/2018_1\/turismo\/FrXIXa1_1.pdf\">https:\/\/www.apan.gob.mx\/descargables\/transparencia\/articulo69\/fraccion19\/2018_1\/turismo\/FrXIXa1_1.pdf<\/a><\/td>\r\n  <td class=xl7028642 style='border-top:none;border-left:none'>8 dias habiles<\/td>\r\n  <td class=xl7028642 style='border-top:none;border-left:none'>1<\/td>\r\n  <td class=xl7028642 style='border-top:none;border-left:none'>0<\/td>\r\n  <td class=xl7028642 style='border-top:none;border-left:none'>no aplica\r\n  unicamente son recorridos<\/td>\r\n  <td class=xl7028642 style='border-top:none;border-left:none'>no aplica<\/td>\r\n  <td class=xl7028642 style='border-top:none;border-left:none'>ley general de\r\n  turismo<\/td>\r\n  <td class=xl7028642 style='border-top:none;border-left:none'>presentar\r\n  queja<span style='mso-spacerun:yes'>\u00a0<\/span><\/td>\r\n  <td class=xl7028642 style='border-top:none;border-left:none'>1<\/td>\r\n  <td class=xl7328642 style='border-top:none;border-left:none'><a\r\n  href=\"https:\/\/apan.gob.mx\/portal\/Tur\/\">https:\/\/apan.gob.mx\/portal\/Tur\/<\/a><\/td>\r\n  <td class=xl7328642 style='border-top:none;border-left:none'><a\r\n  href=\"https:\/\/www.apan.gob.mx\/descargables\/transparencia\/articulo69\/fraccion19\/2018_1\/turismo\/FrXIXa1_2.pdf\">https:\/\/www.apan.gob.mx\/descargables\/transparencia\/articulo69\/fraccion19\/2018_1\/turismo\/FrXIXa1_2.pdf<\/a><\/td>\r\n  <td class=xl7028642 style='border-top:none;border-left:none'>direccion de\r\n  turismo<\/td>\r\n  <td class=xl7428642 style='border-top:none;border-left:none'>05-abr-18<\/td>\r\n  <td class=xl7428642 style='border-top:none;border-left:none'>05-abr-18<\/td>\r\n  <td class=xl7028642 style='border-top:none;border-left:none'>no aplica los\r\n  lugares de pago unicamente se realizan los recorridos sin cobro<\/td>\r\n <\/tr>\r\n <![if supportMisalignedColumns]>\r\n <tr height=0 style='display:none'>\r\n  <td width=157 style='width:118pt'><\/td>\r\n  <td width=384 style='width:288pt'><\/td>\r\n  <td width=344 style='width:258pt'><\/td>\r\n  <td width=230 style='width:173pt'><\/td>\r\n  <td width=221 style='width:166pt'><\/td>\r\n  <td width=229 style='width:172pt'><\/td>\r\n  <td width=289 style='width:217pt'><\/td>\r\n  <td width=181 style='width:136pt'><\/td>\r\n  <td width=247 style='width:185pt'><\/td>\r\n  <td width=313 style='width:235pt'><\/td>\r\n  <td width=776 style='width:582pt'><\/td>\r\n  <td width=130 style='width:98pt'><\/td>\r\n  <td width=451 style='width:338pt'><\/td>\r\n  <td width=317 style='width:238pt'><\/td>\r\n  <td width=282 style='width:212pt'><\/td>\r\n  <td width=306 style='width:230pt'><\/td>\r\n  <td width=418 style='width:314pt'><\/td>\r\n  <td width=362 style='width:272pt'><\/td>\r\n  <td width=390 style='width:293pt'><\/td>\r\n  <td width=389 style='width:292pt'><\/td>\r\n  <td width=795 style='width:596pt'><\/td>\r\n  <td width=547 style='width:410pt'><\/td>\r\n  <td width=192 style='width:144pt'><\/td>\r\n  <td width=186 style='width:140pt'><\/td>\r\n  <td width=513 style='width:385pt'><\/td>\r\n <\/tr>\r\n <![endif]>\r\n<\/table>\r\n\r\n<\/div>\r\n\r\n\t\t\t\t<\/div>\n\t\t\t\t<\/div>\n\t\t\t\t<div class=\"elementor-element elementor-element-mjv1q3d elementor-widget elementor-widget-button\" data-id=\"mjv1q3d\" data-element_type=\"widget\" data-e-type=\"widget\" data-widget_type=\"button.default\">\n\t\t\t\t<div class=\"elementor-widget-container\">\n\t\t\t\t\t\t\t\t\t<div class=\"elementor-button-wrapper\">\n\t\t\t\t\t<a class=\"elementor-button elementor-button-link elementor-size-sm\" href=\"https:\/\/www.apan.gob.mx\/descargables\/transparencia\/articulo69\/fraccion19\/2018_1\/turismo\/a69_f19.xlsx\">\n\t\t\t\t\t\t<span class=\"elementor-button-content-wrapper\">\n\t\t\t\t\t\t\t\t\t<span class=\"elementor-button-text\">Descargar<\/span>\n\t\t\t\t\t<\/span>\n\t\t\t\t\t<\/a>\n\t\t\t\t<\/div>\n\t\t\t\t\t\t\t\t<\/div>\n\t\t\t\t<\/div>\n\t\t\t\t<div class=\"elementor-element elementor-element-lxauqkn elementor-widget elementor-widget-heading\" data-id=\"lxauqkn\" data-element_type=\"widget\" data-e-type=\"widget\" data-widget_type=\"heading.default\">\n\t\t\t\t<div class=\"elementor-widget-container\">\n\t\t\t\t\t<h2 class=\"elementor-heading-title elementor-size-small\">Fecha en que se subi\u00f3 la informaci\u00f3n: 03-mayo-18<\/h2>\t\t\t\t<\/div>\n\t\t\t\t<\/div>\n\t\t\t\t<div class=\"elementor-element elementor-element-hyycvgz elementor-widget elementor-widget-heading\" data-id=\"hyycvgz\" data-element_type=\"widget\" data-e-type=\"widget\" data-widget_type=\"heading.default\">\n\t\t\t\t<div class=\"elementor-widget-container\">\n\t\t\t\t\t<h2 class=\"elementor-heading-title elementor-size-small\">Ultima fecha en que se modific\u00f3 la informaci\u00f3n por observaciones: 18-enero-19<\/h2>\t\t\t\t<\/div>\n\t\t\t\t<\/div>\n\t\t\t\t\t<\/div>\n\t\t<\/div>\n\t\t\t\t\t<\/div>\n\t\t<\/section>\n\t\t\t\t<\/div>\n\t\t","protected":false},"excerpt":{"rendered":"<p>Fracci\u00f3n XlX 44250 T\u00cdTULO NOMBRE CORTO DESCRIPCI\u00d3N Servicios ofrecidos a69_f19 La informaci\u00f3n para dar a conocer los servicios p\u00fablicos que presta el sujeto obligado, tanto de las actividades realizadas por la administraci\u00f3n p\u00fablica para satisfacer necesidades de la poblaci\u00f3n, como las realizadas por los sujetos obligados que no formen parte de la Administraci\u00f3n P\u00fablica, pero [&hellip;]<\/p>\n","protected":false},"author":1,"featured_media":0,"parent":0,"menu_order":0,"comment_status":"closed","ping_status":"closed","template":"page-template-full.php","meta":{"footnotes":""},"class_list":["post-2259","page","type-page","status-publish","hentry"],"jetpack_sharing_enabled":true,"_links":{"self":[{"href":"https:\/\/apan.gob.mx\/portal\/wp-json\/wp\/v2\/pages\/2259","targetHints":{"allow":["GET"]}}],"collection":[{"href":"https:\/\/apan.gob.mx\/portal\/wp-json\/wp\/v2\/pages"}],"about":[{"href":"https:\/\/apan.gob.mx\/portal\/wp-json\/wp\/v2\/types\/page"}],"author":[{"embeddable":true,"href":"https:\/\/apan.gob.mx\/portal\/wp-json\/wp\/v2\/users\/1"}],"replies":[{"embeddable":true,"href":"https:\/\/apan.gob.mx\/portal\/wp-json\/wp\/v2\/comments?post=2259"}],"version-history":[{"count":6,"href":"https:\/\/apan.gob.mx\/portal\/wp-json\/wp\/v2\/pages\/2259\/revisions"}],"predecessor-version":[{"id":4048,"href":"https:\/\/apan.gob.mx\/portal\/wp-json\/wp\/v2\/pages\/2259\/revisions\/4048"}],"wp:attachment":[{"href":"https:\/\/apan.gob.mx\/portal\/wp-json\/wp\/v2\/media?parent=2259"}],"curies":[{"name":"wp","href":"https:\/\/api.w.org\/{rel}","templated":true}]}}