{"id":2486,"date":"2018-05-11T19:11:33","date_gmt":"2018-05-11T19:11:33","guid":{"rendered":"https:\/\/apan.gob.mx\/portal\/?page_id=2486"},"modified":"2018-05-11T19:23:35","modified_gmt":"2018-05-11T19:23:35","slug":"planeacion_37_2018_1","status":"publish","type":"page","link":"https:\/\/apan.gob.mx\/portal\/planeacion_37_2018_1\/","title":{"rendered":"<!--planeacion_37_2018_1-->"},"content":{"rendered":"\t\t<div data-elementor-type=\"wp-page\" data-elementor-id=\"2486\" class=\"elementor elementor-2486 elementor-bc-flex-widget\">\n\t\t\t\t\t\t<section class=\"has_ae_slider elementor-section elementor-top-section elementor-element elementor-element-ulrjwic elementor-section-boxed elementor-section-height-default elementor-section-height-default ae-bg-gallery-type-default\" data-id=\"ulrjwic\" data-element_type=\"section\" data-e-type=\"section\">\n\t\t\t\t\t\t<div class=\"elementor-container elementor-column-gap-default\">\n\t\t\t\t\t<div class=\"has_ae_slider elementor-column elementor-col-100 elementor-top-column elementor-element elementor-element-vlvptzc ae-bg-gallery-type-default\" data-id=\"vlvptzc\" data-element_type=\"column\" data-e-type=\"column\">\n\t\t\t<div class=\"elementor-widget-wrap elementor-element-populated\">\n\t\t\t\t\t\t<div class=\"elementor-element elementor-element-ndekvdr elementor-widget elementor-widget-heading\" data-id=\"ndekvdr\" data-element_type=\"widget\" data-e-type=\"widget\" data-widget_type=\"heading.default\">\n\t\t\t\t<div class=\"elementor-widget-container\">\n\t\t\t\t\t<h2 class=\"elementor-heading-title elementor-size-medium\">Fracci\u00f3n XXXVll<\/h2>\t\t\t\t<\/div>\n\t\t\t\t<\/div>\n\t\t\t\t<div class=\"elementor-element elementor-element-vismwxj elementor-widget elementor-widget-html\" data-id=\"vismwxj\" data-element_type=\"widget\" data-e-type=\"widget\" data-widget_type=\"html.default\">\n\t\t\t\t<div class=\"elementor-widget-container\">\n\t\t\t\t\t\r\n<style id=\"a69_f37_a_14362_Styles\">\r\n<!--table\r\n\t{mso-displayed-decimal-separator:\"\\.\";\r\n\tmso-displayed-thousand-separator:\"\\,\";}\r\n.xl1514362\r\n\t{padding-top:1px;\r\n\tpadding-right:1px;\r\n\tpadding-left:1px;\r\n\tmso-ignore:padding;\r\n\tcolor:black;\r\n\tfont-size:11.0pt;\r\n\tfont-weight:400;\r\n\tfont-style:normal;\r\n\ttext-decoration:none;\r\n\tfont-family:Calibri, sans-serif;\r\n\tmso-font-charset:0;\r\n\tmso-number-format:General;\r\n\ttext-align:general;\r\n\tvertical-align:bottom;\r\n\tmso-background-source:auto;\r\n\tmso-pattern:auto;\r\n\twhite-space:nowrap;}\r\n.xl6514362\r\n\t{padding-top:1px;\r\n\tpadding-right:1px;\r\n\tpadding-left:1px;\r\n\tmso-ignore:padding;\r\n\tcolor:black;\r\n\tfont-size:11.0pt;\r\n\tfont-weight:400;\r\n\tfont-style:normal;\r\n\ttext-decoration:none;\r\n\tfont-family:Calibri, sans-serif;\r\n\tmso-font-charset:0;\r\n\tmso-number-format:General;\r\n\ttext-align:center;\r\n\tvertical-align:middle;\r\n\tmso-background-source:auto;\r\n\tmso-pattern:auto;\r\n\twhite-space:nowrap;}\r\n.xl6614362\r\n\t{padding-top:1px;\r\n\tpadding-right:1px;\r\n\tpadding-left:1px;\r\n\tmso-ignore:padding;\r\n\tcolor:white;\r\n\tfont-size:11.0pt;\r\n\tfont-weight:700;\r\n\tfont-style:normal;\r\n\ttext-decoration:none;\r\n\tfont-family:Arial, sans-serif;\r\n\tmso-font-charset:0;\r\n\tmso-number-format:General;\r\n\ttext-align:center;\r\n\tvertical-align:middle;\r\n\tborder:.5pt solid windowtext;\r\n\tbackground:#333333;\r\n\tmso-pattern:black none;\r\n\twhite-space:normal;}\r\n.xl6714362\r\n\t{padding-top:1px;\r\n\tpadding-right:1px;\r\n\tpadding-left:1px;\r\n\tmso-ignore:padding;\r\n\tcolor:black;\r\n\tfont-size:10.0pt;\r\n\tfont-weight:400;\r\n\tfont-style:normal;\r\n\ttext-decoration:none;\r\n\tfont-family:Arial, sans-serif;\r\n\tmso-font-charset:0;\r\n\tmso-number-format:General;\r\n\ttext-align:center;\r\n\tvertical-align:middle;\r\n\tborder:.5pt solid windowtext;\r\n\tbackground:#E1E1E1;\r\n\tmso-pattern:black none;\r\n\twhite-space:normal;}\r\n.xl6814362\r\n\t{padding-top:1px;\r\n\tpadding-right:1px;\r\n\tpadding-left:1px;\r\n\tmso-ignore:padding;\r\n\tcolor:black;\r\n\tfont-size:11.0pt;\r\n\tfont-weight:400;\r\n\tfont-style:normal;\r\n\ttext-decoration:none;\r\n\tfont-family:Calibri, sans-serif;\r\n\tmso-font-charset:0;\r\n\tmso-number-format:General;\r\n\ttext-align:center;\r\n\tvertical-align:middle;\r\n\tmso-background-source:auto;\r\n\tmso-pattern:auto;\r\n\twhite-space:normal;}\r\n.xl6914362\r\n\t{padding-top:1px;\r\n\tpadding-right:1px;\r\n\tpadding-left:1px;\r\n\tmso-ignore:padding;\r\n\tcolor:black;\r\n\tfont-size:10.0pt;\r\n\tfont-weight:400;\r\n\tfont-style:normal;\r\n\ttext-decoration:none;\r\n\tfont-family:Arial, sans-serif;\r\n\tmso-font-charset:0;\r\n\tmso-number-format:General;\r\n\ttext-align:center;\r\n\tvertical-align:middle;\r\n\tborder:.5pt solid windowtext;\r\n\tbackground:#E1E1E1;\r\n\tmso-pattern:black none;\r\n\twhite-space:nowrap;}\r\n.xl7014362\r\n\t{padding-top:1px;\r\n\tpadding-right:1px;\r\n\tpadding-left:1px;\r\n\tmso-ignore:padding;\r\n\tcolor:black;\r\n\tfont-size:11.0pt;\r\n\tfont-weight:400;\r\n\tfont-style:normal;\r\n\ttext-decoration:none;\r\n\tfont-family:Calibri, sans-serif;\r\n\tmso-font-charset:0;\r\n\tmso-number-format:General;\r\n\ttext-align:center;\r\n\tvertical-align:middle;\r\n\tborder:.5pt solid windowtext;\r\n\tbackground:white;\r\n\tmso-pattern:black none;\r\n\twhite-space:nowrap;}\r\n.xl7114362\r\n\t{padding-top:1px;\r\n\tpadding-right:1px;\r\n\tpadding-left:1px;\r\n\tmso-ignore:padding;\r\n\tcolor:black;\r\n\tfont-size:11.0pt;\r\n\tfont-weight:400;\r\n\tfont-style:normal;\r\n\ttext-decoration:none;\r\n\tfont-family:Calibri, sans-serif;\r\n\tmso-font-charset:0;\r\n\tmso-number-format:\"Medium Date\";\r\n\ttext-align:center;\r\n\tvertical-align:middle;\r\n\tborder:.5pt solid windowtext;\r\n\tbackground:white;\r\n\tmso-pattern:black none;\r\n\twhite-space:nowrap;}\r\n.xl7214362\r\n\t{padding-top:1px;\r\n\tpadding-right:1px;\r\n\tpadding-left:1px;\r\n\tmso-ignore:padding;\r\n\tcolor:#0563C1;\r\n\tfont-size:11.0pt;\r\n\tfont-weight:400;\r\n\tfont-style:normal;\r\n\ttext-decoration:underline;\r\n\ttext-underline-style:single;\r\n\tfont-family:Calibri, sans-serif;\r\n\tmso-font-charset:0;\r\n\tmso-number-format:General;\r\n\ttext-align:center;\r\n\tvertical-align:middle;\r\n\tborder:.5pt solid windowtext;\r\n\tbackground:white;\r\n\tmso-pattern:black none;\r\n\twhite-space:nowrap;}\r\n-->\r\n<\/style>\r\n<\/head>\r\n\r\n<body>\r\n<!--[if !excel]>&nbsp;&nbsp;<![endif]-->\r\n<!--La siguiente informaci\u00f3n se gener\u00f3 mediante el Asistente para publicar como\r\np\u00e1gina web de Microsoft Excel.-->\r\n<!--Si se vuelve a publicar el mismo elemento desde Excel, se reemplazar\u00e1 toda\r\nla informaci\u00f3n comprendida entre las etiquetas DIV.-->\r\n<!----------------------------->\r\n<!--INICIO DE LOS RESULTADOS DEL ASISTENTE PARA PUBLICAR COMO P\u00c1GINA WEB DE\r\nEXCEL -->\r\n<!----------------------------->\r\n\r\n<div id=\"a69_f37_a_14362\" align=center x:publishsource=\"Excel\">\r\n\r\n<table border=0 cellpadding=0 cellspacing=0 width=4906 style='border-collapse:\r\n collapse;table-layout:fixed;width:3680pt'>\r\n <col width=56 style='mso-width-source:userset;mso-width-alt:2048;width:42pt'>\r\n <col width=140 style='mso-width-source:userset;mso-width-alt:5120;width:105pt'>\r\n <col width=166 style='mso-width-source:userset;mso-width-alt:6070;width:125pt'>\r\n <col width=203 style='mso-width-source:userset;mso-width-alt:7424;width:152pt'>\r\n <col width=583 style='mso-width-source:userset;mso-width-alt:21321;width:437pt'>\r\n <col width=201 style='mso-width-source:userset;mso-width-alt:7350;width:151pt'>\r\n <col width=199 style='mso-width-source:userset;mso-width-alt:7277;width:149pt'>\r\n <col width=736 style='mso-width-source:userset;mso-width-alt:26916;width:552pt'>\r\n <col width=421 style='mso-width-source:userset;mso-width-alt:15396;width:316pt'>\r\n <col width=576 style='mso-width-source:userset;mso-width-alt:21065;width:432pt'>\r\n <col width=176 style='mso-width-source:userset;mso-width-alt:6436;width:132pt'>\r\n <col width=237 style='mso-width-source:userset;mso-width-alt:8667;width:178pt'>\r\n <col width=153 style='mso-width-source:userset;mso-width-alt:5595;width:115pt'>\r\n <col width=178 style='mso-width-source:userset;mso-width-alt:6509;width:134pt'>\r\n <col width=271 style='mso-width-source:userset;mso-width-alt:9910;width:203pt'>\r\n <col width=267 style='mso-width-source:userset;mso-width-alt:9764;width:200pt'>\r\n <col width=123 style='mso-width-source:userset;mso-width-alt:4498;width:92pt'>\r\n <col width=140 style='mso-width-source:userset;mso-width-alt:5120;width:105pt'>\r\n <col width=80 style='mso-width-source:userset;mso-width-alt:2925;width:60pt'>\r\n <tr height=0 style='display:none'>\r\n  <td class=xl6514362 width=56 style='width:42pt'>46671<\/td>\r\n  <td class=xl6514362 width=140 style='width:105pt'><\/td>\r\n  <td class=xl6514362 width=166 style='width:125pt'><\/td>\r\n  <td class=xl6514362 width=203 style='width:152pt'><\/td>\r\n  <td class=xl6514362 width=583 style='width:437pt'><\/td>\r\n  <td class=xl6514362 width=201 style='width:151pt'><\/td>\r\n  <td class=xl6514362 width=199 style='width:149pt'><\/td>\r\n  <td class=xl6514362 width=736 style='width:552pt'><\/td>\r\n  <td class=xl6514362 width=421 style='width:316pt'><\/td>\r\n  <td class=xl6514362 width=576 style='width:432pt'><\/td>\r\n  <td class=xl6514362 width=176 style='width:132pt'><\/td>\r\n  <td class=xl6514362 width=237 style='width:178pt'><\/td>\r\n  <td class=xl6514362 width=153 style='width:115pt'><\/td>\r\n  <td class=xl6514362 width=178 style='width:134pt'><\/td>\r\n  <td class=xl6514362 width=271 style='width:203pt'><\/td>\r\n  <td class=xl6514362 width=267 style='width:200pt'><\/td>\r\n  <td class=xl6514362 width=123 style='width:92pt'><\/td>\r\n  <td class=xl6514362 width=140 style='width:105pt'><\/td>\r\n  <td class=xl6514362 width=80 style='width:60pt'><\/td>\r\n <\/tr>\r\n <tr height=20 style='height:15.0pt'>\r\n  <td colspan=3 height=20 class=xl6614362 width=362 style='height:15.0pt;\r\n  width:272pt'>T\u00cdTULO<\/td>\r\n  <td colspan=3 class=xl6614362 width=987 style='width:740pt'>NOMBRE CORTO<\/td>\r\n  <td colspan=3 class=xl6614362 width=1356 style='width:1017pt'>DESCRIPCI\u00d3N<\/td>\r\n  <td class=xl6514362><\/td>\r\n  <td class=xl6514362><\/td>\r\n  <td class=xl6514362><\/td>\r\n  <td class=xl6514362><\/td>\r\n  <td class=xl6514362><\/td>\r\n  <td class=xl6514362><\/td>\r\n  <td class=xl6514362><\/td>\r\n  <td class=xl6514362><\/td>\r\n  <td class=xl6514362><\/td>\r\n  <td class=xl6514362><\/td>\r\n <\/tr>\r\n <tr height=42 style='mso-height-source:userset;height:31.5pt'>\r\n  <td colspan=3 height=42 class=xl6714362 width=362 style='height:31.5pt;\r\n  width:272pt'>Participaci\u00f3n ciudadana_Mecanismos de participaci\u00f3n ciudadana<\/td>\r\n  <td colspan=3 class=xl6914362>a69_f37_a<\/td>\r\n  <td colspan=3 class=xl6714362 width=1356 style='width:1017pt'>La informaci\u00f3n\r\n  respecto a los mecanismos que permitan, convoquen o fomenten la participaci\u00f3n\r\n  de las personas a trav\u00e9s de opiniones, propuestas, manifestaciones, an\u00e1lisis,\r\n  colaboraciones, entre otras; que sean individuales o como parte de consejos o\r\n  comit\u00e9s, y que est\u00e9n relacionadas con la toma de decisiones de inter\u00e9s\r\n  p\u00fablico y el quehacer de las instituciones.<span\r\n  style='mso-spacerun:yes'>\u00a0<\/span><\/td>\r\n  <td class=xl6514362><\/td>\r\n  <td class=xl6514362><\/td>\r\n  <td class=xl6514362><\/td>\r\n  <td class=xl6514362><\/td>\r\n  <td class=xl6514362><\/td>\r\n  <td class=xl6514362><\/td>\r\n  <td class=xl6514362><\/td>\r\n  <td class=xl6514362><\/td>\r\n  <td class=xl6514362><\/td>\r\n  <td class=xl6514362><\/td>\r\n <\/tr>\r\n <tr height=0 style='display:none'>\r\n  <td class=xl6514362>1<\/td>\r\n  <td class=xl6514362>4<\/td>\r\n  <td class=xl6514362>4<\/td>\r\n  <td class=xl6514362>2<\/td>\r\n  <td class=xl6514362>2<\/td>\r\n  <td class=xl6514362>2<\/td>\r\n  <td class=xl6514362>1<\/td>\r\n  <td class=xl6514362>7<\/td>\r\n  <td class=xl6514362>2<\/td>\r\n  <td class=xl6514362>2<\/td>\r\n  <td class=xl6514362>2<\/td>\r\n  <td class=xl6514362>2<\/td>\r\n  <td class=xl6514362>4<\/td>\r\n  <td class=xl6514362>4<\/td>\r\n  <td class=xl6514362>10<\/td>\r\n  <td class=xl6514362>2<\/td>\r\n  <td class=xl6514362>4<\/td>\r\n  <td class=xl6514362>13<\/td>\r\n  <td class=xl6514362>14<\/td>\r\n <\/tr>\r\n <tr height=0 style='display:none'>\r\n  <td class=xl6514362>395416<\/td>\r\n  <td class=xl6514362>395429<\/td>\r\n  <td class=xl6514362>395430<\/td>\r\n  <td class=xl6514362>395419<\/td>\r\n  <td class=xl6514362>395418<\/td>\r\n  <td class=xl6514362>395420<\/td>\r\n  <td class=xl6514362>395434<\/td>\r\n  <td class=xl6514362>395423<\/td>\r\n  <td class=xl6514362>395428<\/td>\r\n  <td class=xl6514362>395426<\/td>\r\n  <td class=xl6514362>395417<\/td>\r\n  <td class=xl6514362>395427<\/td>\r\n  <td class=xl6514362>395431<\/td>\r\n  <td class=xl6514362>395421<\/td>\r\n  <td class=xl6514362>395424<\/td>\r\n  <td class=xl6514362>395432<\/td>\r\n  <td class=xl6514362>395422<\/td>\r\n  <td class=xl6514362>395425<\/td>\r\n  <td class=xl6514362>395433<\/td>\r\n <\/tr>\r\n <tr height=20 style='height:15.0pt'>\r\n  <td colspan=19 height=20 class=xl6614362 width=4906 style='height:15.0pt;\r\n  width:3680pt'>Tabla Campos<\/td>\r\n <\/tr>\r\n <tr height=51 style='height:38.25pt'>\r\n  <td height=51 class=xl6714362 width=56 style='height:38.25pt;width:42pt'>Ejercicio<\/td>\r\n  <td class=xl6714362 width=140 style='border-left:none;width:105pt'>Fecha de\r\n  inicio del periodo que se informa<\/td>\r\n  <td class=xl6714362 width=166 style='border-left:none;width:125pt'>Fecha de\r\n  t\u00e9rmino del periodo que se informa<\/td>\r\n  <td class=xl6714362 width=203 style='border-left:none;width:152pt'>Denominaci\u00f3n\r\n  del mecanismo de participaci\u00f3n ciudadana<\/td>\r\n  <td class=xl6714362 width=583 style='border-left:none;width:437pt'>Fundamento\r\n  jur\u00eddico, en su caso<\/td>\r\n  <td class=xl6714362 width=201 style='border-left:none;width:151pt'>Objetivo(s)\r\n  del mecanismo de participaci\u00f3n ciudadana<\/td>\r\n  <td class=xl6714362 width=199 style='border-left:none;width:149pt'>Alcances\r\n  del mecanismo de participaci\u00f3n ciudadana<span\r\n  style='mso-spacerun:yes'>\u00a0<\/span><\/td>\r\n  <td class=xl6714362 width=736 style='border-left:none;width:552pt'>Hiperv\u00ednculo\r\n  a la convocatoria<\/td>\r\n  <td class=xl6714362 width=421 style='border-left:none;width:316pt'>Temas\r\n  sujetos a revisi\u00f3n y consideraci\u00f3n<\/td>\r\n  <td class=xl6714362 width=576 style='border-left:none;width:432pt'>Requisitos\r\n  de participaci\u00f3n<\/td>\r\n  <td class=xl6714362 width=176 style='border-left:none;width:132pt'>C\u00f3mo\r\n  recibir\u00e1 el sujeto obligado las propuestas<\/td>\r\n  <td class=xl6714362 width=237 style='border-left:none;width:178pt'>Medio de\r\n  recepci\u00f3n de propuestas<\/td>\r\n  <td class=xl6714362 width=153 style='border-left:none;width:115pt'>Fecha de\r\n  inicio recepci\u00f3n de las propuestas<\/td>\r\n  <td class=xl6714362 width=178 style='border-left:none;width:134pt'>Fecha de\r\n  t\u00e9rmino recepci\u00f3n de las propuestas<\/td>\r\n  <td class=xl6714362 width=271 style='border-left:none;width:203pt'>\u00c1rea(s) y\r\n  servidor(es) p\u00fablico(s) con los que se podr\u00e1 establecer contacto<span\r\n  style='mso-spacerun:yes'>\u00a0<\/span><\/td>\r\n  <td class=xl6714362 width=267 style='border-left:none;width:200pt'>\u00c1rea(s)\r\n  responsable(s) que genera(n), posee(n), publica(n) y actualizan la\r\n  informaci\u00f3n<\/td>\r\n  <td class=xl6714362 width=123 style='border-left:none;width:92pt'>Fecha de\r\n  validaci\u00f3n<\/td>\r\n  <td class=xl6714362 width=140 style='border-left:none;width:105pt'>Fecha de\r\n  actualizaci\u00f3n<\/td>\r\n  <td class=xl6714362 width=80 style='border-left:none;width:60pt'>Nota<\/td>\r\n <\/tr>\r\n <tr height=20 style='height:15.0pt'>\r\n  <td height=20 class=xl7014362 style='height:15.0pt;border-top:none'>2018<\/td>\r\n  <td class=xl7114362 style='border-top:none;border-left:none'>01-ene-18<\/td>\r\n  <td class=xl7114362 style='border-top:none;border-left:none'>31-mar-18<\/td>\r\n  <td class=xl7014362 style='border-top:none;border-left:none'>COPLADEM<\/td>\r\n  <td class=xl7014362 style='border-top:none;border-left:none'>* LEY ORG\u00c1NICA\r\n  MUNICIPAL * LEY DE PLANEACI\u00d3N Y PROSPECTIVA DEL ESTADO DE HIDALGO<\/td>\r\n  <td class=xl7014362 style='border-top:none;border-left:none'>PLANEACI\u00d3N\r\n  DEMOCR\u00c1TICA<\/td>\r\n  <td class=xl7014362 style='border-top:none;border-left:none'>POBLACI\u00d3N\r\n  ORGANIZADA<\/td>\r\n  <td class=xl7214362 style='border-top:none;border-left:none'><a\r\n  href=\"https:\/\/www.apan.gob.mx\/descargables\/transparencia\/articulo69\/fraccion37\/2018_1\/planeacion\/FrXXXVIIa1_1.pdf\">https:\/\/www.apan.gob.mx\/descargables\/transparencia\/articulo69\/fraccion37\/2018_1\/planeacion\/FrXXXVIIa1_1.pdf<\/a><\/td>\r\n  <td class=xl7014362 style='border-top:none;border-left:none'>* OBRA P\u00daBILCA *\r\n  SEGURIDAD * PLANEACI\u00d3N * PROTECCI\u00d3N CIVIL<\/td>\r\n  <td class=xl7014362 style='border-top:none;border-left:none'>CARGO DIRECTIVO,\r\n  SOCIEDAD ORGANIZADA, PESRONAS &quot;RECONOCIDAS EN EL MUNICIPIO&quot;<\/td>\r\n  <td class=xl7014362 style='border-top:none;border-left:none'>ASAMBLEA<\/td>\r\n  <td class=xl7014362 style='border-top:none;border-left:none'>ASAMBLEA.\r\n  PARTICIPACI\u00d3N DIRECTA<\/td>\r\n  <td class=xl7114362 style='border-top:none;border-left:none'>01-ene-18<\/td>\r\n  <td class=xl7114362 style='border-top:none;border-left:none'>31-dic-18<\/td>\r\n  <td class=xl7014362 style='border-top:none;border-left:none'>SECRETAR\u00cdA\r\n  GENERAL MUNICIPAL<\/td>\r\n  <td class=xl7014362 style='border-top:none;border-left:none'>SECRETAR\u00cdA\r\n  GENERAL MUNICIPAL<\/td>\r\n  <td class=xl7114362 style='border-top:none;border-left:none'>05-may-18<\/td>\r\n  <td class=xl7114362 style='border-top:none;border-left:none'>05-may-18<\/td>\r\n  <td class=xl7014362 style='border-top:none;border-left:none'>NINGUNA<\/td>\r\n <\/tr>\r\n <![if supportMisalignedColumns]>\r\n <tr height=0 style='display:none'>\r\n  <td width=56 style='width:42pt'><\/td>\r\n  <td width=140 style='width:105pt'><\/td>\r\n  <td width=166 style='width:125pt'><\/td>\r\n  <td width=203 style='width:152pt'><\/td>\r\n  <td width=583 style='width:437pt'><\/td>\r\n  <td width=201 style='width:151pt'><\/td>\r\n  <td width=199 style='width:149pt'><\/td>\r\n  <td width=736 style='width:552pt'><\/td>\r\n  <td width=421 style='width:316pt'><\/td>\r\n  <td width=576 style='width:432pt'><\/td>\r\n  <td width=176 style='width:132pt'><\/td>\r\n  <td width=237 style='width:178pt'><\/td>\r\n  <td width=153 style='width:115pt'><\/td>\r\n  <td width=178 style='width:134pt'><\/td>\r\n  <td width=271 style='width:203pt'><\/td>\r\n  <td width=267 style='width:200pt'><\/td>\r\n  <td width=123 style='width:92pt'><\/td>\r\n  <td width=140 style='width:105pt'><\/td>\r\n  <td width=80 style='width:60pt'><\/td>\r\n <\/tr>\r\n <![endif]>\r\n<\/table>\r\n\r\n<\/div>\r\n\r\n\r\n\r\n\t\t\t\t<\/div>\n\t\t\t\t<\/div>\n\t\t\t\t<div class=\"elementor-element elementor-element-gkeesfz elementor-widget elementor-widget-heading\" data-id=\"gkeesfz\" data-element_type=\"widget\" data-e-type=\"widget\" data-widget_type=\"heading.default\">\n\t\t\t\t<div class=\"elementor-widget-container\">\n\t\t\t\t\t<h2 class=\"elementor-heading-title elementor-size-small\">Fecha en que se subi\u00f3 la informaci\u00f3n: 11-mayo-18<\/h2>\t\t\t\t<\/div>\n\t\t\t\t<\/div>\n\t\t\t\t\t<\/div>\n\t\t<\/div>\n\t\t\t\t\t<\/div>\n\t\t<\/section>\n\t\t\t\t<\/div>\n\t\t","protected":false},"excerpt":{"rendered":"<p>Fracci\u00f3n XXXVll 46671 T\u00cdTULO NOMBRE CORTO DESCRIPCI\u00d3N Participaci\u00f3n ciudadana_Mecanismos de participaci\u00f3n ciudadana a69_f37_a La informaci\u00f3n respecto a los mecanismos que permitan, convoquen o fomenten la participaci\u00f3n de las personas a trav\u00e9s de opiniones, propuestas, manifestaciones, an\u00e1lisis, colaboraciones, entre otras; que sean individuales o como parte de consejos o comit\u00e9s, y que est\u00e9n relacionadas con la [&hellip;]<\/p>\n","protected":false},"author":1,"featured_media":0,"parent":0,"menu_order":0,"comment_status":"closed","ping_status":"closed","template":"page-template-full.php","meta":{"footnotes":""},"class_list":["post-2486","page","type-page","status-publish","hentry"],"jetpack_sharing_enabled":true,"_links":{"self":[{"href":"https:\/\/apan.gob.mx\/portal\/wp-json\/wp\/v2\/pages\/2486","targetHints":{"allow":["GET"]}}],"collection":[{"href":"https:\/\/apan.gob.mx\/portal\/wp-json\/wp\/v2\/pages"}],"about":[{"href":"https:\/\/apan.gob.mx\/portal\/wp-json\/wp\/v2\/types\/page"}],"author":[{"embeddable":true,"href":"https:\/\/apan.gob.mx\/portal\/wp-json\/wp\/v2\/users\/1"}],"replies":[{"embeddable":true,"href":"https:\/\/apan.gob.mx\/portal\/wp-json\/wp\/v2\/comments?post=2486"}],"version-history":[{"count":2,"href":"https:\/\/apan.gob.mx\/portal\/wp-json\/wp\/v2\/pages\/2486\/revisions"}],"predecessor-version":[{"id":2488,"href":"https:\/\/apan.gob.mx\/portal\/wp-json\/wp\/v2\/pages\/2486\/revisions\/2488"}],"wp:attachment":[{"href":"https:\/\/apan.gob.mx\/portal\/wp-json\/wp\/v2\/media?parent=2486"}],"curies":[{"name":"wp","href":"https:\/\/api.w.org\/{rel}","templated":true}]}}