{"id":2639,"date":"2018-07-26T00:02:04","date_gmt":"2018-07-26T00:02:04","guid":{"rendered":"https:\/\/apan.gob.mx\/portal\/?page_id=2639"},"modified":"2018-07-26T00:03:38","modified_gmt":"2018-07-26T00:03:38","slug":"secgral_41_2018_2","status":"publish","type":"page","link":"https:\/\/apan.gob.mx\/portal\/secgral_41_2018_2\/","title":{"rendered":"<!--secgral_41_2018_2-->"},"content":{"rendered":"\t\t<div data-elementor-type=\"wp-page\" data-elementor-id=\"2639\" class=\"elementor elementor-2639 elementor-bc-flex-widget\">\n\t\t\t\t\t\t<section class=\"has_ae_slider elementor-section elementor-top-section elementor-element elementor-element-esvstje elementor-section-boxed elementor-section-height-default elementor-section-height-default ae-bg-gallery-type-default\" data-id=\"esvstje\" data-element_type=\"section\" data-e-type=\"section\">\n\t\t\t\t\t\t<div class=\"elementor-container elementor-column-gap-default\">\n\t\t\t\t\t<div class=\"has_ae_slider elementor-column elementor-col-100 elementor-top-column elementor-element elementor-element-mjxntxg ae-bg-gallery-type-default\" data-id=\"mjxntxg\" data-element_type=\"column\" data-e-type=\"column\">\n\t\t\t<div class=\"elementor-widget-wrap elementor-element-populated\">\n\t\t\t\t\t\t<div class=\"elementor-element elementor-element-vsorgux elementor-widget elementor-widget-heading\" data-id=\"vsorgux\" data-element_type=\"widget\" data-e-type=\"widget\" data-widget_type=\"heading.default\">\n\t\t\t\t<div class=\"elementor-widget-container\">\n\t\t\t\t\t<h2 class=\"elementor-heading-title elementor-size-medium\">Fracci\u00f3n XLl<\/h2>\t\t\t\t<\/div>\n\t\t\t\t<\/div>\n\t\t\t\t<div class=\"elementor-element elementor-element-hegsmwj elementor-widget elementor-widget-html\" data-id=\"hegsmwj\" data-element_type=\"widget\" data-e-type=\"widget\" data-widget_type=\"html.default\">\n\t\t\t\t<div class=\"elementor-widget-container\">\n\t\t\t\t\t<style id=\"a69_f41 (1) (1)_859_Styles\">\r\n<!--table\r\n\t{mso-displayed-decimal-separator:\"\\.\";\r\n\tmso-displayed-thousand-separator:\"\\,\";}\r\n.xl15859\r\n\t{padding-top:1px;\r\n\tpadding-right:1px;\r\n\tpadding-left:1px;\r\n\tmso-ignore:padding;\r\n\tcolor:black;\r\n\tfont-size:11.0pt;\r\n\tfont-weight:400;\r\n\tfont-style:normal;\r\n\ttext-decoration:none;\r\n\tfont-family:Calibri, sans-serif;\r\n\tmso-font-charset:0;\r\n\tmso-number-format:General;\r\n\ttext-align:general;\r\n\tvertical-align:bottom;\r\n\tmso-background-source:auto;\r\n\tmso-pattern:auto;\r\n\twhite-space:nowrap;}\r\n.xl63859\r\n\t{padding-top:1px;\r\n\tpadding-right:1px;\r\n\tpadding-left:1px;\r\n\tmso-ignore:padding;\r\n\tcolor:black;\r\n\tfont-size:11.0pt;\r\n\tfont-weight:400;\r\n\tfont-style:normal;\r\n\ttext-decoration:none;\r\n\tfont-family:Calibri, sans-serif;\r\n\tmso-font-charset:0;\r\n\tmso-number-format:General;\r\n\ttext-align:center;\r\n\tvertical-align:middle;\r\n\tmso-background-source:auto;\r\n\tmso-pattern:auto;\r\n\twhite-space:nowrap;}\r\n.xl64859\r\n\t{padding-top:1px;\r\n\tpadding-right:1px;\r\n\tpadding-left:1px;\r\n\tmso-ignore:padding;\r\n\tcolor:white;\r\n\tfont-size:11.0pt;\r\n\tfont-weight:700;\r\n\tfont-style:normal;\r\n\ttext-decoration:none;\r\n\tfont-family:Arial;\r\n\tmso-generic-font-family:auto;\r\n\tmso-font-charset:0;\r\n\tmso-number-format:General;\r\n\ttext-align:center;\r\n\tvertical-align:middle;\r\n\tborder:.5pt solid windowtext;\r\n\tbackground:#333333;\r\n\tmso-pattern:black none;\r\n\twhite-space:normal;}\r\n.xl65859\r\n\t{padding-top:1px;\r\n\tpadding-right:1px;\r\n\tpadding-left:1px;\r\n\tmso-ignore:padding;\r\n\tcolor:black;\r\n\tfont-size:10.0pt;\r\n\tfont-weight:400;\r\n\tfont-style:normal;\r\n\ttext-decoration:none;\r\n\tfont-family:Arial;\r\n\tmso-generic-font-family:auto;\r\n\tmso-font-charset:0;\r\n\tmso-number-format:General;\r\n\ttext-align:center;\r\n\tvertical-align:middle;\r\n\tborder:.5pt solid windowtext;\r\n\tbackground:#E1E1E1;\r\n\tmso-pattern:black none;\r\n\twhite-space:nowrap;}\r\n.xl66859\r\n\t{padding-top:1px;\r\n\tpadding-right:1px;\r\n\tpadding-left:1px;\r\n\tmso-ignore:padding;\r\n\tcolor:black;\r\n\tfont-size:10.0pt;\r\n\tfont-weight:400;\r\n\tfont-style:normal;\r\n\ttext-decoration:none;\r\n\tfont-family:Arial;\r\n\tmso-generic-font-family:auto;\r\n\tmso-font-charset:0;\r\n\tmso-number-format:General;\r\n\ttext-align:center;\r\n\tvertical-align:middle;\r\n\tborder:.5pt solid windowtext;\r\n\tbackground:#E1E1E1;\r\n\tmso-pattern:black none;\r\n\twhite-space:normal;}\r\n.xl67859\r\n\t{padding-top:1px;\r\n\tpadding-right:1px;\r\n\tpadding-left:1px;\r\n\tmso-ignore:padding;\r\n\tcolor:black;\r\n\tfont-size:10.0pt;\r\n\tfont-weight:400;\r\n\tfont-style:normal;\r\n\ttext-decoration:none;\r\n\tfont-family:Arial, sans-serif;\r\n\tmso-font-charset:0;\r\n\tmso-number-format:General;\r\n\ttext-align:center;\r\n\tvertical-align:middle;\r\n\tborder:.5pt solid windowtext;\r\n\tbackground:#E1E1E1;\r\n\tmso-pattern:black none;\r\n\twhite-space:normal;}\r\n.xl68859\r\n\t{padding-top:1px;\r\n\tpadding-right:1px;\r\n\tpadding-left:1px;\r\n\tmso-ignore:padding;\r\n\tcolor:black;\r\n\tfont-size:11.0pt;\r\n\tfont-weight:400;\r\n\tfont-style:normal;\r\n\ttext-decoration:none;\r\n\tfont-family:Calibri, sans-serif;\r\n\tmso-font-charset:0;\r\n\tmso-number-format:General;\r\n\ttext-align:center;\r\n\tvertical-align:middle;\r\n\tborder:.5pt solid windowtext;\r\n\tbackground:white;\r\n\tmso-pattern:black none;\r\n\twhite-space:nowrap;}\r\n.xl69859\r\n\t{padding-top:1px;\r\n\tpadding-right:1px;\r\n\tpadding-left:1px;\r\n\tmso-ignore:padding;\r\n\tcolor:black;\r\n\tfont-size:11.0pt;\r\n\tfont-weight:400;\r\n\tfont-style:normal;\r\n\ttext-decoration:none;\r\n\tfont-family:Calibri, sans-serif;\r\n\tmso-font-charset:0;\r\n\tmso-number-format:\"Medium Date\";\r\n\ttext-align:center;\r\n\tvertical-align:middle;\r\n\tborder:.5pt solid windowtext;\r\n\tbackground:white;\r\n\tmso-pattern:black none;\r\n\twhite-space:nowrap;}\r\n.xl70859\r\n\t{padding-top:1px;\r\n\tpadding-right:1px;\r\n\tpadding-left:1px;\r\n\tmso-ignore:padding;\r\n\tcolor:black;\r\n\tfont-size:11.0pt;\r\n\tfont-weight:400;\r\n\tfont-style:normal;\r\n\ttext-decoration:none;\r\n\tfont-family:Calibri, sans-serif;\r\n\tmso-font-charset:0;\r\n\tmso-number-format:\"\\#\\,\\#\\#0\";\r\n\ttext-align:center;\r\n\tvertical-align:middle;\r\n\tborder:.5pt solid windowtext;\r\n\tbackground:white;\r\n\tmso-pattern:black none;\r\n\twhite-space:nowrap;}\r\n.xl71859\r\n\t{padding-top:1px;\r\n\tpadding-right:1px;\r\n\tpadding-left:1px;\r\n\tmso-ignore:padding;\r\n\tcolor:white;\r\n\tfont-size:11.0pt;\r\n\tfont-weight:700;\r\n\tfont-style:normal;\r\n\ttext-decoration:none;\r\n\tfont-family:Arial;\r\n\tmso-generic-font-family:auto;\r\n\tmso-font-charset:0;\r\n\tmso-number-format:General;\r\n\ttext-align:center;\r\n\tvertical-align:middle;\r\n\tborder-top:.5pt solid windowtext;\r\n\tborder-right:.5pt solid windowtext;\r\n\tborder-bottom:none;\r\n\tborder-left:.5pt solid windowtext;\r\n\tbackground:#333333;\r\n\tmso-pattern:black none;\r\n\twhite-space:normal;}\r\n.xl72859\r\n\t{padding-top:1px;\r\n\tpadding-right:1px;\r\n\tpadding-left:1px;\r\n\tmso-ignore:padding;\r\n\tcolor:black;\r\n\tfont-size:11.0pt;\r\n\tfont-weight:400;\r\n\tfont-style:normal;\r\n\ttext-decoration:none;\r\n\tfont-family:Calibri, sans-serif;\r\n\tmso-font-charset:0;\r\n\tmso-number-format:General;\r\n\ttext-align:center;\r\n\tvertical-align:middle;\r\n\tborder:.5pt solid windowtext;\r\n\tmso-background-source:auto;\r\n\tmso-pattern:auto;\r\n\twhite-space:nowrap;}\r\n-->\r\n<\/style>\r\n<\/head>\r\n\r\n<body>\r\n<!--[if !excel]>&nbsp;&nbsp;<![endif]-->\r\n<!--La siguiente informaci\u00f3n se gener\u00f3 mediante el Asistente para publicar como\r\np\u00e1gina web de Microsoft Excel.-->\r\n<!--Si se vuelve a publicar el mismo elemento desde Excel, se reemplazar\u00e1 toda\r\nla informaci\u00f3n comprendida entre las etiquetas DIV.-->\r\n<!----------------------------->\r\n<!--INICIO DE LOS RESULTADOS DEL ASISTENTE PARA PUBLICAR COMO P\u00c1GINA WEB DE\r\nEXCEL -->\r\n<!----------------------------->\r\n\r\n<div id=\"a69_f41 (1) (1)_859\" align=center x:publishsource=\"Excel\">\r\n\r\n<table border=0 cellpadding=0 cellspacing=0 width=4436 style='border-collapse:\r\n collapse;table-layout:fixed;width:3329pt'>\r\n <col width=56 style='mso-width-source:userset;mso-width-alt:2048;width:42pt'>\r\n <col width=255 style='mso-width-source:userset;mso-width-alt:9325;width:191pt'>\r\n <col width=270 style='mso-width-source:userset;mso-width-alt:9874;width:203pt'>\r\n <col width=425 style='mso-width-source:userset;mso-width-alt:15542;width:319pt'>\r\n <col width=108 style='mso-width-source:userset;mso-width-alt:3949;width:81pt'>\r\n <col width=544 style='mso-width-source:userset;mso-width-alt:19894;width:408pt'>\r\n <col width=456 style='mso-width-source:userset;mso-width-alt:16676;width:342pt'>\r\n <col width=221 style='mso-width-source:userset;mso-width-alt:8082;width:166pt'>\r\n <col width=730 style='mso-width-source:userset;mso-width-alt:26697;width:548pt'>\r\n <col width=146 style='mso-width-source:userset;mso-width-alt:5339;width:110pt'>\r\n <col width=450 style='mso-width-source:userset;mso-width-alt:16457;width:338pt'>\r\n <col width=512 style='mso-width-source:userset;mso-width-alt:18724;width:384pt'>\r\n <col width=123 style='mso-width-source:userset;mso-width-alt:4498;width:92pt'>\r\n <col width=140 style='mso-width-source:userset;mso-width-alt:5120;width:105pt'>\r\n <tr height=0 style='display:none'>\r\n  <td class=xl63859 width=56 style='width:42pt'>45768<\/td>\r\n  <td class=xl63859 width=255 style='width:191pt'><\/td>\r\n  <td class=xl63859 width=270 style='width:203pt'><\/td>\r\n  <td class=xl63859 width=425 style='width:319pt'><\/td>\r\n  <td class=xl63859 width=108 style='width:81pt'><\/td>\r\n  <td class=xl63859 width=544 style='width:408pt'><\/td>\r\n  <td class=xl63859 width=456 style='width:342pt'><\/td>\r\n  <td class=xl63859 width=221 style='width:166pt'><\/td>\r\n  <td class=xl63859 width=730 style='width:548pt'><\/td>\r\n  <td class=xl63859 width=146 style='width:110pt'><\/td>\r\n  <td class=xl63859 width=450 style='width:338pt'><\/td>\r\n  <td class=xl63859 width=512 style='width:384pt'><\/td>\r\n  <td class=xl63859 width=123 style='width:92pt'><\/td>\r\n  <td class=xl63859 width=140 style='width:105pt'><\/td>\r\n <\/tr>\r\n <tr height=20 style='height:15.0pt'>\r\n  <td colspan=3 height=20 class=xl64859 width=581 style='height:15.0pt;\r\n  width:436pt'>T\u00cdTULO<\/td>\r\n  <td colspan=3 class=xl64859 width=1077 style='width:808pt'>NOMBRE CORTO<\/td>\r\n  <td colspan=3 class=xl71859 width=1407 style='width:1056pt'>DESCRIPCI\u00d3N<\/td>\r\n  <td class=xl63859><\/td>\r\n  <td class=xl63859><\/td>\r\n  <td class=xl63859><\/td>\r\n  <td class=xl63859><\/td>\r\n  <td class=xl63859><\/td>\r\n <\/tr>\r\n <tr height=20 style='height:15.0pt'>\r\n  <td colspan=3 height=20 class=xl65859 style='height:15.0pt'>Estudios\r\n  financiados con recursos p\u00fablicos<\/td>\r\n  <td colspan=3 class=xl65859>a69_f41<\/td>\r\n  <td colspan=3 class=xl65859>En este apartado se deber\u00e1 publicar un cat\u00e1logo\r\n  con todos los estudios, investigaciones o an\u00e1lisis<\/td>\r\n  <td class=xl63859><\/td>\r\n  <td class=xl63859><\/td>\r\n  <td class=xl63859><\/td>\r\n  <td class=xl63859><\/td>\r\n  <td class=xl63859><\/td>\r\n <\/tr>\r\n <tr height=0 style='display:none'>\r\n  <td class=xl63859>1<\/td>\r\n  <td class=xl63859>4<\/td>\r\n  <td class=xl63859>4<\/td>\r\n  <td class=xl63859>9<\/td>\r\n  <td class=xl63859>2<\/td>\r\n  <td class=xl63859>2<\/td>\r\n  <td class=xl63859>2<\/td>\r\n  <td class=xl63859>1<\/td>\r\n  <td class=xl63859>2<\/td>\r\n  <td class=xl63859>10<\/td>\r\n  <td class=xl63859>6<\/td>\r\n  <td class=xl63859>2<\/td>\r\n  <td class=xl63859>4<\/td>\r\n  <td class=xl63859>13<\/td>\r\n <\/tr>\r\n <tr height=0 style='display:none'>\r\n  <td class=xl63859>379107<\/td>\r\n  <td class=xl63859>379119<\/td>\r\n  <td class=xl63859>379121<\/td>\r\n  <td class=xl63859>379125<\/td>\r\n  <td class=xl63859>379109<\/td>\r\n  <td class=xl63859>379120<\/td>\r\n  <td class=xl63859>379122<\/td>\r\n  <td class=xl63859>379105<\/td>\r\n  <td class=xl63859>379110<\/td>\r\n  <td class=xl63859>379116<\/td>\r\n  <td class=xl63859>379112<\/td>\r\n  <td class=xl63859>379124<\/td>\r\n  <td class=xl63859>379111<\/td>\r\n  <td class=xl63859>379117<\/td>\r\n <\/tr>\r\n <tr height=20 style='height:15.0pt'>\r\n  <td colspan=14 height=20 class=xl64859 width=4436 style='height:15.0pt;\r\n  width:3329pt'>Tabla Campos<\/td>\r\n <\/tr>\r\n <tr height=34 style='height:25.5pt'>\r\n  <td height=34 class=xl66859 width=56 style='height:25.5pt;width:42pt'>Ejercicio<\/td>\r\n  <td class=xl66859 width=255 style='border-left:none;width:191pt'>Fecha de\r\n  inicio del periodo que se informa<\/td>\r\n  <td class=xl66859 width=270 style='border-left:none;width:203pt'>Fecha de\r\n  t\u00e9rmino del periodo que se informa<\/td>\r\n  <td class=xl66859 width=425 style='border-left:none;width:319pt'>Forma y\r\n  actores participantes en la elaboraci\u00f3n del estudio (cat\u00e1logo)<\/td>\r\n  <td class=xl66859 width=108 style='border-left:none;width:81pt'>T\u00edtulo del\r\n  estudio<\/td>\r\n  <td class=xl66859 width=544 style='border-left:none;width:408pt'>\u00c1rea(s) al\r\n  interior del sujeto obligado que fue responsable de la elaboraci\u00f3n o\r\n  coordinaci\u00f3n<span style='mso-spacerun:yes'>\u00a0<\/span><\/td>\r\n  <td class=xl66859 width=456 style='border-left:none;width:342pt'>Denominaci\u00f3n\r\n  de la instituci\u00f3n u organismo p\u00fablico o privado<\/td>\r\n  <td class=xl66859 width=221 style='border-left:none;width:166pt'>N\u00famero de\r\n  ISBN<span style='mso-spacerun:yes'>\u00a0 <\/span>o ISSN , en su caso<\/td>\r\n  <td class=xl66859 width=730 style='border-left:none;width:548pt'>Objeto del\r\n  estudio<\/td>\r\n  <td class=xl67859 width=146 style='border-left:none;width:110pt'>Autor(es)\r\n  intelectual(es)<span style='mso-spacerun:yes'>\u00a0\u00a0<\/span><\/td>\r\n  <td class=xl66859 width=450 style='border-left:none;width:338pt'>Monto total\r\n  de los recursos p\u00fablicos destinados a la elaboraci\u00f3n del estudio<\/td>\r\n  <td class=xl66859 width=512 style='border-left:none;width:384pt'>\u00c1rea(s)\r\n  responsable(s) que genera(n), posee(n), publica(n) y actualizan la\r\n  informaci\u00f3n<\/td>\r\n  <td class=xl66859 width=123 style='border-left:none;width:92pt'>Fecha de\r\n  validaci\u00f3n<\/td>\r\n  <td class=xl66859 width=140 style='border-left:none;width:105pt'>Fecha de\r\n  actualizaci\u00f3n<\/td>\r\n <\/tr>\r\n <tr height=20 style='height:15.0pt'>\r\n  <td height=20 class=xl68859 style='height:15.0pt;border-top:none'>2018<\/td>\r\n  <td class=xl69859 style='border-top:none;border-left:none'>01-abr-18<\/td>\r\n  <td class=xl69859 style='border-top:none;border-left:none'>30-jun-18<\/td>\r\n  <td class=xl68859 style='border-top:none;border-left:none'>Realizado en\r\n  colaboraci\u00f3n con instituciones u organismos p\u00fablicos<\/td>\r\n  <td class=xl68859 style='border-top:none;border-left:none'>Programa Municipal\r\n  de Desarrollo y Ordenamiento Terretorial Apan Hidalgo 2016- 2020<\/td>\r\n  <td class=xl68859 style='border-top:none;border-left:none'>&nbsp;<\/td>\r\n  <td class=xl68859 style='border-top:none;border-left:none'>ITESA Instituto\r\n  Tecnologico Superior Del<span style='mso-spacerun:yes'>\u00a0 <\/span>Oriente Del\r\n  Estado Hidalgo<span style='mso-spacerun:yes'>\u00a0<\/span><\/td>\r\n  <td class=xl68859 style='border-top:none;border-left:none'>&nbsp;<\/td>\r\n  <td class=xl68859 style='border-top:none;border-left:none'>Obtener<span\r\n  style='mso-spacerun:yes'>\u00a0 <\/span>un programa municipal de desarrollo<span\r\n  style='mso-spacerun:yes'>\u00a0<\/span><\/td>\r\n  <td class=xl68859 style='border-top:none;border-left:none'>ITESA<span\r\n  style='mso-spacerun:yes'>\u00a0<\/span><\/td>\r\n  <td class=xl70859 style='border-top:none;border-left:none'>100,000<\/td>\r\n  <td class=xl68859 style='border-top:none;border-left:none'>Secretaria General\r\n  Municipal<\/td>\r\n  <td class=xl69859 style='border-top:none;border-left:none'>01-jul-18<\/td>\r\n  <td class=xl69859 style='border-top:none;border-left:none'>01-abr-18<\/td>\r\n <\/tr>\r\n <tr height=20 style='height:15.0pt'>\r\n  <td height=20 class=xl68859 style='height:15.0pt;border-top:none'>2018<\/td>\r\n  <td class=xl69859 style='border-top:none;border-left:none'>01-abr-18<\/td>\r\n  <td class=xl69859 style='border-top:none;border-left:none'>30-jun-18<\/td>\r\n  <td class=xl68859 style='border-top:none;border-left:none'>Realizado en\r\n  colaboraci\u00f3n con instituciones u organismos p\u00fablicos<\/td>\r\n  <td class=xl68859 style='border-top:none;border-left:none'>Atlas de Riesgo\r\n  del Municipio de Apan Hidalgo 2016 - 2020<\/td>\r\n  <td class=xl68859 style='border-top:none;border-left:none'>&nbsp;<\/td>\r\n  <td class=xl68859 style='border-top:none;border-left:none'>ITESA Instituto\r\n  Tecnologico Superior Del<span style='mso-spacerun:yes'>\u00a0 <\/span>Oriente Del\r\n  Estado Hidalgo<span style='mso-spacerun:yes'>\u00a0<\/span><\/td>\r\n  <td class=xl68859 style='border-top:none;border-left:none'>&nbsp;<\/td>\r\n  <td class=xl68859 style='border-top:none;border-left:none'>Obtener un Atlas\r\n  de de riesgo para el \u00e1rea de<span style='mso-spacerun:yes'>\u00a0\r\n  <\/span>protecci\u00f3n civil<span style='mso-spacerun:yes'>\u00a0<\/span><\/td>\r\n  <td class=xl68859 style='border-top:none;border-left:none'>ITESA<span\r\n  style='mso-spacerun:yes'>\u00a0<\/span><\/td>\r\n  <td class=xl70859 style='border-top:none;border-left:none'>35,000<\/td>\r\n  <td class=xl68859 style='border-top:none;border-left:none'>Secretaria General\r\n  Municipal<\/td>\r\n  <td class=xl69859 style='border-top:none;border-left:none'>01-jul-18<\/td>\r\n  <td class=xl69859 style='border-top:none;border-left:none'>01-abr-18<\/td>\r\n <\/tr>\r\n <tr height=20 style='height:15.0pt'>\r\n  <td height=20 class=xl68859 style='height:15.0pt;border-top:none'>2018<\/td>\r\n  <td class=xl69859 style='border-top:none;border-left:none'>01-abr-18<\/td>\r\n  <td class=xl69859 style='border-top:none;border-left:none'>30-jun-18<\/td>\r\n  <td class=xl68859 style='border-top:none;border-left:none'>Realizado en\r\n  colaboraci\u00f3n con instituciones u organismos p\u00fablicos<\/td>\r\n  <td class=xl68859 style='border-top:none;border-left:none'>Desarrollo de una\r\n  aplicaci\u00f3n m\u00f3vil para conocer los ingresos y egeresos del municipio de Apan\r\n  Hidalgo<\/td>\r\n  <td class=xl68859 style='border-top:none;border-left:none'>&nbsp;<\/td>\r\n  <td class=xl68859 style='border-top:none;border-left:none'>ITESA Instituto\r\n  Tecnologico Superior Del<span style='mso-spacerun:yes'>\u00a0 <\/span>Oriente Del\r\n  Estado Hidalgo<span style='mso-spacerun:yes'>\u00a0<\/span><\/td>\r\n  <td class=xl68859 style='border-top:none;border-left:none'>&nbsp;<\/td>\r\n  <td class=xl68859 style='border-top:none;border-left:none'>Que la ciudadan\u00eda\r\n  tenga acceso de manera pr\u00e1ctica en su dispositivo m\u00f3vil de los egresos e\r\n  ingresos del municipio.<\/td>\r\n  <td class=xl68859 style='border-top:none;border-left:none'>ITESA<span\r\n  style='mso-spacerun:yes'>\u00a0<\/span><\/td>\r\n  <td class=xl70859 style='border-top:none;border-left:none'>50,000<\/td>\r\n  <td class=xl68859 style='border-top:none;border-left:none'>Secretaria General\r\n  Municipal<\/td>\r\n  <td class=xl69859 style='border-top:none;border-left:none'>01-jul-18<\/td>\r\n  <td class=xl69859 style='border-top:none;border-left:none'>01-abr-18<\/td>\r\n <\/tr>\r\n <![if supportMisalignedColumns]>\r\n <tr height=0 style='display:none'>\r\n  <td width=56 style='width:42pt'><\/td>\r\n  <td width=255 style='width:191pt'><\/td>\r\n  <td width=270 style='width:203pt'><\/td>\r\n  <td width=425 style='width:319pt'><\/td>\r\n  <td width=108 style='width:81pt'><\/td>\r\n  <td width=544 style='width:408pt'><\/td>\r\n  <td width=456 style='width:342pt'><\/td>\r\n  <td width=221 style='width:166pt'><\/td>\r\n  <td width=730 style='width:548pt'><\/td>\r\n  <td width=146 style='width:110pt'><\/td>\r\n  <td width=450 style='width:338pt'><\/td>\r\n  <td width=512 style='width:384pt'><\/td>\r\n  <td width=123 style='width:92pt'><\/td>\r\n  <td width=140 style='width:105pt'><\/td>\r\n <\/tr>\r\n <![endif]>\r\n<\/table>\r\n\r\n<\/div>\r\n\r\n\t\t\t\t<\/div>\n\t\t\t\t<\/div>\n\t\t\t\t<div class=\"elementor-element elementor-element-fcpevtu elementor-widget elementor-widget-heading\" data-id=\"fcpevtu\" data-element_type=\"widget\" data-e-type=\"widget\" data-widget_type=\"heading.default\">\n\t\t\t\t<div class=\"elementor-widget-container\">\n\t\t\t\t\t<h2 class=\"elementor-heading-title elementor-size-small\">Fecha en que se subi\u00f3 la informaci\u00f3n: 25-julio-18<\/h2>\t\t\t\t<\/div>\n\t\t\t\t<\/div>\n\t\t\t\t\t<\/div>\n\t\t<\/div>\n\t\t\t\t\t<\/div>\n\t\t<\/section>\n\t\t\t\t<\/div>\n\t\t","protected":false},"excerpt":{"rendered":"<p>Fracci\u00f3n XLl 45768 T\u00cdTULO NOMBRE CORTO DESCRIPCI\u00d3N Estudios financiados con recursos p\u00fablicos a69_f41 En este apartado se deber\u00e1 publicar un cat\u00e1logo con todos los estudios, investigaciones o an\u00e1lisis 1 4 4 9 2 2 2 1 2 10 6 2 4 13 379107 379119 379121 379125 379109 379120 379122 379105 379110 379116 379112 379124 379111 [&hellip;]<\/p>\n","protected":false},"author":1,"featured_media":0,"parent":0,"menu_order":0,"comment_status":"closed","ping_status":"closed","template":"page-template-full.php","meta":{"footnotes":""},"class_list":["post-2639","page","type-page","status-publish","hentry"],"jetpack_sharing_enabled":true,"_links":{"self":[{"href":"https:\/\/apan.gob.mx\/portal\/wp-json\/wp\/v2\/pages\/2639","targetHints":{"allow":["GET"]}}],"collection":[{"href":"https:\/\/apan.gob.mx\/portal\/wp-json\/wp\/v2\/pages"}],"about":[{"href":"https:\/\/apan.gob.mx\/portal\/wp-json\/wp\/v2\/types\/page"}],"author":[{"embeddable":true,"href":"https:\/\/apan.gob.mx\/portal\/wp-json\/wp\/v2\/users\/1"}],"replies":[{"embeddable":true,"href":"https:\/\/apan.gob.mx\/portal\/wp-json\/wp\/v2\/comments?post=2639"}],"version-history":[{"count":2,"href":"https:\/\/apan.gob.mx\/portal\/wp-json\/wp\/v2\/pages\/2639\/revisions"}],"predecessor-version":[{"id":2641,"href":"https:\/\/apan.gob.mx\/portal\/wp-json\/wp\/v2\/pages\/2639\/revisions\/2641"}],"wp:attachment":[{"href":"https:\/\/apan.gob.mx\/portal\/wp-json\/wp\/v2\/media?parent=2639"}],"curies":[{"name":"wp","href":"https:\/\/api.w.org\/{rel}","templated":true}]}}