{"id":2753,"date":"2018-07-31T02:18:00","date_gmt":"2018-07-31T02:18:00","guid":{"rendered":"https:\/\/apan.gob.mx\/portal\/?page_id=2753"},"modified":"2018-07-31T02:18:54","modified_gmt":"2018-07-31T02:18:54","slug":"transparencia_20_2018_2","status":"publish","type":"page","link":"https:\/\/apan.gob.mx\/portal\/transparencia_20_2018_2\/","title":{"rendered":"<!--transparencia_20_2018_2-->"},"content":{"rendered":"\t\t<div data-elementor-type=\"wp-page\" data-elementor-id=\"2753\" class=\"elementor elementor-2753 elementor-bc-flex-widget\">\n\t\t\t\t\t\t<div class=\"elementor-inner\">\n\t\t\t\t<div class=\"elementor-section-wrap\">\n\t\t\t\t\t\t\t\t\t<section class=\"has_ae_slider elementor-section elementor-top-section elementor-element elementor-element-vdmghtf elementor-section-boxed elementor-section-height-default elementor-section-height-default ae-bg-gallery-type-default\" data-id=\"vdmghtf\" data-element_type=\"section\">\n\t\t\t\t\t\t<div class=\"elementor-container elementor-column-gap-default\">\n\t\t\t\t\t\t\t<div class=\"elementor-row\">\n\t\t\t\t\t<div class=\"has_ae_slider elementor-column elementor-col-100 elementor-top-column elementor-element elementor-element-xouezkl ae-bg-gallery-type-default\" data-id=\"xouezkl\" data-element_type=\"column\">\n\t\t\t<div class=\"elementor-column-wrap elementor-element-populated\">\n\t\t\t\t\t\t\t<div class=\"elementor-widget-wrap\">\n\t\t\t\t\t\t<div class=\"elementor-element elementor-element-fmesxce elementor-widget elementor-widget-heading\" data-id=\"fmesxce\" data-element_type=\"widget\" data-widget_type=\"heading.default\">\n\t\t\t\t<div class=\"elementor-widget-container\">\n\t\t\t<h2 class=\"elementor-heading-title elementor-size-medium\">Fracci\u00f3n XX<\/h2>\t\t<\/div>\n\t\t\t\t<\/div>\n\t\t\t\t<div class=\"elementor-element elementor-element-uhlhirn elementor-widget elementor-widget-html\" data-id=\"uhlhirn\" data-element_type=\"widget\" data-widget_type=\"html.default\">\n\t\t\t\t<div class=\"elementor-widget-container\">\n\t\t\t<style id=\"a69_f20 (12)_21581_Styles\">\r\n<!--table\r\n\t{mso-displayed-decimal-separator:\"\\.\";\r\n\tmso-displayed-thousand-separator:\"\\,\";}\r\n.xl1521581\r\n\t{padding-top:1px;\r\n\tpadding-right:1px;\r\n\tpadding-left:1px;\r\n\tmso-ignore:padding;\r\n\tcolor:black;\r\n\tfont-size:11.0pt;\r\n\tfont-weight:400;\r\n\tfont-style:normal;\r\n\ttext-decoration:none;\r\n\tfont-family:Calibri, sans-serif;\r\n\tmso-font-charset:0;\r\n\tmso-number-format:General;\r\n\ttext-align:general;\r\n\tvertical-align:bottom;\r\n\tmso-background-source:auto;\r\n\tmso-pattern:auto;\r\n\twhite-space:nowrap;}\r\n.xl6521581\r\n\t{padding-top:1px;\r\n\tpadding-right:1px;\r\n\tpadding-left:1px;\r\n\tmso-ignore:padding;\r\n\tcolor:black;\r\n\tfont-size:11.0pt;\r\n\tfont-weight:400;\r\n\tfont-style:normal;\r\n\ttext-decoration:none;\r\n\tfont-family:Calibri, sans-serif;\r\n\tmso-font-charset:0;\r\n\tmso-number-format:General;\r\n\ttext-align:general;\r\n\tvertical-align:bottom;\r\n\tmso-background-source:auto;\r\n\tmso-pattern:auto;\r\n\twhite-space:normal;}\r\n.xl6621581\r\n\t{padding-top:1px;\r\n\tpadding-right:1px;\r\n\tpadding-left:1px;\r\n\tmso-ignore:padding;\r\n\tcolor:black;\r\n\tfont-size:11.0pt;\r\n\tfont-weight:400;\r\n\tfont-style:normal;\r\n\ttext-decoration:none;\r\n\tfont-family:Calibri, sans-serif;\r\n\tmso-font-charset:0;\r\n\tmso-number-format:General;\r\n\ttext-align:center;\r\n\tvertical-align:middle;\r\n\tmso-background-source:auto;\r\n\tmso-pattern:auto;\r\n\twhite-space:nowrap;}\r\n.xl6721581\r\n\t{padding-top:1px;\r\n\tpadding-right:1px;\r\n\tpadding-left:1px;\r\n\tmso-ignore:padding;\r\n\tcolor:black;\r\n\tfont-size:11.0pt;\r\n\tfont-weight:400;\r\n\tfont-style:normal;\r\n\ttext-decoration:none;\r\n\tfont-family:Calibri, sans-serif;\r\n\tmso-font-charset:0;\r\n\tmso-number-format:General;\r\n\ttext-align:center;\r\n\tvertical-align:middle;\r\n\tmso-background-source:auto;\r\n\tmso-pattern:auto;\r\n\twhite-space:normal;}\r\n.xl6821581\r\n\t{padding-top:1px;\r\n\tpadding-right:1px;\r\n\tpadding-left:1px;\r\n\tmso-ignore:padding;\r\n\tcolor:white;\r\n\tfont-size:11.0pt;\r\n\tfont-weight:700;\r\n\tfont-style:normal;\r\n\ttext-decoration:none;\r\n\tfont-family:Arial, sans-serif;\r\n\tmso-font-charset:0;\r\n\tmso-number-format:General;\r\n\ttext-align:center;\r\n\tvertical-align:middle;\r\n\tborder:.5pt solid windowtext;\r\n\tbackground:#333333;\r\n\tmso-pattern:black none;\r\n\twhite-space:normal;}\r\n.xl6921581\r\n\t{padding-top:1px;\r\n\tpadding-right:1px;\r\n\tpadding-left:1px;\r\n\tmso-ignore:padding;\r\n\tcolor:white;\r\n\tfont-size:11.0pt;\r\n\tfont-weight:700;\r\n\tfont-style:normal;\r\n\ttext-decoration:none;\r\n\tfont-family:Arial, sans-serif;\r\n\tmso-font-charset:0;\r\n\tmso-number-format:General;\r\n\ttext-align:center;\r\n\tvertical-align:middle;\r\n\tborder-top:.5pt solid windowtext;\r\n\tborder-right:.5pt solid windowtext;\r\n\tborder-bottom:none;\r\n\tborder-left:.5pt solid windowtext;\r\n\tbackground:#333333;\r\n\tmso-pattern:black none;\r\n\twhite-space:normal;}\r\n.xl7021581\r\n\t{padding-top:1px;\r\n\tpadding-right:1px;\r\n\tpadding-left:1px;\r\n\tmso-ignore:padding;\r\n\tcolor:black;\r\n\tfont-size:10.0pt;\r\n\tfont-weight:400;\r\n\tfont-style:normal;\r\n\ttext-decoration:none;\r\n\tfont-family:Arial, sans-serif;\r\n\tmso-font-charset:0;\r\n\tmso-number-format:General;\r\n\ttext-align:center;\r\n\tvertical-align:middle;\r\n\tborder:.5pt solid windowtext;\r\n\tbackground:#E1E1E1;\r\n\tmso-pattern:black none;\r\n\twhite-space:nowrap;}\r\n.xl7121581\r\n\t{padding-top:1px;\r\n\tpadding-right:1px;\r\n\tpadding-left:1px;\r\n\tmso-ignore:padding;\r\n\tcolor:black;\r\n\tfont-size:10.0pt;\r\n\tfont-weight:400;\r\n\tfont-style:normal;\r\n\ttext-decoration:none;\r\n\tfont-family:Arial, sans-serif;\r\n\tmso-font-charset:0;\r\n\tmso-number-format:General;\r\n\ttext-align:center;\r\n\tvertical-align:middle;\r\n\tborder:.5pt solid windowtext;\r\n\tbackground:#E1E1E1;\r\n\tmso-pattern:black none;\r\n\twhite-space:normal;}\r\n.xl7221581\r\n\t{padding-top:1px;\r\n\tpadding-right:1px;\r\n\tpadding-left:1px;\r\n\tmso-ignore:padding;\r\n\tcolor:black;\r\n\tfont-size:11.0pt;\r\n\tfont-weight:400;\r\n\tfont-style:normal;\r\n\ttext-decoration:none;\r\n\tfont-family:Calibri, sans-serif;\r\n\tmso-font-charset:0;\r\n\tmso-number-format:General;\r\n\ttext-align:center;\r\n\tvertical-align:middle;\r\n\tborder:.5pt solid windowtext;\r\n\tmso-background-source:auto;\r\n\tmso-pattern:auto;\r\n\twhite-space:normal;}\r\n.xl7321581\r\n\t{padding-top:1px;\r\n\tpadding-right:1px;\r\n\tpadding-left:1px;\r\n\tmso-ignore:padding;\r\n\tcolor:black;\r\n\tfont-size:11.0pt;\r\n\tfont-weight:400;\r\n\tfont-style:normal;\r\n\ttext-decoration:none;\r\n\tfont-family:Calibri, sans-serif;\r\n\tmso-font-charset:0;\r\n\tmso-number-format:General;\r\n\ttext-align:center;\r\n\tvertical-align:middle;\r\n\tborder:.5pt solid windowtext;\r\n\tbackground:white;\r\n\tmso-pattern:black none;\r\n\twhite-space:nowrap;}\r\n.xl7421581\r\n\t{padding-top:1px;\r\n\tpadding-right:1px;\r\n\tpadding-left:1px;\r\n\tmso-ignore:padding;\r\n\tcolor:black;\r\n\tfont-size:11.0pt;\r\n\tfont-weight:400;\r\n\tfont-style:normal;\r\n\ttext-decoration:none;\r\n\tfont-family:Calibri, sans-serif;\r\n\tmso-font-charset:0;\r\n\tmso-number-format:\"Medium Date\";\r\n\ttext-align:center;\r\n\tvertical-align:middle;\r\n\tborder:.5pt solid windowtext;\r\n\tbackground:white;\r\n\tmso-pattern:black none;\r\n\twhite-space:nowrap;}\r\n.xl7521581\r\n\t{padding-top:1px;\r\n\tpadding-right:1px;\r\n\tpadding-left:1px;\r\n\tmso-ignore:padding;\r\n\tcolor:black;\r\n\tfont-size:11.0pt;\r\n\tfont-weight:400;\r\n\tfont-style:normal;\r\n\ttext-decoration:none;\r\n\tfont-family:Calibri, sans-serif;\r\n\tmso-font-charset:0;\r\n\tmso-number-format:General;\r\n\ttext-align:center;\r\n\tvertical-align:middle;\r\n\tborder:.5pt solid windowtext;\r\n\tbackground:white;\r\n\tmso-pattern:black none;\r\n\twhite-space:normal;}\r\n.xl7621581\r\n\t{padding-top:1px;\r\n\tpadding-right:1px;\r\n\tpadding-left:1px;\r\n\tmso-ignore:padding;\r\n\tcolor:blue;\r\n\tfont-size:11.0pt;\r\n\tfont-weight:400;\r\n\tfont-style:normal;\r\n\ttext-decoration:underline;\r\n\ttext-underline-style:single;\r\n\tfont-family:Calibri, sans-serif;\r\n\tmso-font-charset:0;\r\n\tmso-number-format:General;\r\n\ttext-align:center;\r\n\tvertical-align:middle;\r\n\tborder:.5pt solid windowtext;\r\n\tbackground:white;\r\n\tmso-pattern:black none;\r\n\twhite-space:nowrap;}\r\n-->\r\n<\/style>\r\n<\/head>\r\n\r\n<body>\r\n<!--[if !excel]>&nbsp;&nbsp;<![endif]-->\r\n<!--La siguiente informaci\u00f3n se gener\u00f3 mediante el Asistente para publicar como\r\np\u00e1gina web de Microsoft Excel.-->\r\n<!--Si se vuelve a publicar el mismo elemento desde Excel, se reemplazar\u00e1 toda\r\nla informaci\u00f3n comprendida entre las etiquetas DIV.-->\r\n<!----------------------------->\r\n<!--INICIO DE LOS RESULTADOS DEL ASISTENTE PARA PUBLICAR COMO P\u00c1GINA WEB DE\r\nEXCEL -->\r\n<!----------------------------->\r\n\r\n<div id=\"a69_f20 (12)_21581\" align=center x:publishsource=\"Excel\">\r\n\r\n<table border=0 cellpadding=0 cellspacing=0 width=6439 style='border-collapse:\r\n collapse;table-layout:fixed;width:4832pt'>\r\n <col width=56 style='mso-width-source:userset;mso-width-alt:2048;width:42pt'>\r\n <col width=255 style='mso-width-source:userset;mso-width-alt:9325;width:191pt'>\r\n <col width=270 style='mso-width-source:userset;mso-width-alt:9874;width:203pt'>\r\n <col width=159 style='mso-width-source:userset;mso-width-alt:5814;width:119pt'>\r\n <col width=229 style='mso-width-source:userset;mso-width-alt:8374;width:172pt'>\r\n <col class=xl6521581 width=532 style='mso-width-source:userset;mso-width-alt:\r\n 19456;width:399pt'>\r\n <col width=183 style='mso-width-source:userset;mso-width-alt:6692;width:137pt'>\r\n <col width=341 style='mso-width-source:userset;mso-width-alt:12470;width:256pt'>\r\n <col width=147 style='mso-width-source:userset;mso-width-alt:5376;width:110pt'>\r\n <col width=228 style='mso-width-source:userset;mso-width-alt:8338;width:171pt'>\r\n <col width=373 style='mso-width-source:userset;mso-width-alt:13641;width:280pt'>\r\n <col width=273 style='mso-width-source:userset;mso-width-alt:9984;width:205pt'>\r\n <col width=174 style='mso-width-source:userset;mso-width-alt:6363;width:131pt'>\r\n <col class=xl6521581 width=590 style='mso-width-source:userset;mso-width-alt:\r\n 21577;width:443pt'>\r\n <col width=778 style='mso-width-source:userset;mso-width-alt:28452;width:584pt'>\r\n <col width=322 style='mso-width-source:userset;mso-width-alt:11776;width:242pt'>\r\n <col width=300 style='mso-width-source:userset;mso-width-alt:10971;width:225pt'>\r\n <col width=512 style='mso-width-source:userset;mso-width-alt:18724;width:384pt'>\r\n <col width=123 style='mso-width-source:userset;mso-width-alt:4498;width:92pt'>\r\n <col width=140 style='mso-width-source:userset;mso-width-alt:5120;width:105pt'>\r\n <col width=454 style='mso-width-source:userset;mso-width-alt:16603;width:341pt'>\r\n <tr height=0 style='display:none'>\r\n  <td class=xl6621581 width=56 style='width:42pt'>44251<\/td>\r\n  <td class=xl6621581 width=255 style='width:191pt'><\/td>\r\n  <td class=xl6621581 width=270 style='width:203pt'><\/td>\r\n  <td class=xl6621581 width=159 style='width:119pt'><\/td>\r\n  <td class=xl6621581 width=229 style='width:172pt'><\/td>\r\n  <td class=xl6721581 width=532 style='width:399pt'><\/td>\r\n  <td class=xl6621581 width=183 style='width:137pt'><\/td>\r\n  <td class=xl6621581 width=341 style='width:256pt'><\/td>\r\n  <td class=xl6621581 width=147 style='width:110pt'><\/td>\r\n  <td class=xl6621581 width=228 style='width:171pt'><\/td>\r\n  <td class=xl6621581 width=373 style='width:280pt'><\/td>\r\n  <td class=xl6621581 width=273 style='width:205pt'><\/td>\r\n  <td class=xl6621581 width=174 style='width:131pt'><\/td>\r\n  <td class=xl6721581 width=590 style='width:443pt'><\/td>\r\n  <td class=xl6621581 width=778 style='width:584pt'><\/td>\r\n  <td class=xl6621581 width=322 style='width:242pt'><\/td>\r\n  <td class=xl6621581 width=300 style='width:225pt'><\/td>\r\n  <td class=xl6621581 width=512 style='width:384pt'><\/td>\r\n  <td class=xl6621581 width=123 style='width:92pt'><\/td>\r\n  <td class=xl6621581 width=140 style='width:105pt'><\/td>\r\n  <td class=xl6621581 width=454 style='width:341pt'><\/td>\r\n <\/tr>\r\n <tr height=20 style='height:15.0pt'>\r\n  <td colspan=3 height=20 class=xl6821581 width=581 style='height:15.0pt;\r\n  width:436pt'>T\u00cdTULO<\/td>\r\n  <td colspan=3 class=xl6821581 width=920 style='width:690pt'>NOMBRE CORTO<\/td>\r\n  <td colspan=3 class=xl6921581 width=671 style='width:503pt'>DESCRIPCI\u00d3N<\/td>\r\n  <td class=xl6621581><\/td>\r\n  <td class=xl6621581><\/td>\r\n  <td class=xl6621581><\/td>\r\n  <td class=xl6621581><\/td>\r\n  <td class=xl6721581 width=590 style='width:443pt'><\/td>\r\n  <td class=xl6621581><\/td>\r\n  <td class=xl6621581><\/td>\r\n  <td class=xl6621581><\/td>\r\n  <td class=xl6621581><\/td>\r\n  <td class=xl6621581><\/td>\r\n  <td class=xl6621581><\/td>\r\n  <td class=xl6621581><\/td>\r\n <\/tr>\r\n <tr height=98 style='mso-height-source:userset;height:73.5pt'>\r\n  <td colspan=3 height=98 class=xl7021581 style='height:73.5pt'>Tr\u00e1mites\r\n  ofrecidos<\/td>\r\n  <td colspan=3 class=xl7021581>a69_f20<\/td>\r\n  <td colspan=3 class=xl7121581 width=671 style='width:503pt'>La informaci\u00f3n\r\n  relacionada con las tareas administrativas que realizan los sujetos obligados\r\n  en sus diferentes \u00e1mbitos con el objeto de atender las peticiones que\r\n  realicen los particulares ya sea para la obtenci\u00f3n de un beneficio, o cumplir\r\n  con alguna obligaci\u00f3n ante una autoridad, de conformidad con la normatividad\r\n  respecto de los tr\u00e1mites que realizan. Generalmente \u00e9stos implican la entrega\r\n  de informaci\u00f3n ante una autoridad por parte de los particulares.<\/td>\r\n  <td class=xl6621581><\/td>\r\n  <td class=xl6621581><\/td>\r\n  <td class=xl6621581><\/td>\r\n  <td class=xl6621581><\/td>\r\n  <td class=xl6721581 width=590 style='width:443pt'><\/td>\r\n  <td class=xl6621581><\/td>\r\n  <td class=xl6621581><\/td>\r\n  <td class=xl6621581><\/td>\r\n  <td class=xl6621581><\/td>\r\n  <td class=xl6621581><\/td>\r\n  <td class=xl6621581><\/td>\r\n  <td class=xl6621581><\/td>\r\n <\/tr>\r\n <tr height=0 style='display:none'>\r\n  <td class=xl6621581>1<\/td>\r\n  <td class=xl6621581>4<\/td>\r\n  <td class=xl6621581>4<\/td>\r\n  <td class=xl6621581>2<\/td>\r\n  <td class=xl6621581>2<\/td>\r\n  <td class=xl6721581 width=532 style='width:399pt'>2<\/td>\r\n  <td class=xl6621581>1<\/td>\r\n  <td class=xl6621581>7<\/td>\r\n  <td class=xl6621581>2<\/td>\r\n  <td class=xl6621581>1<\/td>\r\n  <td class=xl6621581>10<\/td>\r\n  <td class=xl6621581>6<\/td>\r\n  <td class=xl6621581>2<\/td>\r\n  <td class=xl6721581 width=590 style='width:443pt'>2<\/td>\r\n  <td class=xl6621581>2<\/td>\r\n  <td class=xl6621581>10<\/td>\r\n  <td class=xl6621581>7<\/td>\r\n  <td class=xl6621581>2<\/td>\r\n  <td class=xl6621581>4<\/td>\r\n  <td class=xl6621581>13<\/td>\r\n  <td class=xl6621581>14<\/td>\r\n <\/tr>\r\n <tr height=0 style='display:none'>\r\n  <td class=xl6621581>350731<\/td>\r\n  <td class=xl6621581>350733<\/td>\r\n  <td class=xl6621581>350732<\/td>\r\n  <td class=xl6621581>350716<\/td>\r\n  <td class=xl6621581>350744<\/td>\r\n  <td class=xl6721581 width=532 style='width:399pt'>350717<\/td>\r\n  <td class=xl6621581>350715<\/td>\r\n  <td class=xl6621581>350734<\/td>\r\n  <td class=xl6621581>350745<\/td>\r\n  <td class=xl6621581>350714<\/td>\r\n  <td class=xl6621581>350724<\/td>\r\n  <td class=xl6621581>350721<\/td>\r\n  <td class=xl6621581>350719<\/td>\r\n  <td class=xl6721581 width=590 style='width:443pt'>350718<\/td>\r\n  <td class=xl6621581>350741<\/td>\r\n  <td class=xl6621581>350725<\/td>\r\n  <td class=xl6621581>350722<\/td>\r\n  <td class=xl6621581>350737<\/td>\r\n  <td class=xl6621581>350720<\/td>\r\n  <td class=xl6621581>350730<\/td>\r\n  <td class=xl6621581>350736<\/td>\r\n <\/tr>\r\n <tr height=20 style='height:15.0pt'>\r\n  <td colspan=21 height=20 class=xl6821581 width=6439 style='height:15.0pt;\r\n  width:4832pt'>Tabla Campos<\/td>\r\n <\/tr>\r\n <tr height=34 style='height:25.5pt'>\r\n  <td height=34 class=xl7121581 width=56 style='height:25.5pt;width:42pt'>Ejercicio<\/td>\r\n  <td class=xl7121581 width=255 style='border-left:none;width:191pt'>Fecha de\r\n  inicio del periodo que se informa<\/td>\r\n  <td class=xl7121581 width=270 style='border-left:none;width:203pt'>Fecha de\r\n  t\u00e9rmino del periodo que se informa<\/td>\r\n  <td class=xl7121581 width=159 style='border-left:none;width:119pt'>Denominaci\u00f3n\r\n  del tr\u00e1mite<\/td>\r\n  <td class=xl7121581 width=229 style='border-left:none;width:172pt'>Tipo de\r\n  usuario y\/o poblaci\u00f3n objetivo<\/td>\r\n  <td class=xl7121581 width=532 style='border-left:none;width:399pt'>Descripci\u00f3n\r\n  del objetivo del tr\u00e1mite<\/td>\r\n  <td class=xl7121581 width=183 style='border-left:none;width:137pt'>Modalidad\r\n  del tr\u00e1mite<\/td>\r\n  <td class=xl7121581 width=341 style='border-left:none;width:256pt'>Hiperv\u00ednculo\r\n  a los requisitos para llevar a cabo el tr\u00e1mite<\/td>\r\n  <td class=xl7121581 width=147 style='border-left:none;width:110pt'>Documentos\r\n  requeridos<\/td>\r\n  <td class=xl7121581 width=228 style='border-left:none;width:171pt'>Vigencia\r\n  de los resultados del tr\u00e1mite<\/td>\r\n  <td class=xl7121581 width=373 style='border-left:none;width:280pt'>\u00c1rea y\r\n  datos de contacto del lugar donde se realiza el tr\u00e1mite<span\r\n  style='mso-spacerun:yes'>\u00a0<\/span><\/td>\r\n  <td class=xl7121581 width=273 style='border-left:none;width:205pt'>Costo, en\r\n  su caso, especificar que es gratuito<\/td>\r\n  <td class=xl7121581 width=174 style='border-left:none;width:131pt'>Sustento\r\n  legal para su cobro<\/td>\r\n  <td class=xl7121581 width=590 style='border-left:none;width:443pt'>Fundamento\r\n  jur\u00eddico-administrativo del tr\u00e1mite<\/td>\r\n  <td class=xl7121581 width=778 style='border-left:none;width:584pt'>Derechos\r\n  del usuario<\/td>\r\n  <td class=xl7121581 width=322 style='border-left:none;width:242pt'>Lugares\r\n  para reportar presuntas anomal\u00edas<span style='mso-spacerun:yes'>\u00a0<\/span><\/td>\r\n  <td class=xl7121581 width=300 style='border-left:none;width:225pt'>Hiperv\u00ednculo\r\n  informaci\u00f3n adicional del tr\u00e1mite<\/td>\r\n  <td class=xl7121581 width=512 style='border-left:none;width:384pt'>\u00c1rea(s)\r\n  responsable(s) que genera(n), posee(n), publica(n) y actualizan la\r\n  informaci\u00f3n<\/td>\r\n  <td class=xl7121581 width=123 style='border-left:none;width:92pt'>Fecha de\r\n  validaci\u00f3n<\/td>\r\n  <td class=xl7121581 width=140 style='border-left:none;width:105pt'>Fecha de\r\n  actualizaci\u00f3n<\/td>\r\n  <td class=xl7121581 width=454 style='border-left:none;width:341pt'>Nota<\/td>\r\n <\/tr>\r\n <tr height=40 style='height:30.0pt'>\r\n  <td height=40 class=xl7321581 style='height:30.0pt;border-top:none'>2018<\/td>\r\n  <td class=xl7421581 style='border-top:none;border-left:none'>01-abr-18<\/td>\r\n  <td class=xl7421581 style='border-top:none;border-left:none'>30-jun-18<\/td>\r\n  <td class=xl7321581 style='border-top:none;border-left:none'>solicitud<\/td>\r\n  <td class=xl7321581 style='border-top:none;border-left:none'>Poblaci\u00f3n en\r\n  general<span style='mso-spacerun:yes'>\u00a0<\/span><\/td>\r\n  <td class=xl7521581 width=532 style='border-top:none;border-left:none;\r\n  width:399pt'>Dar cumplimiento a lo dispuesto en el articulo 6\u00b0 constitucional\r\n  y los emanados de las leyes General y estatal de Transparencia y Acceso a la\r\n  informaci\u00f3n P\u00fablica<\/td>\r\n  <td class=xl7321581 style='border-top:none;border-left:none'>presencial y\/o\r\n  no presencial<\/td>\r\n  <td class=xl7321581 style='border-top:none;border-left:none'>&nbsp;<\/td>\r\n  <td class=xl7321581 style='border-top:none;border-left:none'>solicitud\r\n  elaborada<\/td>\r\n  <td class=xl7321581 style='border-top:none;border-left:none'>no tiene\r\n  vigencia<\/td>\r\n  <td class=xl7321581 style='border-top:none;border-left:none'>Unidad de\r\n  transparencia<span style='mso-spacerun:yes'>\u00a0<\/span><\/td>\r\n  <td class=xl7321581 style='border-top:none;border-left:none'>0<\/td>\r\n  <td class=xl7321581 style='border-top:none;border-left:none'>&nbsp;<\/td>\r\n  <td class=xl7521581 width=590 style='border-top:none;border-left:none;\r\n  width:443pt'>art\u00edculo 41 Fracci\u00f3n II de la Ley de Transparencia y Acceso a la\r\n  Informaci\u00f3n P\u00fablica para el Estado de Hidalgo.<\/td>\r\n  <td class=xl7321581 style='border-top:none;border-left:none'>Contemplado en\r\n  el articulo 140 de la Ley de Transparencia y Acceso a la Informaci\u00f3n P\u00fablica\r\n  para el Estado de Hidalgo.<\/td>\r\n  <td class=xl7321581 style='border-top:none;border-left:none'>contraloria@apan.gob.mx<\/td>\r\n  <td class=xl7621581 style='border-top:none;border-left:none'><a\r\n  href=\"http:\/\/itaih.org.mx\/A69\/XIX\/2017\/1107-Q8.pdf\">http:\/\/itaih.org.mx\/A69\/XIX\/2017\/1107-Q8.pdf<\/a><\/td>\r\n  <td class=xl7321581 style='border-top:none;border-left:none'>Unidad de\r\n  Transparencia del municipio de Apan, Hidalgo.<\/td>\r\n  <td class=xl7421581 style='border-top:none;border-left:none'>05-jul-18<\/td>\r\n  <td class=xl7421581 style='border-top:none;border-left:none'>01-ene-18<\/td>\r\n  <td class=xl7321581 style='border-top:none;border-left:none'>en los campos\r\n  vacios hasta el momento no se ha generado informaci\u00f3n<\/td>\r\n <\/tr>\r\n <tr height=40 style='height:30.0pt'>\r\n  <td height=40 class=xl7321581 style='height:30.0pt;border-top:none'>2018<\/td>\r\n  <td class=xl7421581 style='border-top:none;border-left:none'>01-abr-18<\/td>\r\n  <td class=xl7421581 style='border-top:none;border-left:none'>30-jun-18<\/td>\r\n  <td class=xl7321581 style='border-top:none;border-left:none'>solicitud<\/td>\r\n  <td class=xl7321581 style='border-top:none;border-left:none'>Poblaci\u00f3n en\r\n  general<span style='mso-spacerun:yes'>\u00a0<\/span><\/td>\r\n  <td class=xl7521581 width=532 style='border-top:none;border-left:none;\r\n  width:399pt'>Dar cumplimiento a lo dispuesto en la leyes General de\r\n  proteccion de datos personales en posesion de los sujetos obligados<\/td>\r\n  <td class=xl7321581 style='border-top:none;border-left:none'>presencial y\/o\r\n  no presencial<\/td>\r\n  <td class=xl7321581 style='border-top:none;border-left:none'>&nbsp;<\/td>\r\n  <td class=xl7321581 style='border-top:none;border-left:none'>solicitud\r\n  elaborada<\/td>\r\n  <td class=xl7321581 style='border-top:none;border-left:none'>no tiene\r\n  vigencia<\/td>\r\n  <td class=xl7321581 style='border-top:none;border-left:none'>Unidad de\r\n  transparencia<span style='mso-spacerun:yes'>\u00a0<\/span><\/td>\r\n  <td class=xl7321581 style='border-top:none;border-left:none'>0<\/td>\r\n  <td class=xl7321581 style='border-top:none;border-left:none'>&nbsp;<\/td>\r\n  <td class=xl7521581 width=590 style='border-top:none;border-left:none;\r\n  width:443pt'>Art\u00edculos del<span style='mso-spacerun:yes'>\u00a0 <\/span>43 al 47 y\r\n  del 48 al 56 de lab LEY GENERAL DE PROTECCI\u00d3N DE DATOS PERSONALES EN POSESI\u00d3N\r\n  DE SUJETOS OBLIGADOS<\/td>\r\n  <td class=xl7321581 style='border-top:none;border-left:none'>Contemplado en\r\n  el articulo 43 y 94 de la Ley General de Protecci\u00f3n de Datos Personales en\r\n  Posesi\u00f3n de Sujetos Obligados.<\/td>\r\n  <td class=xl7321581 style='border-top:none;border-left:none'>contraloria@apan.gob.mx<\/td>\r\n  <td class=xl7621581 style='border-top:none;border-left:none'><a\r\n  href=\"http:\/\/itaih.org.mx\/DERECHOS%20ARCO.pdf\">http:\/\/itaih.org.mx\/DERECHOS%20ARCO.pdf<\/a><\/td>\r\n  <td class=xl7321581 style='border-top:none;border-left:none'>Unidad de\r\n  Transparencia del municipio de Apan, Hidalgo.<\/td>\r\n  <td class=xl7421581 style='border-top:none;border-left:none'>05-jul-18<\/td>\r\n  <td class=xl7421581 style='border-top:none;border-left:none'>01-ene-18<\/td>\r\n  <td class=xl7321581 style='border-top:none;border-left:none'>en los campos\r\n  vacios hasta el momento no se ha generado informaci\u00f3n<\/td>\r\n <\/tr>\r\n <![if supportMisalignedColumns]>\r\n <tr height=0 style='display:none'>\r\n  <td width=56 style='width:42pt'><\/td>\r\n  <td width=255 style='width:191pt'><\/td>\r\n  <td width=270 style='width:203pt'><\/td>\r\n  <td width=159 style='width:119pt'><\/td>\r\n  <td width=229 style='width:172pt'><\/td>\r\n  <td width=532 style='width:399pt'><\/td>\r\n  <td width=183 style='width:137pt'><\/td>\r\n  <td width=341 style='width:256pt'><\/td>\r\n  <td width=147 style='width:110pt'><\/td>\r\n  <td width=228 style='width:171pt'><\/td>\r\n  <td width=373 style='width:280pt'><\/td>\r\n  <td width=273 style='width:205pt'><\/td>\r\n  <td width=174 style='width:131pt'><\/td>\r\n  <td width=590 style='width:443pt'><\/td>\r\n  <td width=778 style='width:584pt'><\/td>\r\n  <td width=322 style='width:242pt'><\/td>\r\n  <td width=300 style='width:225pt'><\/td>\r\n  <td width=512 style='width:384pt'><\/td>\r\n  <td width=123 style='width:92pt'><\/td>\r\n  <td width=140 style='width:105pt'><\/td>\r\n  <td width=454 style='width:341pt'><\/td>\r\n <\/tr>\r\n <![endif]>\r\n<\/table>\r\n\r\n<\/div>\r\n\r\n\r\n\t\t<\/div>\n\t\t\t\t<\/div>\n\t\t\t\t<div class=\"elementor-element elementor-element-iantyju elementor-widget elementor-widget-heading\" data-id=\"iantyju\" data-element_type=\"widget\" data-widget_type=\"heading.default\">\n\t\t\t\t<div class=\"elementor-widget-container\">\n\t\t\t<h2 class=\"elementor-heading-title elementor-size-small\">Fecha en que se subi\u00f3 la informaci\u00f3n: 30-julio-18<\/h2>\t\t<\/div>\n\t\t\t\t<\/div>\n\t\t\t\t\t\t<\/div>\n\t\t\t\t\t<\/div>\n\t\t<\/div>\n\t\t\t\t\t\t\t\t<\/div>\n\t\t\t\t\t<\/div>\n\t\t<\/section>\n\t\t\t\t\t\t\t\t\t<\/div>\n\t\t\t<\/div>\n\t\t\t\t\t<\/div>\n\t\t","protected":false},"excerpt":{"rendered":"<p>Fracci\u00f3n XX 44251 T\u00cdTULO NOMBRE CORTO DESCRIPCI\u00d3N Tr\u00e1mites ofrecidos a69_f20 La informaci\u00f3n relacionada con las tareas administrativas que realizan los sujetos obligados en sus diferentes \u00e1mbitos con el objeto de atender las peticiones que realicen los particulares ya sea para la obtenci\u00f3n de un beneficio, o cumplir con alguna obligaci\u00f3n ante una autoridad, de conformidad [&hellip;]<\/p>\n","protected":false},"author":1,"featured_media":0,"parent":0,"menu_order":0,"comment_status":"closed","ping_status":"closed","template":"page-template-full.php","meta":{"footnotes":""},"class_list":["post-2753","page","type-page","status-publish","hentry"],"jetpack_sharing_enabled":true,"_links":{"self":[{"href":"https:\/\/apan.gob.mx\/portal\/wp-json\/wp\/v2\/pages\/2753","targetHints":{"allow":["GET"]}}],"collection":[{"href":"https:\/\/apan.gob.mx\/portal\/wp-json\/wp\/v2\/pages"}],"about":[{"href":"https:\/\/apan.gob.mx\/portal\/wp-json\/wp\/v2\/types\/page"}],"author":[{"embeddable":true,"href":"https:\/\/apan.gob.mx\/portal\/wp-json\/wp\/v2\/users\/1"}],"replies":[{"embeddable":true,"href":"https:\/\/apan.gob.mx\/portal\/wp-json\/wp\/v2\/comments?post=2753"}],"version-history":[{"count":2,"href":"https:\/\/apan.gob.mx\/portal\/wp-json\/wp\/v2\/pages\/2753\/revisions"}],"predecessor-version":[{"id":2755,"href":"https:\/\/apan.gob.mx\/portal\/wp-json\/wp\/v2\/pages\/2753\/revisions\/2755"}],"wp:attachment":[{"href":"https:\/\/apan.gob.mx\/portal\/wp-json\/wp\/v2\/media?parent=2753"}],"curies":[{"name":"wp","href":"https:\/\/api.w.org\/{rel}","templated":true}]}}