{"id":3656,"date":"2018-11-27T15:29:12","date_gmt":"2018-11-27T15:29:12","guid":{"rendered":"https:\/\/apan.gob.mx\/portal\/?page_id=3656"},"modified":"2018-11-27T16:09:46","modified_gmt":"2018-11-27T16:09:46","slug":"conciliador_20_2018_3","status":"publish","type":"page","link":"https:\/\/apan.gob.mx\/portal\/conciliador_20_2018_3\/","title":{"rendered":"<!--conciliador_20_2018_3-->"},"content":{"rendered":"\t\t<div data-elementor-type=\"wp-page\" data-elementor-id=\"3656\" class=\"elementor elementor-3656 elementor-bc-flex-widget\">\n\t\t\t\t\t\t<section class=\"has_ae_slider elementor-section elementor-top-section elementor-element elementor-element-plbjmvo elementor-section-boxed elementor-section-height-default elementor-section-height-default ae-bg-gallery-type-default\" data-id=\"plbjmvo\" data-element_type=\"section\" data-e-type=\"section\">\n\t\t\t\t\t\t<div class=\"elementor-container elementor-column-gap-default\">\n\t\t\t\t\t<div class=\"has_ae_slider elementor-column elementor-col-100 elementor-top-column elementor-element elementor-element-hcikxpr ae-bg-gallery-type-default\" data-id=\"hcikxpr\" data-element_type=\"column\" data-e-type=\"column\">\n\t\t\t<div class=\"elementor-widget-wrap elementor-element-populated\">\n\t\t\t\t\t\t<div class=\"elementor-element elementor-element-fjudcsa elementor-widget elementor-widget-heading\" data-id=\"fjudcsa\" data-element_type=\"widget\" data-e-type=\"widget\" data-widget_type=\"heading.default\">\n\t\t\t\t<div class=\"elementor-widget-container\">\n\t\t\t\t\t<h2 class=\"elementor-heading-title elementor-size-medium\">Fracci\u00f3n XX<\/h2>\t\t\t\t<\/div>\n\t\t\t\t<\/div>\n\t\t\t\t<div class=\"elementor-element elementor-element-khnguiw elementor-widget elementor-widget-html\" data-id=\"khnguiw\" data-element_type=\"widget\" data-e-type=\"widget\" data-widget_type=\"html.default\">\n\t\t\t\t<div class=\"elementor-widget-container\">\n\t\t\t\t\t<style id=\"a69_f20_18987_Styles\">\r\n<!--table\r\n\t{mso-displayed-decimal-separator:\"\\.\";\r\n\tmso-displayed-thousand-separator:\"\\,\";}\r\n.xl1518987\r\n\t{padding-top:1px;\r\n\tpadding-right:1px;\r\n\tpadding-left:1px;\r\n\tmso-ignore:padding;\r\n\tcolor:black;\r\n\tfont-size:11.0pt;\r\n\tfont-weight:400;\r\n\tfont-style:normal;\r\n\ttext-decoration:none;\r\n\tfont-family:Calibri, sans-serif;\r\n\tmso-font-charset:0;\r\n\tmso-number-format:General;\r\n\ttext-align:general;\r\n\tvertical-align:bottom;\r\n\tmso-background-source:auto;\r\n\tmso-pattern:auto;\r\n\twhite-space:nowrap;}\r\n.xl6518987\r\n\t{padding-top:1px;\r\n\tpadding-right:1px;\r\n\tpadding-left:1px;\r\n\tmso-ignore:padding;\r\n\tcolor:black;\r\n\tfont-size:10.0pt;\r\n\tfont-weight:400;\r\n\tfont-style:normal;\r\n\ttext-decoration:none;\r\n\tfont-family:Arial;\r\n\tmso-generic-font-family:auto;\r\n\tmso-font-charset:0;\r\n\tmso-number-format:General;\r\n\ttext-align:center;\r\n\tvertical-align:bottom;\r\n\tborder:.5pt solid windowtext;\r\n\tbackground:#E1E1E1;\r\n\tmso-pattern:black none;\r\n\twhite-space:normal;}\r\n.xl6618987\r\n\t{padding-top:1px;\r\n\tpadding-right:1px;\r\n\tpadding-left:1px;\r\n\tmso-ignore:padding;\r\n\tcolor:white;\r\n\tfont-size:11.0pt;\r\n\tfont-weight:700;\r\n\tfont-style:normal;\r\n\ttext-decoration:none;\r\n\tfont-family:Arial;\r\n\tmso-generic-font-family:auto;\r\n\tmso-font-charset:0;\r\n\tmso-number-format:General;\r\n\ttext-align:center;\r\n\tvertical-align:bottom;\r\n\tborder:.5pt solid windowtext;\r\n\tbackground:#333333;\r\n\tmso-pattern:black none;\r\n\twhite-space:normal;}\r\n.xl6718987\r\n\t{padding-top:1px;\r\n\tpadding-right:1px;\r\n\tpadding-left:1px;\r\n\tmso-ignore:padding;\r\n\tcolor:black;\r\n\tfont-size:10.0pt;\r\n\tfont-weight:400;\r\n\tfont-style:normal;\r\n\ttext-decoration:none;\r\n\tfont-family:Arial;\r\n\tmso-generic-font-family:auto;\r\n\tmso-font-charset:0;\r\n\tmso-number-format:General;\r\n\ttext-align:general;\r\n\tvertical-align:bottom;\r\n\tborder:.5pt solid windowtext;\r\n\tbackground:#E1E1E1;\r\n\tmso-pattern:black none;\r\n\twhite-space:nowrap;}\r\n.xl6818987\r\n\t{padding-top:1px;\r\n\tpadding-right:1px;\r\n\tpadding-left:1px;\r\n\tmso-ignore:padding;\r\n\tcolor:black;\r\n\tfont-size:11.0pt;\r\n\tfont-weight:400;\r\n\tfont-style:normal;\r\n\ttext-decoration:none;\r\n\tfont-family:Calibri, sans-serif;\r\n\tmso-font-charset:0;\r\n\tmso-number-format:General;\r\n\ttext-align:general;\r\n\tvertical-align:bottom;\r\n\tmso-background-source:auto;\r\n\tmso-pattern:auto;\r\n\twhite-space:normal;}\r\n.xl6918987\r\n\t{padding-top:1px;\r\n\tpadding-right:1px;\r\n\tpadding-left:1px;\r\n\tmso-ignore:padding;\r\n\tcolor:black;\r\n\tfont-size:10.0pt;\r\n\tfont-weight:400;\r\n\tfont-style:normal;\r\n\ttext-decoration:none;\r\n\tfont-family:Arial;\r\n\tmso-generic-font-family:auto;\r\n\tmso-font-charset:0;\r\n\tmso-number-format:General;\r\n\ttext-align:general;\r\n\tvertical-align:bottom;\r\n\tborder:.5pt solid windowtext;\r\n\tbackground:#E1E1E1;\r\n\tmso-pattern:black none;\r\n\twhite-space:normal;}\r\n.xl7018987\r\n\t{padding-top:1px;\r\n\tpadding-right:1px;\r\n\tpadding-left:1px;\r\n\tmso-ignore:padding;\r\n\tcolor:black;\r\n\tfont-size:10.0pt;\r\n\tfont-weight:400;\r\n\tfont-style:normal;\r\n\ttext-decoration:none;\r\n\tfont-family:Arial, sans-serif;\r\n\tmso-font-charset:0;\r\n\tmso-number-format:General;\r\n\ttext-align:center;\r\n\tvertical-align:bottom;\r\n\tborder:.5pt solid windowtext;\r\n\tbackground:#E1E1E1;\r\n\tmso-pattern:black none;\r\n\twhite-space:normal;}\r\n.xl7118987\r\n\t{padding-top:1px;\r\n\tpadding-right:1px;\r\n\tpadding-left:1px;\r\n\tmso-ignore:padding;\r\n\tcolor:black;\r\n\tfont-size:11.0pt;\r\n\tfont-weight:400;\r\n\tfont-style:normal;\r\n\ttext-decoration:none;\r\n\tfont-family:Calibri, sans-serif;\r\n\tmso-font-charset:0;\r\n\tmso-number-format:General;\r\n\ttext-align:general;\r\n\tvertical-align:bottom;\r\n\tborder:.5pt solid windowtext;\r\n\tbackground:white;\r\n\tmso-pattern:black none;\r\n\twhite-space:nowrap;}\r\n.xl7218987\r\n\t{padding-top:1px;\r\n\tpadding-right:1px;\r\n\tpadding-left:1px;\r\n\tmso-ignore:padding;\r\n\tcolor:black;\r\n\tfont-size:11.0pt;\r\n\tfont-weight:400;\r\n\tfont-style:normal;\r\n\ttext-decoration:none;\r\n\tfont-family:Calibri, sans-serif;\r\n\tmso-font-charset:0;\r\n\tmso-number-format:\"Medium Date\";\r\n\ttext-align:general;\r\n\tvertical-align:bottom;\r\n\tborder:.5pt solid windowtext;\r\n\tbackground:white;\r\n\tmso-pattern:black none;\r\n\twhite-space:nowrap;}\r\n.xl7318987\r\n\t{padding-top:1px;\r\n\tpadding-right:1px;\r\n\tpadding-left:1px;\r\n\tmso-ignore:padding;\r\n\tcolor:blue;\r\n\tfont-size:11.0pt;\r\n\tfont-weight:400;\r\n\tfont-style:normal;\r\n\ttext-decoration:underline;\r\n\ttext-underline-style:single;\r\n\tfont-family:Calibri, sans-serif;\r\n\tmso-font-charset:0;\r\n\tmso-number-format:General;\r\n\ttext-align:general;\r\n\tvertical-align:bottom;\r\n\tborder:.5pt solid windowtext;\r\n\tbackground:white;\r\n\tmso-pattern:black none;\r\n\twhite-space:nowrap;}\r\n.xl7418987\r\n\t{padding-top:1px;\r\n\tpadding-right:1px;\r\n\tpadding-left:1px;\r\n\tmso-ignore:padding;\r\n\tcolor:black;\r\n\tfont-size:11.0pt;\r\n\tfont-weight:400;\r\n\tfont-style:normal;\r\n\ttext-decoration:none;\r\n\tfont-family:Calibri, sans-serif;\r\n\tmso-font-charset:0;\r\n\tmso-number-format:General;\r\n\ttext-align:general;\r\n\tvertical-align:bottom;\r\n\tborder:.5pt solid windowtext;\r\n\tbackground:white;\r\n\tmso-pattern:black none;\r\n\twhite-space:normal;}\r\n-->\r\n<\/style>\r\n<\/head>\r\n\r\n<body>\r\n<!--[if !excel]>&nbsp;&nbsp;<![endif]-->\r\n<!--La siguiente informaci\u00f3n se gener\u00f3 mediante el Asistente para publicar como\r\np\u00e1gina web de Microsoft Excel.-->\r\n<!--Si se vuelve a publicar el mismo elemento desde Excel, se reemplazar\u00e1 toda\r\nla informaci\u00f3n comprendida entre las etiquetas DIV.-->\r\n<!----------------------------->\r\n<!--INICIO DE LOS RESULTADOS DEL ASISTENTE PARA PUBLICAR COMO P\u00c1GINA WEB DE\r\nEXCEL -->\r\n<!----------------------------->\r\n\r\n<div id=\"a69_f20_18987\" align=center x:publishsource=\"Excel\">\r\n\r\n<table border=0 cellpadding=0 cellspacing=0 width=7487 style='border-collapse:\r\n collapse;table-layout:fixed;width:5618pt'>\r\n <col width=56 style='mso-width-source:userset;mso-width-alt:2048;width:42pt'>\r\n <col width=255 style='mso-width-source:userset;mso-width-alt:9325;width:191pt'>\r\n <col width=270 style='mso-width-source:userset;mso-width-alt:9874;width:203pt'>\r\n <col width=159 style='mso-width-source:userset;mso-width-alt:5814;width:119pt'>\r\n <col width=229 style='mso-width-source:userset;mso-width-alt:8374;width:172pt'>\r\n <col width=215 style='mso-width-source:userset;mso-width-alt:7862;width:161pt'>\r\n <col width=135 style='mso-width-source:userset;mso-width-alt:4937;width:101pt'>\r\n <col width=717 style='mso-width-source:userset;mso-width-alt:26221;width:538pt'>\r\n <col width=147 style='mso-width-source:userset;mso-width-alt:5376;width:110pt'>\r\n <col width=717 style='mso-width-source:userset;mso-width-alt:26221;width:538pt'>\r\n <col width=304 style='mso-width-source:userset;mso-width-alt:11117;width:228pt'>\r\n <col width=228 style='mso-width-source:userset;mso-width-alt:8338;width:171pt'>\r\n <col width=373 style='mso-width-source:userset;mso-width-alt:13641;width:280pt'>\r\n <col width=273 style='mso-width-source:userset;mso-width-alt:9984;width:205pt'>\r\n <col width=174 style='mso-width-source:userset;mso-width-alt:6363;width:131pt'>\r\n <col width=205 style='mso-width-source:userset;mso-width-alt:7497;width:154pt'>\r\n <col width=402 style='mso-width-source:userset;mso-width-alt:14701;width:302pt'>\r\n <col width=192 style='mso-width-source:userset;mso-width-alt:7021;width:144pt'>\r\n <col width=322 style='mso-width-source:userset;mso-width-alt:11776;width:242pt'>\r\n <col width=404 style='mso-width-source:userset;mso-width-alt:14774;width:303pt'>\r\n <col width=277 style='mso-width-source:userset;mso-width-alt:10130;width:208pt'>\r\n <col width=242 style='mso-width-source:userset;mso-width-alt:8850;width:182pt'>\r\n <col width=512 style='mso-width-source:userset;mso-width-alt:18724;width:384pt'>\r\n <col width=123 style='mso-width-source:userset;mso-width-alt:4498;width:92pt'>\r\n <col width=140 style='mso-width-source:userset;mso-width-alt:5120;width:105pt'>\r\n <col class=xl6818987 width=416 style='mso-width-source:userset;mso-width-alt:\r\n 15213;width:312pt'>\r\n <tr height=0 style='display:none'>\r\n  <td class=xl1518987 width=56 style='width:42pt'>44251<\/td>\r\n  <td class=xl1518987 width=255 style='width:191pt'><\/td>\r\n  <td class=xl1518987 width=270 style='width:203pt'><\/td>\r\n  <td class=xl1518987 width=159 style='width:119pt'><\/td>\r\n  <td class=xl1518987 width=229 style='width:172pt'><\/td>\r\n  <td class=xl1518987 width=215 style='width:161pt'><\/td>\r\n  <td class=xl1518987 width=135 style='width:101pt'><\/td>\r\n  <td class=xl1518987 width=717 style='width:538pt'><\/td>\r\n  <td class=xl1518987 width=147 style='width:110pt'><\/td>\r\n  <td class=xl1518987 width=717 style='width:538pt'><\/td>\r\n  <td class=xl1518987 width=304 style='width:228pt'><\/td>\r\n  <td class=xl1518987 width=228 style='width:171pt'><\/td>\r\n  <td class=xl1518987 width=373 style='width:280pt'><\/td>\r\n  <td class=xl1518987 width=273 style='width:205pt'><\/td>\r\n  <td class=xl1518987 width=174 style='width:131pt'><\/td>\r\n  <td class=xl1518987 width=205 style='width:154pt'><\/td>\r\n  <td class=xl1518987 width=402 style='width:302pt'><\/td>\r\n  <td class=xl1518987 width=192 style='width:144pt'><\/td>\r\n  <td class=xl1518987 width=322 style='width:242pt'><\/td>\r\n  <td class=xl1518987 width=404 style='width:303pt'><\/td>\r\n  <td class=xl1518987 width=277 style='width:208pt'><\/td>\r\n  <td class=xl1518987 width=242 style='width:182pt'><\/td>\r\n  <td class=xl1518987 width=512 style='width:384pt'><\/td>\r\n  <td class=xl1518987 width=123 style='width:92pt'><\/td>\r\n  <td class=xl1518987 width=140 style='width:105pt'><\/td>\r\n  <td class=xl6818987 width=416 style='width:312pt'><\/td>\r\n <\/tr>\r\n <tr height=20 style='height:15.0pt'>\r\n  <td colspan=3 height=20 class=xl6618987 width=581 style='height:15.0pt;\r\n  width:436pt'>T\u00cdTULO<\/td>\r\n  <td colspan=3 class=xl6618987 width=603 style='width:452pt'>NOMBRE CORTO<\/td>\r\n  <td colspan=3 class=xl6618987 width=999 style='width:749pt'>DESCRIPCI\u00d3N<\/td>\r\n  <td class=xl1518987><\/td>\r\n  <td class=xl1518987><\/td>\r\n  <td class=xl1518987><\/td>\r\n  <td class=xl1518987><\/td>\r\n  <td class=xl1518987><\/td>\r\n  <td class=xl1518987><\/td>\r\n  <td class=xl1518987><\/td>\r\n  <td class=xl1518987><\/td>\r\n  <td class=xl1518987><\/td>\r\n  <td class=xl1518987><\/td>\r\n  <td class=xl1518987><\/td>\r\n  <td class=xl1518987><\/td>\r\n  <td class=xl1518987><\/td>\r\n  <td class=xl1518987><\/td>\r\n  <td class=xl1518987><\/td>\r\n  <td class=xl1518987><\/td>\r\n  <td class=xl6818987 width=416 style='width:312pt'><\/td>\r\n <\/tr>\r\n <tr height=60 style='mso-height-source:userset;height:45.0pt'>\r\n  <td colspan=3 height=60 class=xl6718987 style='height:45.0pt'>Tr\u00e1mites\r\n  ofrecidos<\/td>\r\n  <td colspan=3 class=xl6718987>a69_f20<\/td>\r\n  <td colspan=3 class=xl6918987 width=999 style='width:749pt'>La informaci\u00f3n\r\n  relacionada con las tareas administrativas que realizan los sujetos obligados\r\n  en sus diferentes \u00e1mbitos con el objeto de atender las peticiones que\r\n  realicen los particulares ya sea para la obtenci\u00f3n de un beneficio, o cumplir\r\n  con alguna obligaci\u00f3n ante una autoridad, de conformidad con la normatividad\r\n  respecto de los tr\u00e1mites que realizan. Generalmente \u00e9stos implican la entrega\r\n  de informaci\u00f3n ante una autoridad por parte de los particulares.<\/td>\r\n  <td class=xl1518987><\/td>\r\n  <td class=xl1518987><\/td>\r\n  <td class=xl1518987><\/td>\r\n  <td class=xl1518987><\/td>\r\n  <td class=xl1518987><\/td>\r\n  <td class=xl1518987><\/td>\r\n  <td class=xl1518987><\/td>\r\n  <td class=xl1518987><\/td>\r\n  <td class=xl1518987><\/td>\r\n  <td class=xl1518987><\/td>\r\n  <td class=xl1518987><\/td>\r\n  <td class=xl1518987><\/td>\r\n  <td class=xl1518987><\/td>\r\n  <td class=xl1518987><\/td>\r\n  <td class=xl1518987><\/td>\r\n  <td class=xl1518987><\/td>\r\n  <td class=xl6818987 width=416 style='width:312pt'><\/td>\r\n <\/tr>\r\n <tr height=0 style='display:none'>\r\n  <td class=xl1518987>1<\/td>\r\n  <td class=xl1518987>4<\/td>\r\n  <td class=xl1518987>4<\/td>\r\n  <td class=xl1518987>2<\/td>\r\n  <td class=xl1518987>2<\/td>\r\n  <td class=xl1518987>2<\/td>\r\n  <td class=xl1518987>1<\/td>\r\n  <td class=xl1518987>7<\/td>\r\n  <td class=xl1518987>2<\/td>\r\n  <td class=xl1518987>7<\/td>\r\n  <td class=xl1518987>1<\/td>\r\n  <td class=xl1518987>1<\/td>\r\n  <td class=xl1518987>10<\/td>\r\n  <td class=xl1518987>6<\/td>\r\n  <td class=xl1518987>2<\/td>\r\n  <td class=xl1518987>10<\/td>\r\n  <td class=xl1518987>2<\/td>\r\n  <td class=xl1518987>2<\/td>\r\n  <td class=xl1518987>10<\/td>\r\n  <td class=xl1518987>2<\/td>\r\n  <td class=xl1518987>7<\/td>\r\n  <td class=xl1518987>7<\/td>\r\n  <td class=xl1518987>2<\/td>\r\n  <td class=xl1518987>4<\/td>\r\n  <td class=xl1518987>13<\/td>\r\n  <td class=xl6818987 width=416 style='width:312pt'>14<\/td>\r\n <\/tr>\r\n <tr height=0 style='display:none'>\r\n  <td class=xl1518987>350731<\/td>\r\n  <td class=xl1518987>350733<\/td>\r\n  <td class=xl1518987>350732<\/td>\r\n  <td class=xl1518987>350716<\/td>\r\n  <td class=xl1518987>350744<\/td>\r\n  <td class=xl1518987>350717<\/td>\r\n  <td class=xl1518987>350715<\/td>\r\n  <td class=xl1518987>350734<\/td>\r\n  <td class=xl1518987>350745<\/td>\r\n  <td class=xl1518987>350738<\/td>\r\n  <td class=xl1518987>350735<\/td>\r\n  <td class=xl1518987>350714<\/td>\r\n  <td class=xl1518987>350724<\/td>\r\n  <td class=xl1518987>350721<\/td>\r\n  <td class=xl1518987>350719<\/td>\r\n  <td class=xl1518987>350726<\/td>\r\n  <td class=xl1518987>350718<\/td>\r\n  <td class=xl1518987>350741<\/td>\r\n  <td class=xl1518987>350725<\/td>\r\n  <td class=xl1518987>350743<\/td>\r\n  <td class=xl1518987>350722<\/td>\r\n  <td class=xl1518987>350723<\/td>\r\n  <td class=xl1518987>350737<\/td>\r\n  <td class=xl1518987>350720<\/td>\r\n  <td class=xl1518987>350730<\/td>\r\n  <td class=xl6818987 width=416 style='width:312pt'>350736<\/td>\r\n <\/tr>\r\n <tr height=20 style='height:15.0pt'>\r\n  <td colspan=26 height=20 class=xl6618987 width=7487 style='height:15.0pt;\r\n  width:5618pt'>Tabla Campos<\/td>\r\n <\/tr>\r\n <tr height=35 style='height:26.25pt'>\r\n  <td height=35 class=xl6518987 width=56 style='height:26.25pt;width:42pt'>Ejercicio<\/td>\r\n  <td class=xl6518987 width=255 style='border-left:none;width:191pt'>Fecha de\r\n  inicio del periodo que se informa<\/td>\r\n  <td class=xl6518987 width=270 style='border-left:none;width:203pt'>Fecha de\r\n  t\u00e9rmino del periodo que se informa<\/td>\r\n  <td class=xl6518987 width=159 style='border-left:none;width:119pt'>Denominaci\u00f3n\r\n  del tr\u00e1mite<\/td>\r\n  <td class=xl6518987 width=229 style='border-left:none;width:172pt'>Tipo de\r\n  usuario y\/o poblaci\u00f3n objetivo<\/td>\r\n  <td class=xl6518987 width=215 style='border-left:none;width:161pt'>Descripci\u00f3n\r\n  del objetivo del tr\u00e1mite<\/td>\r\n  <td class=xl6518987 width=135 style='border-left:none;width:101pt'>Modalidad\r\n  del tr\u00e1mite<\/td>\r\n  <td class=xl6518987 width=717 style='border-left:none;width:538pt'>Hiperv\u00ednculo\r\n  a los requisitos para llevar a cabo el tr\u00e1mite<\/td>\r\n  <td class=xl6518987 width=147 style='border-left:none;width:110pt'>Documentos\r\n  requeridos<\/td>\r\n  <td class=xl6518987 width=717 style='border-left:none;width:538pt'>Hiperv\u00ednculo\r\n  al\/los formatos respectivos<\/td>\r\n  <td class=xl6518987 width=304 style='border-left:none;width:228pt'>Tiempo de\r\n  respuesta por parte del sujeto Obligado<\/td>\r\n  <td class=xl6518987 width=228 style='border-left:none;width:171pt'>Vigencia\r\n  de los resultados del tr\u00e1mite<\/td>\r\n  <td class=xl7018987 width=373 style='border-left:none;width:280pt'>\u00c1rea y\r\n  datos de contacto del lugar donde se realiza el tr\u00e1mite<span\r\n  style='mso-spacerun:yes'>\u00a0<\/span><\/td>\r\n  <td class=xl6518987 width=273 style='border-left:none;width:205pt'>Costo, en\r\n  su caso, especificar que es gratuito<\/td>\r\n  <td class=xl6518987 width=174 style='border-left:none;width:131pt'>Sustento\r\n  legal para su cobro<\/td>\r\n  <td class=xl7018987 width=205 style='border-left:none;width:154pt'>Lugares\r\n  donde se efect\u00faa el pago<span style='mso-spacerun:yes'>\u00a0<\/span><\/td>\r\n  <td class=xl6518987 width=402 style='border-left:none;width:302pt'>Fundamento\r\n  jur\u00eddico-administrativo del tr\u00e1mite<\/td>\r\n  <td class=xl6518987 width=192 style='border-left:none;width:144pt'>Derechos\r\n  del usuario<\/td>\r\n  <td class=xl7018987 width=322 style='border-left:none;width:242pt'>Lugares\r\n  para reportar presuntas anomal\u00edas<span style='mso-spacerun:yes'>\u00a0<\/span><\/td>\r\n  <td class=xl6518987 width=404 style='border-left:none;width:303pt'>Otros\r\n  datos, en su caso, para el env\u00edo de consultas, documentos y quejas<\/td>\r\n  <td class=xl6518987 width=277 style='border-left:none;width:208pt'>Hiperv\u00ednculo\r\n  informaci\u00f3n adicional del tr\u00e1mite<\/td>\r\n  <td class=xl6518987 width=242 style='border-left:none;width:182pt'>Hiperv\u00ednculo\r\n  al sistema correspondiente<\/td>\r\n  <td class=xl6518987 width=512 style='border-left:none;width:384pt'>\u00c1rea(s)\r\n  responsable(s) que genera(n), posee(n), publica(n) y actualizan la\r\n  informaci\u00f3n<\/td>\r\n  <td class=xl6518987 width=123 style='border-left:none;width:92pt'>Fecha de\r\n  validaci\u00f3n<\/td>\r\n  <td class=xl6518987 width=140 style='border-left:none;width:105pt'>Fecha de\r\n  actualizaci\u00f3n<\/td>\r\n  <td class=xl6518987 width=416 style='border-left:none;width:312pt'>Nota<\/td>\r\n <\/tr>\r\n <tr height=60 style='height:45.0pt'>\r\n  <td height=60 class=xl7118987 align=right style='height:45.0pt;border-top:\r\n  none'>2018<\/td>\r\n  <td class=xl7218987 align=right style='border-top:none;border-left:none'>01-ene-18<\/td>\r\n  <td class=xl7218987 align=right style='border-top:none;border-left:none'>30-sep-18<\/td>\r\n  <td class=xl7118987 style='border-top:none;border-left:none'>Acta Informativa<\/td>\r\n  <td class=xl7118987 style='border-top:none;border-left:none'>A la poblaci\u00f3n\r\n  que lo solicite<\/td>\r\n  <td class=xl7118987 style='border-top:none;border-left:none'>Obtener una Acta\r\n  Informativa<\/td>\r\n  <td class=xl7118987 style='border-top:none;border-left:none'>Presencial<\/td>\r\n  <td class=xl7318987 style='border-top:none;border-left:none'><a\r\n  href=\"https:\/\/www.apan.gob.mx\/descargables\/transparencia\/articulo69\/fraccion20\/2018_3\/conciliador\/FraXXa1_1.pdf\">https:\/\/www.apan.gob.mx\/descargables\/transparencia\/articulo69\/fraccion20\/2018_3\/conciliador\/FraXXa1_1.pdf<\/a><\/td>\r\n  <td class=xl7118987 style='border-top:none;border-left:none'>Identificaci\u00f3n\r\n  Ofical<\/td>\r\n  <td class=xl7318987 style='border-top:none;border-left:none'><a\r\n  href=\"https:\/\/www.apan.gob.mx\/descargables\/transparencia\/articulo69\/fraccion20\/2018_3\/conciliador\/FraXXa1_2.pdf\">https:\/\/www.apan.gob.mx\/descargables\/transparencia\/articulo69\/fraccion20\/2018_3\/conciliador\/FraXXa1_2.pdf<\/a><\/td>\r\n  <td class=xl7118987 style='border-top:none;border-left:none'>De 10<span\r\n  style='mso-spacerun:yes'>\u00a0 <\/span>45 minutos<\/td>\r\n  <td class=xl7118987 style='border-top:none;border-left:none'>No tiene\r\n  Vigencia<span style='mso-spacerun:yes'>\u00a0<\/span><\/td>\r\n  <td class=xl7118987 style='border-top:none;border-left:none'>Conciliador\r\n  Municipal<\/td>\r\n  <td class=xl7118987 align=right style='border-top:none;border-left:none'>80<\/td>\r\n  <td class=xl7118987 style='border-top:none;border-left:none'>Ley de Ingresos\r\n  Vigente<\/td>\r\n  <td class=xl7118987 style='border-top:none;border-left:none'>Tesoreria<\/td>\r\n  <td class=xl7118987 style='border-top:none;border-left:none'>Art\u00edculo 162 de\r\n  la Ley Org\u00e1nica Municipal del Estado de Hidalgo<\/td>\r\n  <td class=xl7118987 style='border-top:none;border-left:none'>Levantar una\r\n  acta informativa<\/td>\r\n  <td class=xl7118987 style='border-top:none;border-left:none'>017489120316 ext\r\n  115<\/td>\r\n  <td class=xl7118987 style='border-top:none;border-left:none'>&nbsp;<\/td>\r\n  <td class=xl7118987 style='border-top:none;border-left:none'>&nbsp;<\/td>\r\n  <td class=xl7118987 style='border-top:none;border-left:none'>&nbsp;<\/td>\r\n  <td class=xl7118987 style='border-top:none;border-left:none'>Juzgado\r\n  Conciliador de Apan, Hidalgo.<\/td>\r\n  <td class=xl7218987 align=right style='border-top:none;border-left:none'>01-abr-18<\/td>\r\n  <td class=xl7218987 align=right style='border-top:none;border-left:none'>01-ene-18<\/td>\r\n  <td class=xl7418987 width=416 style='border-top:none;border-left:none;\r\n  width:312pt'>No existe sistema para este tramite,ni informaci\u00f3n adicional,\r\n  tampoco<span style='mso-spacerun:yes'>\u00a0 <\/span>existen otros datos para\r\n  consultas, documentos y quejas.<\/td>\r\n <\/tr>\r\n <![if supportMisalignedColumns]>\r\n <tr height=0 style='display:none'>\r\n  <td width=56 style='width:42pt'><\/td>\r\n  <td width=255 style='width:191pt'><\/td>\r\n  <td width=270 style='width:203pt'><\/td>\r\n  <td width=159 style='width:119pt'><\/td>\r\n  <td width=229 style='width:172pt'><\/td>\r\n  <td width=215 style='width:161pt'><\/td>\r\n  <td width=135 style='width:101pt'><\/td>\r\n  <td width=717 style='width:538pt'><\/td>\r\n  <td width=147 style='width:110pt'><\/td>\r\n  <td width=717 style='width:538pt'><\/td>\r\n  <td width=304 style='width:228pt'><\/td>\r\n  <td width=228 style='width:171pt'><\/td>\r\n  <td width=373 style='width:280pt'><\/td>\r\n  <td width=273 style='width:205pt'><\/td>\r\n  <td width=174 style='width:131pt'><\/td>\r\n  <td width=205 style='width:154pt'><\/td>\r\n  <td width=402 style='width:302pt'><\/td>\r\n  <td width=192 style='width:144pt'><\/td>\r\n  <td width=322 style='width:242pt'><\/td>\r\n  <td width=404 style='width:303pt'><\/td>\r\n  <td width=277 style='width:208pt'><\/td>\r\n  <td width=242 style='width:182pt'><\/td>\r\n  <td width=512 style='width:384pt'><\/td>\r\n  <td width=123 style='width:92pt'><\/td>\r\n  <td width=140 style='width:105pt'><\/td>\r\n  <td width=416 style='width:312pt'><\/td>\r\n <\/tr>\r\n <![endif]>\r\n<\/table>\r\n\r\n<\/div>\r\n\r\n\t\t\t\t<\/div>\n\t\t\t\t<\/div>\n\t\t\t\t<div class=\"elementor-element elementor-element-c59t54k elementor-widget elementor-widget-button\" data-id=\"c59t54k\" data-element_type=\"widget\" data-e-type=\"widget\" data-widget_type=\"button.default\">\n\t\t\t\t<div class=\"elementor-widget-container\">\n\t\t\t\t\t\t\t\t\t<div class=\"elementor-button-wrapper\">\n\t\t\t\t\t<a class=\"elementor-button elementor-button-link elementor-size-sm\" href=\"https:\/\/www.apan.gob.mx\/descargables\/transparencia\/articulo69\/fraccion20\/2018_3\/conciliador\/a69_f20.xlsx\">\n\t\t\t\t\t\t<span class=\"elementor-button-content-wrapper\">\n\t\t\t\t\t\t\t\t\t<span class=\"elementor-button-text\">Descargar<\/span>\n\t\t\t\t\t<\/span>\n\t\t\t\t\t<\/a>\n\t\t\t\t<\/div>\n\t\t\t\t\t\t\t\t<\/div>\n\t\t\t\t<\/div>\n\t\t\t\t<div class=\"elementor-element elementor-element-zxagppo elementor-widget elementor-widget-heading\" data-id=\"zxagppo\" data-element_type=\"widget\" data-e-type=\"widget\" data-widget_type=\"heading.default\">\n\t\t\t\t<div class=\"elementor-widget-container\">\n\t\t\t\t\t<h2 class=\"elementor-heading-title elementor-size-small\">Fecha en que se subi\u00f3 la informaci\u00f3n: 27-noviembre-18<\/h2>\t\t\t\t<\/div>\n\t\t\t\t<\/div>\n\t\t\t\t\t<\/div>\n\t\t<\/div>\n\t\t\t\t\t<\/div>\n\t\t<\/section>\n\t\t\t\t<\/div>\n\t\t","protected":false},"excerpt":{"rendered":"<p>Fracci\u00f3n XX 44251 T\u00cdTULO NOMBRE CORTO DESCRIPCI\u00d3N Tr\u00e1mites ofrecidos a69_f20 La informaci\u00f3n relacionada con las tareas administrativas que realizan los sujetos obligados en sus diferentes \u00e1mbitos con el objeto de atender las peticiones que realicen los particulares ya sea para la obtenci\u00f3n de un beneficio, o cumplir con alguna obligaci\u00f3n ante una autoridad, de conformidad [&hellip;]<\/p>\n","protected":false},"author":1,"featured_media":0,"parent":0,"menu_order":0,"comment_status":"closed","ping_status":"closed","template":"page-template-full.php","meta":{"footnotes":""},"class_list":["post-3656","page","type-page","status-publish","hentry"],"jetpack_sharing_enabled":true,"_links":{"self":[{"href":"https:\/\/apan.gob.mx\/portal\/wp-json\/wp\/v2\/pages\/3656","targetHints":{"allow":["GET"]}}],"collection":[{"href":"https:\/\/apan.gob.mx\/portal\/wp-json\/wp\/v2\/pages"}],"about":[{"href":"https:\/\/apan.gob.mx\/portal\/wp-json\/wp\/v2\/types\/page"}],"author":[{"embeddable":true,"href":"https:\/\/apan.gob.mx\/portal\/wp-json\/wp\/v2\/users\/1"}],"replies":[{"embeddable":true,"href":"https:\/\/apan.gob.mx\/portal\/wp-json\/wp\/v2\/comments?post=3656"}],"version-history":[{"count":4,"href":"https:\/\/apan.gob.mx\/portal\/wp-json\/wp\/v2\/pages\/3656\/revisions"}],"predecessor-version":[{"id":3661,"href":"https:\/\/apan.gob.mx\/portal\/wp-json\/wp\/v2\/pages\/3656\/revisions\/3661"}],"wp:attachment":[{"href":"https:\/\/apan.gob.mx\/portal\/wp-json\/wp\/v2\/media?parent=3656"}],"curies":[{"name":"wp","href":"https:\/\/api.w.org\/{rel}","templated":true}]}}