{"id":4106,"date":"2019-01-22T00:48:29","date_gmt":"2019-01-22T00:48:29","guid":{"rendered":"https:\/\/apan.gob.mx\/portal\/?page_id=4106"},"modified":"2019-01-22T05:54:59","modified_gmt":"2019-01-22T05:54:59","slug":"sm_20_2017_2","status":"publish","type":"page","link":"https:\/\/apan.gob.mx\/portal\/sm_20_2017_2\/","title":{"rendered":"<!--sm_20_2017_2-->"},"content":{"rendered":"\t\t<div data-elementor-type=\"wp-page\" data-elementor-id=\"4106\" class=\"elementor elementor-4106 elementor-bc-flex-widget\">\n\t\t\t\t\t\t<div class=\"elementor-inner\">\n\t\t\t\t<div class=\"elementor-section-wrap\">\n\t\t\t\t\t\t\t\t\t<section class=\"has_ae_slider elementor-section elementor-top-section elementor-element elementor-element-wznreme elementor-section-boxed elementor-section-height-default elementor-section-height-default ae-bg-gallery-type-default\" data-id=\"wznreme\" data-element_type=\"section\">\n\t\t\t\t\t\t<div class=\"elementor-container elementor-column-gap-default\">\n\t\t\t\t\t\t\t<div class=\"elementor-row\">\n\t\t\t\t\t<div class=\"has_ae_slider elementor-column elementor-col-100 elementor-top-column elementor-element elementor-element-dinonhm ae-bg-gallery-type-default\" data-id=\"dinonhm\" data-element_type=\"column\">\n\t\t\t<div class=\"elementor-column-wrap elementor-element-populated\">\n\t\t\t\t\t\t\t<div class=\"elementor-widget-wrap\">\n\t\t\t\t\t\t<div class=\"elementor-element elementor-element-esyiuth elementor-widget elementor-widget-heading\" data-id=\"esyiuth\" data-element_type=\"widget\" data-widget_type=\"heading.default\">\n\t\t\t\t<div class=\"elementor-widget-container\">\n\t\t\t<h2 class=\"elementor-heading-title elementor-size-medium\">Fracci\u00f3n XX<\/h2>\t\t<\/div>\n\t\t\t\t<\/div>\n\t\t\t\t<div class=\"elementor-element elementor-element-cnpzqmg elementor-widget elementor-widget-html\" data-id=\"cnpzqmg\" data-element_type=\"widget\" data-widget_type=\"html.default\">\n\t\t\t\t<div class=\"elementor-widget-container\">\n\t\t\t<style id=\"Formato FRACCI\u00d3N XX_15784_Styles\">\r\n<!--table\r\n\t{mso-displayed-decimal-separator:\"\\.\";\r\n\tmso-displayed-thousand-separator:\"\\,\";}\r\n.xl1515784\r\n\t{padding-top:1px;\r\n\tpadding-right:1px;\r\n\tpadding-left:1px;\r\n\tmso-ignore:padding;\r\n\tcolor:windowtext;\r\n\tfont-size:10.0pt;\r\n\tfont-weight:400;\r\n\tfont-style:normal;\r\n\ttext-decoration:none;\r\n\tfont-family:Arial;\r\n\tmso-generic-font-family:auto;\r\n\tmso-font-charset:0;\r\n\tmso-number-format:General;\r\n\ttext-align:general;\r\n\tvertical-align:bottom;\r\n\tmso-background-source:auto;\r\n\tmso-pattern:auto;\r\n\twhite-space:nowrap;}\r\n.xl6515784\r\n\t{padding-top:1px;\r\n\tpadding-right:1px;\r\n\tpadding-left:1px;\r\n\tmso-ignore:padding;\r\n\tcolor:windowtext;\r\n\tfont-size:10.0pt;\r\n\tfont-weight:400;\r\n\tfont-style:normal;\r\n\ttext-decoration:none;\r\n\tfont-family:Arial;\r\n\tmso-generic-font-family:auto;\r\n\tmso-font-charset:0;\r\n\tmso-number-format:General;\r\n\ttext-align:center;\r\n\tvertical-align:middle;\r\n\tmso-background-source:auto;\r\n\tmso-pattern:auto;\r\n\twhite-space:nowrap;}\r\n.xl6615784\r\n\t{padding-top:1px;\r\n\tpadding-right:1px;\r\n\tpadding-left:1px;\r\n\tmso-ignore:padding;\r\n\tcolor:white;\r\n\tfont-size:11.0pt;\r\n\tfont-weight:700;\r\n\tfont-style:normal;\r\n\ttext-decoration:none;\r\n\tfont-family:Arial;\r\n\tmso-generic-font-family:auto;\r\n\tmso-font-charset:0;\r\n\tmso-number-format:General;\r\n\ttext-align:center;\r\n\tvertical-align:middle;\r\n\tborder:.5pt solid black;\r\n\tbackground:#333333;\r\n\tmso-pattern:black none;\r\n\twhite-space:nowrap;}\r\n.xl6715784\r\n\t{padding-top:1px;\r\n\tpadding-right:1px;\r\n\tpadding-left:1px;\r\n\tmso-ignore:padding;\r\n\tcolor:black;\r\n\tfont-size:10.0pt;\r\n\tfont-weight:400;\r\n\tfont-style:normal;\r\n\ttext-decoration:none;\r\n\tfont-family:Arial;\r\n\tmso-generic-font-family:auto;\r\n\tmso-font-charset:0;\r\n\tmso-number-format:General;\r\n\ttext-align:center;\r\n\tvertical-align:middle;\r\n\tborder:.5pt solid black;\r\n\tbackground:#E1E1E1;\r\n\tmso-pattern:black none;\r\n\twhite-space:nowrap;}\r\n.xl6815784\r\n\t{padding-top:1px;\r\n\tpadding-right:1px;\r\n\tpadding-left:1px;\r\n\tmso-ignore:padding;\r\n\tcolor:black;\r\n\tfont-size:10.0pt;\r\n\tfont-weight:400;\r\n\tfont-style:normal;\r\n\ttext-decoration:none;\r\n\tfont-family:Arial;\r\n\tmso-generic-font-family:auto;\r\n\tmso-font-charset:0;\r\n\tmso-number-format:General;\r\n\ttext-align:center;\r\n\tvertical-align:middle;\r\n\tborder-top:.5pt solid black;\r\n\tborder-right:.5pt solid black;\r\n\tborder-bottom:none;\r\n\tborder-left:.5pt solid black;\r\n\tbackground:#E1E1E1;\r\n\tmso-pattern:black none;\r\n\twhite-space:nowrap;}\r\n.xl6915784\r\n\t{padding-top:1px;\r\n\tpadding-right:1px;\r\n\tpadding-left:1px;\r\n\tmso-ignore:padding;\r\n\tcolor:windowtext;\r\n\tfont-size:10.0pt;\r\n\tfont-weight:400;\r\n\tfont-style:normal;\r\n\ttext-decoration:none;\r\n\tfont-family:Arial, sans-serif;\r\n\tmso-font-charset:0;\r\n\tmso-number-format:General;\r\n\ttext-align:center;\r\n\tvertical-align:middle;\r\n\tborder:.5pt solid windowtext;\r\n\tbackground:white;\r\n\tmso-pattern:black none;\r\n\twhite-space:nowrap;}\r\n.xl7015784\r\n\t{padding-top:1px;\r\n\tpadding-right:1px;\r\n\tpadding-left:1px;\r\n\tmso-ignore:padding;\r\n\tcolor:#0563C1;\r\n\tfont-size:10.0pt;\r\n\tfont-weight:400;\r\n\tfont-style:normal;\r\n\ttext-decoration:underline;\r\n\ttext-underline-style:single;\r\n\tfont-family:Arial;\r\n\tmso-generic-font-family:auto;\r\n\tmso-font-charset:0;\r\n\tmso-number-format:General;\r\n\ttext-align:center;\r\n\tvertical-align:middle;\r\n\tborder:.5pt solid windowtext;\r\n\tbackground:white;\r\n\tmso-pattern:black none;\r\n\twhite-space:nowrap;}\r\n.xl7115784\r\n\t{padding-top:1px;\r\n\tpadding-right:1px;\r\n\tpadding-left:1px;\r\n\tmso-ignore:padding;\r\n\tcolor:windowtext;\r\n\tfont-size:10.0pt;\r\n\tfont-weight:400;\r\n\tfont-style:normal;\r\n\ttext-decoration:none;\r\n\tfont-family:Arial;\r\n\tmso-generic-font-family:auto;\r\n\tmso-font-charset:0;\r\n\tmso-number-format:General;\r\n\ttext-align:center;\r\n\tvertical-align:middle;\r\n\tborder:.5pt solid windowtext;\r\n\tbackground:white;\r\n\tmso-pattern:black none;\r\n\twhite-space:nowrap;}\r\n.xl7215784\r\n\t{padding-top:1px;\r\n\tpadding-right:1px;\r\n\tpadding-left:1px;\r\n\tmso-ignore:padding;\r\n\tcolor:windowtext;\r\n\tfont-size:10.0pt;\r\n\tfont-weight:400;\r\n\tfont-style:normal;\r\n\ttext-decoration:none;\r\n\tfont-family:Arial;\r\n\tmso-generic-font-family:auto;\r\n\tmso-font-charset:0;\r\n\tmso-number-format:\"Short Date\";\r\n\ttext-align:center;\r\n\tvertical-align:middle;\r\n\tborder:.5pt solid windowtext;\r\n\tbackground:white;\r\n\tmso-pattern:black none;\r\n\twhite-space:nowrap;}\r\n-->\r\n<\/style>\r\n<\/head>\r\n\r\n<body>\r\n<!--[if !excel]>&nbsp;&nbsp;<![endif]-->\r\n<!--La siguiente informaci\u00f3n se gener\u00f3 mediante el Asistente para publicar como\r\np\u00e1gina web de Microsoft Excel.-->\r\n<!--Si se vuelve a publicar el mismo elemento desde Excel, se reemplazar\u00e1 toda\r\nla informaci\u00f3n comprendida entre las etiquetas DIV.-->\r\n<!----------------------------->\r\n<!--INICIO DE LOS RESULTADOS DEL ASISTENTE PARA PUBLICAR COMO P\u00c1GINA WEB DE\r\nEXCEL -->\r\n<!----------------------------->\r\n\r\n<div id=\"Formato FRACCI\u00d3N XX_15784\" align=center x:publishsource=\"Excel\">\r\n\r\n<table border=0 cellpadding=0 cellspacing=0 width=7990 style='border-collapse:\r\n collapse;table-layout:fixed;width:5997pt'>\r\n <col width=213 style='mso-width-source:userset;mso-width-alt:7789;width:160pt'>\r\n <col width=261 style='mso-width-source:userset;mso-width-alt:9545;width:196pt'>\r\n <col width=366 style='mso-width-source:userset;mso-width-alt:13385;width:275pt'>\r\n <col width=291 style='mso-width-source:userset;mso-width-alt:10642;width:218pt'>\r\n <col width=363 style='mso-width-source:userset;mso-width-alt:13275;width:272pt'>\r\n <col width=165 style='mso-width-source:userset;mso-width-alt:6034;width:124pt'>\r\n <col width=360 style='mso-width-source:userset;mso-width-alt:13165;width:270pt'>\r\n <col width=261 style='mso-width-source:userset;mso-width-alt:9545;width:196pt'>\r\n <col width=707 style='mso-width-source:userset;mso-width-alt:25856;width:530pt'>\r\n <col width=292 style='mso-width-source:userset;mso-width-alt:10678;width:219pt'>\r\n <col width=279 style='mso-width-source:userset;mso-width-alt:10203;width:209pt'>\r\n <col width=398 style='mso-width-source:userset;mso-width-alt:14555;width:299pt'>\r\n <col width=50 style='mso-width-source:userset;mso-width-alt:1828;width:38pt'>\r\n <col width=302 style='mso-width-source:userset;mso-width-alt:11044;width:227pt'>\r\n <col width=361 style='mso-width-source:userset;mso-width-alt:13202;width:271pt'>\r\n <col width=501 style='mso-width-source:userset;mso-width-alt:18322;width:376pt'>\r\n <col width=228 style='mso-width-source:userset;mso-width-alt:8338;width:171pt'>\r\n <col width=361 style='mso-width-source:userset;mso-width-alt:13202;width:271pt'>\r\n <col width=768 style='mso-width-source:userset;mso-width-alt:28086;width:576pt'>\r\n <col width=662 style='mso-width-source:userset;mso-width-alt:24210;width:497pt'>\r\n <col width=205 style='mso-width-source:userset;mso-width-alt:7497;width:154pt'>\r\n <col width=276 style='mso-width-source:userset;mso-width-alt:10093;width:207pt'>\r\n <col width=50 style='mso-width-source:userset;mso-width-alt:1828;width:38pt'>\r\n <col width=173 style='mso-width-source:userset;mso-width-alt:6326;width:130pt'>\r\n <col width=97 style='mso-width-source:userset;mso-width-alt:3547;width:73pt'>\r\n <tr height=0 style='display:none'>\r\n  <td class=xl6515784 width=213 style='width:160pt'>35919<\/td>\r\n  <td class=xl6515784 width=261 style='width:196pt'><\/td>\r\n  <td class=xl6515784 width=366 style='width:275pt'><\/td>\r\n  <td class=xl6515784 width=291 style='width:218pt'><\/td>\r\n  <td class=xl6515784 width=363 style='width:272pt'><\/td>\r\n  <td class=xl6515784 width=165 style='width:124pt'><\/td>\r\n  <td class=xl6515784 width=360 style='width:270pt'><\/td>\r\n  <td class=xl6515784 width=261 style='width:196pt'><\/td>\r\n  <td class=xl6515784 width=707 style='width:530pt'><\/td>\r\n  <td class=xl6515784 width=292 style='width:219pt'><\/td>\r\n  <td class=xl6515784 width=279 style='width:209pt'><\/td>\r\n  <td class=xl6515784 width=398 style='width:299pt'><\/td>\r\n  <td class=xl6515784 width=50 style='width:38pt'><\/td>\r\n  <td class=xl6515784 width=302 style='width:227pt'><\/td>\r\n  <td class=xl6515784 width=361 style='width:271pt'><\/td>\r\n  <td class=xl6515784 width=501 style='width:376pt'><\/td>\r\n  <td class=xl6515784 width=228 style='width:171pt'><\/td>\r\n  <td class=xl6515784 width=361 style='width:271pt'><\/td>\r\n  <td class=xl6515784 width=768 style='width:576pt'><\/td>\r\n  <td class=xl6515784 width=662 style='width:497pt'><\/td>\r\n  <td class=xl6515784 width=205 style='width:154pt'><\/td>\r\n  <td class=xl6515784 width=276 style='width:207pt'><\/td>\r\n  <td class=xl6515784 width=50 style='width:38pt'><\/td>\r\n  <td class=xl6515784 width=173 style='width:130pt'><\/td>\r\n  <td class=xl6515784 width=97 style='width:73pt'><\/td>\r\n <\/tr>\r\n <tr height=20 style='height:15.0pt'>\r\n  <td height=20 class=xl6615784 style='height:15.0pt'>TITULO<\/td>\r\n  <td class=xl6615784 style='border-left:none'>NOMBRE CORTO<\/td>\r\n  <td class=xl6615784 style='border-left:none'>DESCRIPCION<\/td>\r\n  <td class=xl6515784><\/td>\r\n  <td class=xl6515784><\/td>\r\n  <td class=xl6515784><\/td>\r\n  <td class=xl6515784><\/td>\r\n  <td class=xl6515784><\/td>\r\n  <td class=xl6515784><\/td>\r\n  <td class=xl6515784><\/td>\r\n  <td class=xl6515784><\/td>\r\n  <td class=xl6515784><\/td>\r\n  <td class=xl6515784><\/td>\r\n  <td class=xl6515784><\/td>\r\n  <td class=xl6515784><\/td>\r\n  <td class=xl6515784><\/td>\r\n  <td class=xl6515784><\/td>\r\n  <td class=xl6515784><\/td>\r\n  <td class=xl6515784><\/td>\r\n  <td class=xl6515784><\/td>\r\n  <td class=xl6515784><\/td>\r\n  <td class=xl6515784><\/td>\r\n  <td class=xl6515784><\/td>\r\n  <td class=xl6515784><\/td>\r\n  <td class=xl6515784><\/td>\r\n <\/tr>\r\n <tr height=17 style='height:12.75pt'>\r\n  <td height=17 class=xl6715784 style='height:12.75pt;border-top:none'>FRACCI\u00d3N\r\n  XX<\/td>\r\n  <td class=xl6715784 style='border-top:none;border-left:none'>LTAIPGEH69FXX<\/td>\r\n  <td class=xl6715784 style='border-top:none;border-left:none'>Los tr\u00e1mites,\r\n  requisitos y formatos que ofrecen;<\/td>\r\n  <td class=xl6515784><\/td>\r\n  <td class=xl6515784><\/td>\r\n  <td class=xl6515784><\/td>\r\n  <td class=xl6515784><\/td>\r\n  <td class=xl6515784><\/td>\r\n  <td class=xl6515784><\/td>\r\n  <td class=xl6515784><\/td>\r\n  <td class=xl6515784><\/td>\r\n  <td class=xl6515784><\/td>\r\n  <td class=xl6515784><\/td>\r\n  <td class=xl6515784><\/td>\r\n  <td class=xl6515784><\/td>\r\n  <td class=xl6515784><\/td>\r\n  <td class=xl6515784><\/td>\r\n  <td class=xl6515784><\/td>\r\n  <td class=xl6515784><\/td>\r\n  <td class=xl6515784><\/td>\r\n  <td class=xl6515784><\/td>\r\n  <td class=xl6515784><\/td>\r\n  <td class=xl6515784><\/td>\r\n  <td class=xl6515784><\/td>\r\n  <td class=xl6515784><\/td>\r\n <\/tr>\r\n <tr height=0 style='display:none'>\r\n  <td class=xl6515784>1<\/td>\r\n  <td class=xl6515784>1<\/td>\r\n  <td class=xl6515784>2<\/td>\r\n  <td class=xl6515784>2<\/td>\r\n  <td class=xl6515784>2<\/td>\r\n  <td class=xl6515784>1<\/td>\r\n  <td class=xl6515784>2<\/td>\r\n  <td class=xl6515784>2<\/td>\r\n  <td class=xl6515784>7<\/td>\r\n  <td class=xl6515784>2<\/td>\r\n  <td class=xl6515784>1<\/td>\r\n  <td class=xl6515784>10<\/td>\r\n  <td class=xl6515784>6<\/td>\r\n  <td class=xl6515784>2<\/td>\r\n  <td class=xl6515784>10<\/td>\r\n  <td class=xl6515784>2<\/td>\r\n  <td class=xl6515784>2<\/td>\r\n  <td class=xl6515784>10<\/td>\r\n  <td class=xl6515784>7<\/td>\r\n  <td class=xl6515784>7<\/td>\r\n  <td class=xl6515784>4<\/td>\r\n  <td class=xl6515784>1<\/td>\r\n  <td class=xl6515784>12<\/td>\r\n  <td class=xl6515784>13<\/td>\r\n  <td class=xl6515784>14<\/td>\r\n <\/tr>\r\n <tr height=0 style='display:none'>\r\n  <td class=xl6515784>235514<\/td>\r\n  <td class=xl6515784>235512<\/td>\r\n  <td class=xl6515784>235516<\/td>\r\n  <td class=xl6515784>235517<\/td>\r\n  <td class=xl6515784>235520<\/td>\r\n  <td class=xl6515784>235515<\/td>\r\n  <td class=xl6515784>235521<\/td>\r\n  <td class=xl6515784>235518<\/td>\r\n  <td class=xl6515784>235528<\/td>\r\n  <td class=xl6515784>235519<\/td>\r\n  <td class=xl6515784>235511<\/td>\r\n  <td class=xl6515784>235530<\/td>\r\n  <td class=xl6515784>235526<\/td>\r\n  <td class=xl6515784>235523<\/td>\r\n  <td class=xl6515784>235532<\/td>\r\n  <td class=xl6515784>235522<\/td>\r\n  <td class=xl6515784>235524<\/td>\r\n  <td class=xl6515784>235531<\/td>\r\n  <td class=xl6515784>235527<\/td>\r\n  <td class=xl6515784>235529<\/td>\r\n  <td class=xl6515784>235525<\/td>\r\n  <td class=xl6515784>235513<\/td>\r\n  <td class=xl6515784>235533<\/td>\r\n  <td class=xl6515784>235534<\/td>\r\n  <td class=xl6515784>235535<\/td>\r\n <\/tr>\r\n <tr height=20 style='height:15.0pt'>\r\n  <td colspan=25 height=20 class=xl6615784 style='height:15.0pt'>Tabla Campos<\/td>\r\n <\/tr>\r\n <tr height=17 style='height:12.75pt'>\r\n  <td height=17 class=xl6815784 style='height:12.75pt'>Acto administrativo<\/td>\r\n  <td class=xl6815784 style='border-left:none'>Tipo de tr\u00e1mite<\/td>\r\n  <td class=xl6815784 style='border-left:none'>Denominaci\u00f3n del tr\u00e1mite.<\/td>\r\n  <td class=xl6815784 style='border-left:none'>Tipo de usuario y\/o poblaci\u00f3n\r\n  objetivo.<\/td>\r\n  <td class=xl6815784 style='border-left:none'>Descripci\u00f3n de los beneficios\r\n  para el usuario<\/td>\r\n  <td class=xl6815784 style='border-left:none'>Modalidad del tr\u00e1mite<\/td>\r\n  <td class=xl6815784 style='border-left:none'>Requisitos para llevar a cabo el\r\n  tr\u00e1mite<\/td>\r\n  <td class=xl6815784 style='border-left:none'>Documentos requeridos<\/td>\r\n  <td class=xl6815784 style='border-left:none'>Hiperv\u00ednculo al\/los formatos\r\n  respectivos<\/td>\r\n  <td class=xl6815784 style='border-left:none'>Plazos para la conclusi\u00f3n del\r\n  tr\u00e1mite<\/td>\r\n  <td class=xl6815784 style='border-left:none'>Vigencia de los resultados del\r\n  tr\u00e1mite<\/td>\r\n  <td class=xl6815784 style='border-left:none'>\u00c1rea donde se gestiona el\r\n  tr\u00e1mite<\/td>\r\n  <td class=xl6815784 style='border-left:none'>Costo<\/td>\r\n  <td class=xl6815784 style='border-left:none'>Sustento legal para su cobro<\/td>\r\n  <td class=xl6815784 style='border-left:none'>Lugares donde se efect\u00faa el pago<\/td>\r\n  <td class=xl6815784 style='border-left:none'>Fundamento\r\n  jur\u00eddico-administrativo del tr\u00e1mite<\/td>\r\n  <td class=xl6815784 style='border-left:none'>Derechos del usuario<\/td>\r\n  <td class=xl6815784 style='border-left:none'>Lugares para reportar presuntas\r\n  anomal\u00edas<\/td>\r\n  <td class=xl6815784 style='border-left:none'>Hiperv\u00ednculo informaci\u00f3n\r\n  adicional del tr\u00e1mite<\/td>\r\n  <td class=xl6815784 style='border-left:none'>Hiperv\u00ednculo al sistema\r\n  correspondiente<\/td>\r\n  <td class=xl6815784 style='border-left:none'>Fecha de validaci\u00f3n<\/td>\r\n  <td class=xl6815784 style='border-left:none'>\u00c1rea responsable de la\r\n  informaci\u00f3n<\/td>\r\n  <td class=xl6815784 style='border-left:none'>A\u00f1o<\/td>\r\n  <td class=xl6815784 style='border-left:none'>Fecha de actualizaci\u00f3n<\/td>\r\n  <td class=xl6815784 style='border-left:none'>Nota<\/td>\r\n <\/tr>\r\n <tr height=17 style='height:12.75pt'>\r\n  <td height=17 class=xl6915784 style='height:12.75pt'>Tramite<\/td>\r\n  <td class=xl6915784 style='border-left:none'>cambio de propietario<\/td>\r\n  <td class=xl6915784 style='border-left:none'>cambio de propietario<\/td>\r\n  <td class=xl6915784 style='border-left:none'>concesionario<\/td>\r\n  <td class=xl6915784 style='border-left:none'>Ingresos Econ\u00f3micos<\/td>\r\n  <td class=xl6915784 style='border-left:none'>presencial<\/td>\r\n  <td class=xl6915784 style='border-left:none'>Ser concesionario<\/td>\r\n  <td class=xl6915784 style='border-left:none'>INE y Constancia de derechos<\/td>\r\n  <td class=xl7015784 style='border-left:none'><a\r\n  href=\"https:\/\/www.apan.gob.mx\/descargables\/transparencia\/articulo69\/fraccion20\/2017_2\/sm\/FrXXa1_1.pdf\">https:\/\/www.apan.gob.mx\/descargables\/transparencia\/articulo69\/fraccion20\/2017_2\/sm\/FrXXa1_1.pdf<\/a><\/td>\r\n  <td class=xl6915784 style='border-left:none'>3 Dias<\/td>\r\n  <td class=xl6915784 style='border-left:none'>Indefinido<\/td>\r\n  <td class=xl7115784 style='border-left:none'>1<\/td>\r\n  <td class=xl7115784 style='border-left:none'>1500<\/td>\r\n  <td class=xl6915784 style='border-left:none'>Ley de Ingresos<\/td>\r\n  <td class=xl7115784 style='border-left:none'>1<\/td>\r\n  <td class=xl6915784 style='border-left:none'>Reglamento de Mercados,Tianguis\r\n  y Abasto Munici\u00b4pal de Apan Hidalgo.<\/td>\r\n  <td class=xl6915784 style='border-left:none'>quejas y sugerencias<\/td>\r\n  <td class=xl7115784 style='border-left:none'>1<\/td>\r\n  <td class=xl7015784 style='border-left:none'><a\r\n  href=\"https:\/\/www.apan.gob.mx\/descargables\/transparencia\/articulo69\/fraccion20\/2017_2\/sm\/FrXXa1_2.pdf\">https:\/\/www.apan.gob.mx\/descargables\/transparencia\/articulo69\/fraccion20\/2017_2\/sm\/FrXXa1_2.pdf<\/a><\/td>\r\n  <td class=xl7015784 style='border-left:none'><a\r\n  href=\"https:\/\/www.apan.gob.mx\/descargables\/transparencia\/articulo69\/fraccion20\/2017_2\/sm\/FrXXa1_3.pdf\">https:\/\/www.apan.gob.mx\/descargables\/transparencia\/articulo69\/fraccion20\/2017_2\/sm\/FrXXa1_3.pdf<\/a><\/td>\r\n  <td class=xl7215784 style='border-left:none'>27\/06\/2017<\/td>\r\n  <td class=xl7115784 style='border-left:none'>Direccion de servicios\r\n  municipales<\/td>\r\n  <td class=xl7115784 style='border-left:none'>2017<\/td>\r\n  <td class=xl7215784 style='border-left:none'>04\/01\/2017<\/td>\r\n  <td class=xl7115784 style='border-left:none'>N\/A<\/td>\r\n <\/tr>\r\n <![if supportMisalignedColumns]>\r\n <tr height=0 style='display:none'>\r\n  <td width=213 style='width:160pt'><\/td>\r\n  <td width=261 style='width:196pt'><\/td>\r\n  <td width=366 style='width:275pt'><\/td>\r\n  <td width=291 style='width:218pt'><\/td>\r\n  <td width=363 style='width:272pt'><\/td>\r\n  <td width=165 style='width:124pt'><\/td>\r\n  <td width=360 style='width:270pt'><\/td>\r\n  <td width=261 style='width:196pt'><\/td>\r\n  <td width=707 style='width:530pt'><\/td>\r\n  <td width=292 style='width:219pt'><\/td>\r\n  <td width=279 style='width:209pt'><\/td>\r\n  <td width=398 style='width:299pt'><\/td>\r\n  <td width=50 style='width:38pt'><\/td>\r\n  <td width=302 style='width:227pt'><\/td>\r\n  <td width=361 style='width:271pt'><\/td>\r\n  <td width=501 style='width:376pt'><\/td>\r\n  <td width=228 style='width:171pt'><\/td>\r\n  <td width=361 style='width:271pt'><\/td>\r\n  <td width=768 style='width:576pt'><\/td>\r\n  <td width=662 style='width:497pt'><\/td>\r\n  <td width=205 style='width:154pt'><\/td>\r\n  <td width=276 style='width:207pt'><\/td>\r\n  <td width=50 style='width:38pt'><\/td>\r\n  <td width=173 style='width:130pt'><\/td>\r\n  <td width=97 style='width:73pt'><\/td>\r\n <\/tr>\r\n <![endif]>\r\n<\/table>\r\n\r\n<\/div>\r\n\r\n\t\t<\/div>\n\t\t\t\t<\/div>\n\t\t\t\t<div class=\"elementor-element elementor-element-afltkzx elementor-widget elementor-widget-button\" data-id=\"afltkzx\" data-element_type=\"widget\" data-widget_type=\"button.default\">\n\t\t\t\t<div class=\"elementor-widget-container\">\n\t\t\t\t\t<div class=\"elementor-button-wrapper\">\n\t\t\t<a href=\"https:\/\/www.apan.gob.mx\/descargables\/transparencia\/articulo69\/fraccion20\/2017_2\/sm\/FormatoFRACCIONXX.xls\" class=\"elementor-button-link elementor-button elementor-size-sm\" role=\"button\">\n\t\t\t\t\t\t<span class=\"elementor-button-content-wrapper\">\n\t\t\t\t\t\t<span class=\"elementor-button-text\">Descargar<\/span>\n\t\t<\/span>\n\t\t\t\t\t<\/a>\n\t\t<\/div>\n\t\t\t\t<\/div>\n\t\t\t\t<\/div>\n\t\t\t\t<div class=\"elementor-element elementor-element-pbgnucd elementor-widget elementor-widget-heading\" data-id=\"pbgnucd\" data-element_type=\"widget\" data-widget_type=\"heading.default\">\n\t\t\t\t<div class=\"elementor-widget-container\">\n\t\t\t<h2 class=\"elementor-heading-title elementor-size-small\">Fecha en que se subi\u00f3 la informaci\u00f3n: 21-enero-19<\/h2>\t\t<\/div>\n\t\t\t\t<\/div>\n\t\t\t\t\t\t<\/div>\n\t\t\t\t\t<\/div>\n\t\t<\/div>\n\t\t\t\t\t\t\t\t<\/div>\n\t\t\t\t\t<\/div>\n\t\t<\/section>\n\t\t\t\t\t\t\t\t\t<\/div>\n\t\t\t<\/div>\n\t\t\t\t\t<\/div>\n\t\t","protected":false},"excerpt":{"rendered":"<p>Fracci\u00f3n XX 35919 TITULO NOMBRE CORTO DESCRIPCION FRACCI\u00d3N XX LTAIPGEH69FXX Los tr\u00e1mites, requisitos y formatos que ofrecen; 1 1 2 2 2 1 2 2 7 2 1 10 6 2 10 2 2 10 7 7 4 1 12 13 14 235514 235512 235516 235517 235520 235515 235521 235518 235528 235519 235511 235530 235526 [&hellip;]<\/p>\n","protected":false},"author":1,"featured_media":0,"parent":0,"menu_order":0,"comment_status":"closed","ping_status":"closed","template":"page-template-full.php","meta":[],"jetpack_sharing_enabled":true,"_links":{"self":[{"href":"https:\/\/apan.gob.mx\/portal\/wp-json\/wp\/v2\/pages\/4106"}],"collection":[{"href":"https:\/\/apan.gob.mx\/portal\/wp-json\/wp\/v2\/pages"}],"about":[{"href":"https:\/\/apan.gob.mx\/portal\/wp-json\/wp\/v2\/types\/page"}],"author":[{"embeddable":true,"href":"https:\/\/apan.gob.mx\/portal\/wp-json\/wp\/v2\/users\/1"}],"replies":[{"embeddable":true,"href":"https:\/\/apan.gob.mx\/portal\/wp-json\/wp\/v2\/comments?post=4106"}],"version-history":[{"count":4,"href":"https:\/\/apan.gob.mx\/portal\/wp-json\/wp\/v2\/pages\/4106\/revisions"}],"predecessor-version":[{"id":4112,"href":"https:\/\/apan.gob.mx\/portal\/wp-json\/wp\/v2\/pages\/4106\/revisions\/4112"}],"wp:attachment":[{"href":"https:\/\/apan.gob.mx\/portal\/wp-json\/wp\/v2\/media?parent=4106"}],"curies":[{"name":"wp","href":"https:\/\/api.w.org\/{rel}","templated":true}]}}