{"id":5020,"date":"2019-05-28T10:36:22","date_gmt":"2019-05-28T15:36:22","guid":{"rendered":"https:\/\/apan.gob.mx\/portal\/?page_id=5020"},"modified":"2019-05-28T10:45:04","modified_gmt":"2019-05-28T15:45:04","slug":"5020-2","status":"publish","type":"page","link":"https:\/\/apan.gob.mx\/portal\/1-trimestre-2019\/5020-2\/","title":{"rendered":"<!--tesoreria_16_b_2019_1-->"},"content":{"rendered":"\t\t<div data-elementor-type=\"wp-page\" data-elementor-id=\"5020\" class=\"elementor elementor-5020 elementor-bc-flex-widget\">\n\t\t\t\t\t\t<section class=\"has_ae_slider elementor-section elementor-top-section elementor-element elementor-element-ywyjsjf elementor-section-boxed elementor-section-height-default elementor-section-height-default ae-bg-gallery-type-default\" data-id=\"ywyjsjf\" data-element_type=\"section\" data-e-type=\"section\">\n\t\t\t\t\t\t<div class=\"elementor-container elementor-column-gap-default\">\n\t\t\t\t\t<div class=\"has_ae_slider elementor-column elementor-col-100 elementor-top-column elementor-element elementor-element-pbmhisd ae-bg-gallery-type-default\" data-id=\"pbmhisd\" data-element_type=\"column\" data-e-type=\"column\">\n\t\t\t<div class=\"elementor-widget-wrap elementor-element-populated\">\n\t\t\t\t\t\t<div class=\"elementor-element elementor-element-ojnibdc elementor-widget elementor-widget-heading\" data-id=\"ojnibdc\" data-element_type=\"widget\" data-e-type=\"widget\" data-widget_type=\"heading.default\">\n\t\t\t\t<div class=\"elementor-widget-container\">\n\t\t\t\t\t<h2 class=\"elementor-heading-title elementor-size-medium\">Fracci\u00f3n XVI  b<\/h2>\t\t\t\t<\/div>\n\t\t\t\t<\/div>\n\t\t\t\t<div class=\"elementor-element elementor-element-nwgolnz elementor-widget elementor-widget-html\" data-id=\"nwgolnz\" data-element_type=\"widget\" data-e-type=\"widget\" data-widget_type=\"html.default\">\n\t\t\t\t<div class=\"elementor-widget-container\">\n\t\t\t\t\t<html xmlns:o=\"urn:schemas-microsoft-com:office:office\"\r\nxmlns:x=\"urn:schemas-microsoft-com:office:excel\"\r\nxmlns=\"http:\/\/www.w3.org\/TR\/REC-html40\">\r\n\r\n<head>\r\n<meta http-equiv=Content-Type content=\"text\/html; charset=windows-1252\">\r\n<meta name=ProgId content=Excel.Sheet>\r\n<meta name=Generator content=\"Microsoft Excel 14\">\r\n<link rel=File-List\r\nhref=\"a69_f16_b%20T1%202019%20AREA%20JURIDICO_archivos\/filelist.xml\">\r\n<style id=\"a69_f16_b T1 2019 AREA JURIDICO_15111_Styles\">\r\n<!--table\r\n\t{mso-displayed-decimal-separator:\"\\.\";\r\n\tmso-displayed-thousand-separator:\"\\,\";}\r\n.xl1515111\r\n\t{padding-top:1px;\r\n\tpadding-right:1px;\r\n\tpadding-left:1px;\r\n\tmso-ignore:padding;\r\n\tcolor:black;\r\n\tfont-size:11.0pt;\r\n\tfont-weight:400;\r\n\tfont-style:normal;\r\n\ttext-decoration:none;\r\n\tfont-family:Calibri, sans-serif;\r\n\tmso-font-charset:0;\r\n\tmso-number-format:General;\r\n\ttext-align:general;\r\n\tvertical-align:bottom;\r\n\tmso-background-source:auto;\r\n\tmso-pattern:auto;\r\n\twhite-space:nowrap;}\r\n.xl6315111\r\n\t{padding-top:1px;\r\n\tpadding-right:1px;\r\n\tpadding-left:1px;\r\n\tmso-ignore:padding;\r\n\tcolor:black;\r\n\tfont-size:10.0pt;\r\n\tfont-weight:400;\r\n\tfont-style:normal;\r\n\ttext-decoration:none;\r\n\tfont-family:Arial, sans-serif;\r\n\tmso-font-charset:0;\r\n\tmso-number-format:General;\r\n\ttext-align:center;\r\n\tvertical-align:bottom;\r\n\tborder:.5pt solid windowtext;\r\n\tbackground:#E1E1E1;\r\n\tmso-pattern:black none;\r\n\twhite-space:normal;}\r\n.xl6415111\r\n\t{padding-top:1px;\r\n\tpadding-right:1px;\r\n\tpadding-left:1px;\r\n\tmso-ignore:padding;\r\n\tcolor:white;\r\n\tfont-size:11.0pt;\r\n\tfont-weight:700;\r\n\tfont-style:normal;\r\n\ttext-decoration:none;\r\n\tfont-family:Arial, sans-serif;\r\n\tmso-font-charset:0;\r\n\tmso-number-format:General;\r\n\ttext-align:center;\r\n\tvertical-align:bottom;\r\n\tborder:.5pt solid windowtext;\r\n\tbackground:#333333;\r\n\tmso-pattern:black none;\r\n\twhite-space:nowrap;}\r\n.xl6515111\r\n\t{padding-top:1px;\r\n\tpadding-right:1px;\r\n\tpadding-left:1px;\r\n\tmso-ignore:padding;\r\n\tcolor:black;\r\n\tfont-size:10.0pt;\r\n\tfont-weight:400;\r\n\tfont-style:normal;\r\n\ttext-decoration:none;\r\n\tfont-family:Arial, sans-serif;\r\n\tmso-font-charset:0;\r\n\tmso-number-format:General;\r\n\ttext-align:general;\r\n\tvertical-align:bottom;\r\n\tborder:.5pt solid windowtext;\r\n\tbackground:#E1E1E1;\r\n\tmso-pattern:black none;\r\n\twhite-space:nowrap;}\r\n.xl6615111\r\n\t{padding-top:1px;\r\n\tpadding-right:1px;\r\n\tpadding-left:1px;\r\n\tmso-ignore:padding;\r\n\tcolor:black;\r\n\tfont-size:11.0pt;\r\n\tfont-weight:400;\r\n\tfont-style:normal;\r\n\ttext-decoration:none;\r\n\tfont-family:Calibri, sans-serif;\r\n\tmso-font-charset:0;\r\n\tmso-number-format:\"Short Date\";\r\n\ttext-align:general;\r\n\tvertical-align:bottom;\r\n\tmso-background-source:auto;\r\n\tmso-pattern:auto;\r\n\twhite-space:nowrap;}\r\n-->\r\n<\/style>\r\n<\/head>\r\n\r\n<body>\r\n<!--[if !excel]>&nbsp;&nbsp;<![endif]-->\r\n<!--La siguiente informaci\u00f3n se gener\u00f3 mediante el Asistente para publicar como\r\np\u00e1gina web de Microsoft Excel.-->\r\n<!--Si se vuelve a publicar el mismo elemento desde Excel, se reemplazar\u00e1 toda\r\nla informaci\u00f3n comprendida entre las etiquetas DIV.-->\r\n<!----------------------------->\r\n<!--INICIO DE LOS RESULTADOS DEL ASISTENTE PARA PUBLICAR COMO P\u00c1GINA WEB DE\r\nEXCEL -->\r\n<!----------------------------->\r\n\r\n<div id=\"a69_f16_b T1 2019 AREA JURIDICO_15111\" align=center\r\nx:publishsource=\"Excel\">\r\n\r\n<table border=0 cellpadding=0 cellspacing=0 width=4325 style='border-collapse:\r\n collapse;table-layout:fixed;width:3245pt'>\r\n <col width=56 style='mso-width-source:userset;mso-width-alt:2048;width:42pt'>\r\n <col width=155 span=2 style='mso-width-source:userset;mso-width-alt:5668;\r\n width:116pt'>\r\n <col width=218 style='mso-width-source:userset;mso-width-alt:7972;width:164pt'>\r\n <col width=336 style='mso-width-source:userset;mso-width-alt:12288;width:252pt'>\r\n <col width=175 style='mso-width-source:userset;mso-width-alt:6400;width:131pt'>\r\n <col width=214 style='mso-width-source:userset;mso-width-alt:7826;width:161pt'>\r\n <col width=137 style='mso-width-source:userset;mso-width-alt:5010;width:103pt'>\r\n <col width=281 style='mso-width-source:userset;mso-width-alt:10276;width:211pt'>\r\n <col width=239 style='mso-width-source:userset;mso-width-alt:8740;width:179pt'>\r\n <col width=300 style='mso-width-source:userset;mso-width-alt:10971;width:225pt'>\r\n <col width=182 style='mso-width-source:userset;mso-width-alt:6656;width:137pt'>\r\n <col width=329 style='mso-width-source:userset;mso-width-alt:12032;width:247pt'>\r\n <col width=108 span=2 style='mso-width-source:userset;mso-width-alt:3949;\r\n width:81pt'>\r\n <col width=1332 style='mso-width-source:userset;mso-width-alt:48713;\r\n width:999pt'>\r\n <tr height=0 style='display:none'>\r\n  <td class=xl1515111 width=56 style='width:42pt'>46572<\/td>\r\n  <td class=xl1515111 width=155 style='width:116pt'><\/td>\r\n  <td class=xl1515111 width=155 style='width:116pt'><\/td>\r\n  <td class=xl1515111 width=218 style='width:164pt'><\/td>\r\n  <td class=xl1515111 width=336 style='width:252pt'><\/td>\r\n  <td class=xl1515111 width=175 style='width:131pt'><\/td>\r\n  <td class=xl1515111 width=214 style='width:161pt'><\/td>\r\n  <td class=xl1515111 width=137 style='width:103pt'><\/td>\r\n  <td class=xl1515111 width=281 style='width:211pt'><\/td>\r\n  <td class=xl1515111 width=239 style='width:179pt'><\/td>\r\n  <td class=xl1515111 width=300 style='width:225pt'><\/td>\r\n  <td class=xl1515111 width=182 style='width:137pt'><\/td>\r\n  <td class=xl1515111 width=329 style='width:247pt'><\/td>\r\n  <td class=xl1515111 width=108 style='width:81pt'><\/td>\r\n  <td class=xl1515111 width=108 style='width:81pt'><\/td>\r\n  <td class=xl1515111 width=1332 style='width:999pt'><\/td>\r\n <\/tr>\r\n <tr height=20 style='height:15.0pt'>\r\n  <td colspan=3 height=20 class=xl6415111 style='height:15.0pt'>T\u00cdTULO<\/td>\r\n  <td colspan=3 class=xl6415111>NOMBRE CORTO<\/td>\r\n  <td colspan=3 class=xl6415111>DESCRIPCI\u00d3N<\/td>\r\n  <td class=xl1515111><\/td>\r\n  <td class=xl1515111><\/td>\r\n  <td class=xl1515111><\/td>\r\n  <td class=xl1515111><\/td>\r\n  <td class=xl1515111><\/td>\r\n  <td class=xl1515111><\/td>\r\n  <td class=xl1515111><\/td>\r\n <\/tr>\r\n <tr height=20 style='height:15.0pt'>\r\n  <td colspan=3 height=20 class=xl6515111 style='height:15.0pt'>Condiciones\r\n  generales de trabajo y sindicatos_Recursos p\u00fablicos entregados a sindicatos<\/td>\r\n  <td colspan=3 class=xl6515111>a69_f16_b<\/td>\r\n  <td colspan=3 class=xl6515111>Se publicar\u00e1 la informaci\u00f3n relacionada con los\r\n  recursos p\u00fablicos econ\u00f3micos, en especie o donativos, que el sujeto obligado\r\n  haya entregado a sindicatos<\/td>\r\n  <td class=xl1515111><\/td>\r\n  <td class=xl1515111><\/td>\r\n  <td class=xl1515111><\/td>\r\n  <td class=xl1515111><\/td>\r\n  <td class=xl1515111><\/td>\r\n  <td class=xl1515111><\/td>\r\n  <td class=xl1515111><\/td>\r\n <\/tr>\r\n <tr height=0 style='display:none'>\r\n  <td class=xl1515111>1<\/td>\r\n  <td class=xl1515111>4<\/td>\r\n  <td class=xl1515111>4<\/td>\r\n  <td class=xl1515111>9<\/td>\r\n  <td class=xl1515111>1<\/td>\r\n  <td class=xl1515111>2<\/td>\r\n  <td class=xl1515111>4<\/td>\r\n  <td class=xl1515111>2<\/td>\r\n  <td class=xl1515111>7<\/td>\r\n  <td class=xl1515111>7<\/td>\r\n  <td class=xl1515111>7<\/td>\r\n  <td class=xl1515111>7<\/td>\r\n  <td class=xl1515111>2<\/td>\r\n  <td class=xl1515111>4<\/td>\r\n  <td class=xl1515111>13<\/td>\r\n  <td class=xl1515111>14<\/td>\r\n <\/tr>\r\n <tr height=0 style='display:none'>\r\n  <td class=xl1515111>393675<\/td>\r\n  <td class=xl1515111>393684<\/td>\r\n  <td class=xl1515111>393685<\/td>\r\n  <td class=xl1515111>393683<\/td>\r\n  <td class=xl1515111>393676<\/td>\r\n  <td class=xl1515111>393690<\/td>\r\n  <td class=xl1515111>393678<\/td>\r\n  <td class=xl1515111>393677<\/td>\r\n  <td class=xl1515111>393680<\/td>\r\n  <td class=xl1515111>393688<\/td>\r\n  <td class=xl1515111>393681<\/td>\r\n  <td class=xl1515111>393682<\/td>\r\n  <td class=xl1515111>393687<\/td>\r\n  <td class=xl1515111>393679<\/td>\r\n  <td class=xl1515111>393686<\/td>\r\n  <td class=xl1515111>393689<\/td>\r\n <\/tr>\r\n <tr height=20 style='height:15.0pt'>\r\n  <td colspan=16 height=20 class=xl6415111 style='height:15.0pt'>Tabla Campos<\/td>\r\n <\/tr>\r\n <tr height=35 style='height:26.25pt'>\r\n  <td height=35 class=xl6315111 width=56 style='height:26.25pt;width:42pt'>Ejercicio<\/td>\r\n  <td class=xl6315111 width=155 style='border-left:none;width:116pt'>Fecha de\r\n  inicio del periodo que se informa<\/td>\r\n  <td class=xl6315111 width=155 style='border-left:none;width:116pt'>Fecha de\r\n  t\u00e9rmino del periodo que se informa<\/td>\r\n  <td class=xl6315111 width=218 style='border-left:none;width:164pt'>Tipo de\r\n  recursos p\u00fablicos (cat\u00e1logo)<\/td>\r\n  <td class=xl6315111 width=336 style='border-left:none;width:252pt'>Descripci\u00f3n\r\n  y\/o monto de los recursos p\u00fablicos entregados en efectivo, especie o\r\n  donativos<\/td>\r\n  <td class=xl6315111 width=175 style='border-left:none;width:131pt'>Motivos\r\n  por los cuales se entrega el recurso<\/td>\r\n  <td class=xl6315111 width=214 style='border-left:none;width:161pt'>Fecha de\r\n  entrega de los recursos p\u00fablicos<\/td>\r\n  <td class=xl6315111 width=137 style='border-left:none;width:103pt'>Denominaci\u00f3n\r\n  del sindicato<\/td>\r\n  <td class=xl6315111 width=281 style='border-left:none;width:211pt'>Hiperv\u00ednculo\r\n  al documento de petici\u00f3n del donativo, en su caso<\/td>\r\n  <td class=xl6315111 width=239 style='border-left:none;width:179pt'>Hiperv\u00ednculo\r\n  al informe de uso de recursos, en su caso<\/td>\r\n  <td class=xl6315111 width=300 style='border-left:none;width:225pt'>Hiperv\u00ednculo\r\n  al Programa(s) con objetivos y metas por los que se entregan los recursos, en\r\n  su caso<\/td>\r\n  <td class=xl6315111 width=182 style='border-left:none;width:137pt'>Hiperv\u00ednculo\r\n  a programas con objetivos y metas<\/td>\r\n  <td class=xl6315111 width=329 style='border-left:none;width:247pt'>\u00c1rea(s)\r\n  responsable(s) que genera(n), posee(n), publica(n) y actualizan la\r\n  informaci\u00f3n<\/td>\r\n  <td class=xl6315111 width=108 style='border-left:none;width:81pt'>Fecha de\r\n  validaci\u00f3n<\/td>\r\n  <td class=xl6315111 width=108 style='border-left:none;width:81pt'>Fecha de\r\n  Actualizaci\u00f3n<\/td>\r\n  <td class=xl6315111 width=1332 style='border-left:none;width:999pt'>Nota<\/td>\r\n <\/tr>\r\n <tr height=20 style='height:15.0pt'>\r\n  <td height=20 class=xl1515111 align=right style='height:15.0pt'>2019<\/td>\r\n  <td class=xl6615111 align=right>01\/01\/2019<\/td>\r\n  <td class=xl6615111 align=right>31\/03\/2019<\/td>\r\n  <td class=xl1515111><\/td>\r\n  <td class=xl1515111><\/td>\r\n  <td class=xl1515111><\/td>\r\n  <td class=xl1515111><\/td>\r\n  <td class=xl1515111><\/td>\r\n  <td class=xl1515111><\/td>\r\n  <td class=xl1515111><\/td>\r\n  <td class=xl1515111><\/td>\r\n  <td class=xl1515111><\/td>\r\n  <td class=xl1515111>Tesorer\u00eda Municipal<\/td>\r\n  <td class=xl6615111 align=right>05\/04\/2019<\/td>\r\n  <td class=xl6615111 align=right>01\/01\/2019<\/td>\r\n  <td class=xl1515111>al momento de la publicaci\u00f3n del presente no se han\r\n  realizado ningun tipo de entrega de recurso p\u00fablico al sindicato de\r\n  trabajadores al servicio del Municipio de Apan, Hidalgo. por ese hecho hay\r\n  campos vacios<\/td>\r\n <\/tr>\r\n <![if supportMisalignedColumns]>\r\n <tr height=0 style='display:none'>\r\n  <td width=56 style='width:42pt'><\/td>\r\n  <td width=155 style='width:116pt'><\/td>\r\n  <td width=155 style='width:116pt'><\/td>\r\n  <td width=218 style='width:164pt'><\/td>\r\n  <td width=336 style='width:252pt'><\/td>\r\n  <td width=175 style='width:131pt'><\/td>\r\n  <td width=214 style='width:161pt'><\/td>\r\n  <td width=137 style='width:103pt'><\/td>\r\n  <td width=281 style='width:211pt'><\/td>\r\n  <td width=239 style='width:179pt'><\/td>\r\n  <td width=300 style='width:225pt'><\/td>\r\n  <td width=182 style='width:137pt'><\/td>\r\n  <td width=329 style='width:247pt'><\/td>\r\n  <td width=108 style='width:81pt'><\/td>\r\n  <td width=108 style='width:81pt'><\/td>\r\n  <td width=1332 style='width:999pt'><\/td>\r\n <\/tr>\r\n <![endif]>\r\n<\/table>\r\n\r\n<\/div>\r\n\r\n\r\n<!----------------------------->\r\n<!--FINAL DE LOS RESULTADOS DEL ASISTENTE PARA PUBLICAR COMO P\u00c1GINA WEB DE\r\nEXCEL-->\r\n<!----------------------------->\r\n<\/body>\r\n\r\n<\/html>\r\n\t\t\t\t<\/div>\n\t\t\t\t<\/div>\n\t\t\t\t\t<\/div>\n\t\t<\/div>\n\t\t\t\t\t<\/div>\n\t\t<\/section>\n\t\t\t\t<\/div>\n\t\t","protected":false},"excerpt":{"rendered":"<p>Fracci\u00f3n XVI b 46572 T\u00cdTULO NOMBRE CORTO DESCRIPCI\u00d3N Condiciones generales de trabajo y sindicatos_Recursos p\u00fablicos entregados a sindicatos a69_f16_b Se publicar\u00e1 la informaci\u00f3n relacionada con los recursos p\u00fablicos econ\u00f3micos, en especie o donativos, que el sujeto obligado haya entregado a sindicatos 1 4 4 9 1 2 4 2 7 7 7 7 2 4 [&hellip;]<\/p>\n","protected":false},"author":1,"featured_media":0,"parent":4731,"menu_order":0,"comment_status":"closed","ping_status":"closed","template":"page-template-full.php","meta":{"footnotes":""},"class_list":["post-5020","page","type-page","status-publish","hentry"],"jetpack_sharing_enabled":true,"_links":{"self":[{"href":"https:\/\/apan.gob.mx\/portal\/wp-json\/wp\/v2\/pages\/5020","targetHints":{"allow":["GET"]}}],"collection":[{"href":"https:\/\/apan.gob.mx\/portal\/wp-json\/wp\/v2\/pages"}],"about":[{"href":"https:\/\/apan.gob.mx\/portal\/wp-json\/wp\/v2\/types\/page"}],"author":[{"embeddable":true,"href":"https:\/\/apan.gob.mx\/portal\/wp-json\/wp\/v2\/users\/1"}],"replies":[{"embeddable":true,"href":"https:\/\/apan.gob.mx\/portal\/wp-json\/wp\/v2\/comments?post=5020"}],"version-history":[{"count":2,"href":"https:\/\/apan.gob.mx\/portal\/wp-json\/wp\/v2\/pages\/5020\/revisions"}],"predecessor-version":[{"id":5022,"href":"https:\/\/apan.gob.mx\/portal\/wp-json\/wp\/v2\/pages\/5020\/revisions\/5022"}],"up":[{"embeddable":true,"href":"https:\/\/apan.gob.mx\/portal\/wp-json\/wp\/v2\/pages\/4731"}],"wp:attachment":[{"href":"https:\/\/apan.gob.mx\/portal\/wp-json\/wp\/v2\/media?parent=5020"}],"curies":[{"name":"wp","href":"https:\/\/api.w.org\/{rel}","templated":true}]}}