{"id":5802,"date":"2019-06-15T11:24:19","date_gmt":"2019-06-15T16:24:19","guid":{"rendered":"https:\/\/apan.gob.mx\/portal\/?page_id=5802"},"modified":"2019-06-15T11:25:59","modified_gmt":"2019-06-15T16:25:59","slug":"5802-2","status":"publish","type":"page","link":"https:\/\/apan.gob.mx\/portal\/4-trimestre-2018\/5802-2\/","title":{"rendered":"<!--secretaria_29_2018_4-->"},"content":{"rendered":"\t\t<div data-elementor-type=\"wp-page\" data-elementor-id=\"5802\" class=\"elementor elementor-5802 elementor-bc-flex-widget\">\n\t\t\t\t\t\t<div class=\"elementor-inner\">\n\t\t\t\t<div class=\"elementor-section-wrap\">\n\t\t\t\t\t\t\t\t\t<section class=\"has_ae_slider elementor-section elementor-top-section elementor-element elementor-element-uhclspu elementor-section-boxed elementor-section-height-default elementor-section-height-default ae-bg-gallery-type-default\" data-id=\"uhclspu\" data-element_type=\"section\">\n\t\t\t\t\t\t<div class=\"elementor-container elementor-column-gap-default\">\n\t\t\t\t\t\t\t<div class=\"elementor-row\">\n\t\t\t\t\t<div class=\"has_ae_slider elementor-column elementor-col-100 elementor-top-column elementor-element elementor-element-xrbbtbj ae-bg-gallery-type-default\" data-id=\"xrbbtbj\" data-element_type=\"column\">\n\t\t\t<div class=\"elementor-column-wrap elementor-element-populated\">\n\t\t\t\t\t\t\t<div class=\"elementor-widget-wrap\">\n\t\t\t\t\t\t<div class=\"elementor-element elementor-element-fajwqep elementor-widget elementor-widget-heading\" data-id=\"fajwqep\" data-element_type=\"widget\" data-widget_type=\"heading.default\">\n\t\t\t\t<div class=\"elementor-widget-container\">\n\t\t\t<h2 class=\"elementor-heading-title elementor-size-medium\">Fracci\u00f3n XXIX<\/h2>\t\t<\/div>\n\t\t\t\t<\/div>\n\t\t\t\t<div class=\"elementor-element elementor-element-veatjmd elementor-widget elementor-widget-html\" data-id=\"veatjmd\" data-element_type=\"widget\" data-widget_type=\"html.default\">\n\t\t\t\t<div class=\"elementor-widget-container\">\n\t\t\t<html xmlns:o=\"urn:schemas-microsoft-com:office:office\"\r\nxmlns:x=\"urn:schemas-microsoft-com:office:excel\"\r\nxmlns=\"http:\/\/www.w3.org\/TR\/REC-html40\">\r\n\r\n<head>\r\n<meta http-equiv=Content-Type content=\"text\/html; charset=windows-1252\">\r\n<meta name=ProgId content=Excel.Sheet>\r\n<meta name=Generator content=\"Microsoft Excel 15\">\r\n<link rel=File-List href=\"a69_f29)_archivos\/filelist.xml\">\r\n<style id=\"a69_f29)_8327_Styles\">\r\n<!--table\r\n\t{mso-displayed-decimal-separator:\"\\.\";\r\n\tmso-displayed-thousand-separator:\"\\,\";}\r\n.xl158327\r\n\t{padding-top:1px;\r\n\tpadding-right:1px;\r\n\tpadding-left:1px;\r\n\tmso-ignore:padding;\r\n\tcolor:black;\r\n\tfont-size:11.0pt;\r\n\tfont-weight:400;\r\n\tfont-style:normal;\r\n\ttext-decoration:none;\r\n\tfont-family:Calibri, sans-serif;\r\n\tmso-font-charset:0;\r\n\tmso-number-format:General;\r\n\ttext-align:general;\r\n\tvertical-align:bottom;\r\n\tmso-background-source:auto;\r\n\tmso-pattern:auto;\r\n\twhite-space:nowrap;}\r\n.xl658327\r\n\t{padding-top:1px;\r\n\tpadding-right:1px;\r\n\tpadding-left:1px;\r\n\tmso-ignore:padding;\r\n\tcolor:black;\r\n\tfont-size:10.0pt;\r\n\tfont-weight:400;\r\n\tfont-style:normal;\r\n\ttext-decoration:none;\r\n\tfont-family:Arial;\r\n\tmso-generic-font-family:auto;\r\n\tmso-font-charset:0;\r\n\tmso-number-format:General;\r\n\ttext-align:center;\r\n\tvertical-align:bottom;\r\n\tborder:.5pt solid windowtext;\r\n\tbackground:#E1E1E1;\r\n\tmso-pattern:black none;\r\n\twhite-space:normal;}\r\n.xl668327\r\n\t{padding-top:1px;\r\n\tpadding-right:1px;\r\n\tpadding-left:1px;\r\n\tmso-ignore:padding;\r\n\tcolor:white;\r\n\tfont-size:11.0pt;\r\n\tfont-weight:700;\r\n\tfont-style:normal;\r\n\ttext-decoration:none;\r\n\tfont-family:Arial;\r\n\tmso-generic-font-family:auto;\r\n\tmso-font-charset:0;\r\n\tmso-number-format:General;\r\n\ttext-align:center;\r\n\tvertical-align:bottom;\r\n\tborder:.5pt solid windowtext;\r\n\tbackground:#333333;\r\n\tmso-pattern:black none;\r\n\twhite-space:nowrap;}\r\n.xl678327\r\n\t{padding-top:1px;\r\n\tpadding-right:1px;\r\n\tpadding-left:1px;\r\n\tmso-ignore:padding;\r\n\tcolor:black;\r\n\tfont-size:10.0pt;\r\n\tfont-weight:400;\r\n\tfont-style:normal;\r\n\ttext-decoration:none;\r\n\tfont-family:Arial;\r\n\tmso-generic-font-family:auto;\r\n\tmso-font-charset:0;\r\n\tmso-number-format:General;\r\n\ttext-align:general;\r\n\tvertical-align:bottom;\r\n\tborder:.5pt solid windowtext;\r\n\tbackground:#E1E1E1;\r\n\tmso-pattern:black none;\r\n\twhite-space:nowrap;}\r\n.xl688327\r\n\t{padding-top:1px;\r\n\tpadding-right:1px;\r\n\tpadding-left:1px;\r\n\tmso-ignore:padding;\r\n\tcolor:black;\r\n\tfont-size:11.0pt;\r\n\tfont-weight:400;\r\n\tfont-style:normal;\r\n\ttext-decoration:none;\r\n\tfont-family:Calibri, sans-serif;\r\n\tmso-font-charset:0;\r\n\tmso-number-format:General;\r\n\ttext-align:general;\r\n\tvertical-align:bottom;\r\n\tborder:.5pt solid windowtext;\r\n\tmso-background-source:auto;\r\n\tmso-pattern:auto;\r\n\twhite-space:nowrap;}\r\n.xl698327\r\n\t{padding-top:1px;\r\n\tpadding-right:1px;\r\n\tpadding-left:1px;\r\n\tmso-ignore:padding;\r\n\tcolor:black;\r\n\tfont-size:11.0pt;\r\n\tfont-weight:400;\r\n\tfont-style:normal;\r\n\ttext-decoration:none;\r\n\tfont-family:Calibri, sans-serif;\r\n\tmso-font-charset:0;\r\n\tmso-number-format:\"Short Date\";\r\n\ttext-align:general;\r\n\tvertical-align:bottom;\r\n\tborder:.5pt solid windowtext;\r\n\tmso-background-source:auto;\r\n\tmso-pattern:auto;\r\n\twhite-space:nowrap;}\r\n.xl708327\r\n\t{padding-top:1px;\r\n\tpadding-right:1px;\r\n\tpadding-left:1px;\r\n\tmso-ignore:padding;\r\n\tcolor:#0563C1;\r\n\tfont-size:11.0pt;\r\n\tfont-weight:400;\r\n\tfont-style:normal;\r\n\ttext-decoration:underline;\r\n\ttext-underline-style:single;\r\n\tfont-family:Calibri, sans-serif;\r\n\tmso-font-charset:0;\r\n\tmso-number-format:General;\r\n\ttext-align:general;\r\n\tvertical-align:bottom;\r\n\tborder:.5pt solid windowtext;\r\n\tmso-background-source:auto;\r\n\tmso-pattern:auto;\r\n\twhite-space:nowrap;}\r\n-->\r\n<\/style>\r\n<\/head>\r\n\r\n<body>\r\n<!--[if !excel]>&nbsp;&nbsp;<![endif]-->\r\n<!--La siguiente informaci\u00f3n se gener\u00f3 mediante el Asistente para publicar como\r\np\u00e1gina web de Microsoft Excel.-->\r\n<!--Si se vuelve a publicar el mismo elemento desde Excel, se reemplazar\u00e1 toda\r\nla informaci\u00f3n comprendida entre las etiquetas DIV.-->\r\n<!----------------------------->\r\n<!--INICIO DE LOS RESULTADOS DEL ASISTENTE PARA PUBLICAR COMO P\u00c1GINA WEB DE\r\nEXCEL -->\r\n<!----------------------------->\r\n\r\n<div id=\"a69_f29)_8327\" align=center x:publishsource=\"Excel\">\r\n\r\n<table border=0 cellpadding=0 cellspacing=0 width=3142 style='border-collapse:\r\n collapse;table-layout:fixed;width:2358pt'>\r\n <col width=56 style='mso-width-source:userset;mso-width-alt:2048;width:42pt'>\r\n <col width=255 style='mso-width-source:userset;mso-width-alt:9325;width:191pt'>\r\n <col width=270 style='mso-width-source:userset;mso-width-alt:9874;width:203pt'>\r\n <col width=190 style='mso-width-source:userset;mso-width-alt:6948;width:143pt'>\r\n <col width=493 style='mso-width-source:userset;mso-width-alt:18029;width:370pt'>\r\n <col width=116 style='mso-width-source:userset;mso-width-alt:4242;width:87pt'>\r\n <col width=306 style='mso-width-source:userset;mso-width-alt:11190;width:230pt'>\r\n <col width=292 style='mso-width-source:userset;mso-width-alt:10678;width:219pt'>\r\n <col width=333 style='mso-width-source:userset;mso-width-alt:12178;width:250pt'>\r\n <col width=512 style='mso-width-source:userset;mso-width-alt:18724;width:384pt'>\r\n <col width=123 style='mso-width-source:userset;mso-width-alt:4498;width:92pt'>\r\n <col width=140 style='mso-width-source:userset;mso-width-alt:5120;width:105pt'>\r\n <col width=56 style='mso-width-source:userset;mso-width-alt:2048;width:42pt'>\r\n <tr height=0 style='display:none'>\r\n  <td class=xl158327 width=56 style='width:42pt'>45731<\/td>\r\n  <td class=xl158327 width=255 style='width:191pt'><\/td>\r\n  <td class=xl158327 width=270 style='width:203pt'><\/td>\r\n  <td class=xl158327 width=190 style='width:143pt'><\/td>\r\n  <td class=xl158327 width=493 style='width:370pt'><\/td>\r\n  <td class=xl158327 width=116 style='width:87pt'><\/td>\r\n  <td class=xl158327 width=306 style='width:230pt'><\/td>\r\n  <td class=xl158327 width=292 style='width:219pt'><\/td>\r\n  <td class=xl158327 width=333 style='width:250pt'><\/td>\r\n  <td class=xl158327 width=512 style='width:384pt'><\/td>\r\n  <td class=xl158327 width=123 style='width:92pt'><\/td>\r\n  <td class=xl158327 width=140 style='width:105pt'><\/td>\r\n  <td class=xl158327 width=56 style='width:42pt'><\/td>\r\n <\/tr>\r\n <tr height=20 style='height:15.0pt'>\r\n  <td colspan=3 height=20 class=xl668327 style='height:15.0pt'>T\u00cdTULO<\/td>\r\n  <td colspan=3 class=xl668327>NOMBRE CORTO<\/td>\r\n  <td colspan=3 class=xl668327>DESCRIPCI\u00d3N<\/td>\r\n  <td class=xl158327><\/td>\r\n  <td class=xl158327><\/td>\r\n  <td class=xl158327><\/td>\r\n  <td class=xl158327><\/td>\r\n <\/tr>\r\n <tr height=20 style='height:15.0pt'>\r\n  <td colspan=3 height=20 class=xl678327 style='height:15.0pt'>Informes\r\n  emitidos<\/td>\r\n  <td colspan=3 class=xl678327>a69_f29<\/td>\r\n  <td colspan=3 class=xl678327>La relaci\u00f3n de informes que de acuerdo con su\r\n  naturaleza y la normatividad les sea aplicable o se encuentren obligados a\r\n  rendir ante cualquier otro sujeto obligado. Deber\u00e1 incluir, los informes de\r\n  gobierno; labores o actividades; en materia de transparencia y protecci\u00f3n de\r\n  datos personales. La informaci\u00f3n no debe estar relacionada con informes\r\n  program\u00e1ticos presupuestales y financieros ni procedimientos de adjudicaci\u00f3n\r\n  directa, invitaci\u00f3n restringida y licitaci\u00f3n de cualquier naturaleza.<\/td>\r\n  <td class=xl158327><\/td>\r\n  <td class=xl158327><\/td>\r\n  <td class=xl158327><\/td>\r\n  <td class=xl158327><\/td>\r\n <\/tr>\r\n <tr height=0 style='display:none'>\r\n  <td class=xl158327>1<\/td>\r\n  <td class=xl158327>4<\/td>\r\n  <td class=xl158327>4<\/td>\r\n  <td class=xl158327>2<\/td>\r\n  <td class=xl158327>2<\/td>\r\n  <td class=xl158327>2<\/td>\r\n  <td class=xl158327>1<\/td>\r\n  <td class=xl158327>4<\/td>\r\n  <td class=xl158327>7<\/td>\r\n  <td class=xl158327>2<\/td>\r\n  <td class=xl158327>4<\/td>\r\n  <td class=xl158327>13<\/td>\r\n  <td class=xl158327>14<\/td>\r\n <\/tr>\r\n <tr height=0 style='display:none'>\r\n  <td class=xl158327>378497<\/td>\r\n  <td class=xl158327>378502<\/td>\r\n  <td class=xl158327>378503<\/td>\r\n  <td class=xl158327>378507<\/td>\r\n  <td class=xl158327>378498<\/td>\r\n  <td class=xl158327>378508<\/td>\r\n  <td class=xl158327>378509<\/td>\r\n  <td class=xl158327>378499<\/td>\r\n  <td class=xl158327>378501<\/td>\r\n  <td class=xl158327>378505<\/td>\r\n  <td class=xl158327>378500<\/td>\r\n  <td class=xl158327>378504<\/td>\r\n  <td class=xl158327>378506<\/td>\r\n <\/tr>\r\n <tr height=20 style='height:15.0pt'>\r\n  <td colspan=13 height=20 class=xl668327 style='height:15.0pt'>Tabla Campos<\/td>\r\n <\/tr>\r\n <tr height=35 style='height:26.25pt'>\r\n  <td height=35 class=xl658327 width=56 style='height:26.25pt;width:42pt'>Ejercicio<\/td>\r\n  <td class=xl658327 width=255 style='border-left:none;width:191pt'>Fecha de\r\n  inicio del periodo que se informa<\/td>\r\n  <td class=xl658327 width=270 style='border-left:none;width:203pt'>Fecha de\r\n  t\u00e9rmino del periodo que se informa<\/td>\r\n  <td class=xl658327 width=190 style='border-left:none;width:143pt'>Denominaci\u00f3n\r\n  de cada informe<\/td>\r\n  <td class=xl658327 width=493 style='border-left:none;width:370pt'>Denominaci\u00f3n\r\n  del \u00e1rea responsable de la elaboraci\u00f3n y\/o presentaci\u00f3n del informe<\/td>\r\n  <td class=xl658327 width=116 style='border-left:none;width:87pt'>Fundamento\r\n  legal<span style='mso-spacerun:yes'>\u00a0<\/span><\/td>\r\n  <td class=xl658327 width=306 style='border-left:none;width:230pt'>Periodicidad\r\n  para elaborar y\/o presentar el informe<\/td>\r\n  <td class=xl658327 width=292 style='border-left:none;width:219pt'>Fecha en\r\n  que se present\u00f3 y\/o entreg\u00f3 el informe<\/td>\r\n  <td class=xl658327 width=333 style='border-left:none;width:250pt'>Hiperv\u00ednculo\r\n  al documento del informe correspondiente<\/td>\r\n  <td class=xl658327 width=512 style='border-left:none;width:384pt'>\u00c1rea(s)\r\n  responsable(s) que genera(n), posee(n), publica(n) y actualizan la\r\n  informaci\u00f3n<\/td>\r\n  <td class=xl658327 width=123 style='border-left:none;width:92pt'>Fecha de\r\n  validaci\u00f3n<\/td>\r\n  <td class=xl658327 width=140 style='border-left:none;width:105pt'>Fecha de\r\n  actualizaci\u00f3n<\/td>\r\n  <td class=xl658327 width=56 style='border-left:none;width:42pt'>Nota<\/td>\r\n <\/tr>\r\n <tr height=20 style='height:15.0pt'>\r\n  <td height=20 class=xl688327 align=right style='height:15.0pt;border-top:\r\n  none'>2018<\/td>\r\n  <td class=xl698327 align=right style='border-top:none;border-left:none'>01\/10\/2018<\/td>\r\n  <td class=xl698327 align=right style='border-top:none;border-left:none'>31\/12\/2018<\/td>\r\n  <td class=xl688327 style='border-top:none;border-left:none'>Segundo Informe\r\n  De Gobierno<\/td>\r\n  <td class=xl688327 style='border-top:none;border-left:none'>Secretaria\r\n  General Municipal<\/td>\r\n  <td class=xl688327 style='border-top:none;border-left:none'>Art\u00edculo 144\r\n  fracci<span style='display:none'>\u00f3n quinta de la Constituci\u00f3n Pol\u00edtica del\r\n  Estado, Art\u00edculo 52, 52 Bis as\u00ed como el art\u00edculo 60 fracci\u00f3n Inciso D de la\r\n  Ley Organica Municipal.<\/span><\/td>\r\n  <td class=xl688327 style='border-top:none;border-left:none'>2 Meses<\/td>\r\n  <td class=xl698327 align=right style='border-top:none;border-left:none'>07\/09\/2018<\/td>\r\n  <td class=xl708327 style='border-top:none;border-left:none'><a\r\n  href=\"https:\/\/www.apan.gob.mx\/descargables\/transparencia\/articulo69\/fraccion29\/2018_4\/secgral\/FrXXIXa1_1.pdf\">https:\/\/www.apan.gob.mx\/descargables\/transparenc<span\r\n  style='display:none'>ia\/articulo69\/fraccion29\/2018_4\/secgral\/FrXXIXa1_1.pdf<\/span><\/a><\/td>\r\n  <td class=xl688327 style='border-top:none;border-left:none'>Secretaria\r\n  General Municipal<\/td>\r\n  <td class=xl698327 align=right style='border-top:none;border-left:none'>11\/01\/2019<\/td>\r\n  <td class=xl698327 align=right style='border-top:none;border-left:none'>01\/07\/2018<\/td>\r\n  <td class=xl688327 style='border-top:none;border-left:none'>&nbsp;<\/td>\r\n <\/tr>\r\n <![if supportMisalignedColumns]>\r\n <tr height=0 style='display:none'>\r\n  <td width=56 style='width:42pt'><\/td>\r\n  <td width=255 style='width:191pt'><\/td>\r\n  <td width=270 style='width:203pt'><\/td>\r\n  <td width=190 style='width:143pt'><\/td>\r\n  <td width=493 style='width:370pt'><\/td>\r\n  <td width=116 style='width:87pt'><\/td>\r\n  <td width=306 style='width:230pt'><\/td>\r\n  <td width=292 style='width:219pt'><\/td>\r\n  <td width=333 style='width:250pt'><\/td>\r\n  <td width=512 style='width:384pt'><\/td>\r\n  <td width=123 style='width:92pt'><\/td>\r\n  <td width=140 style='width:105pt'><\/td>\r\n  <td width=56 style='width:42pt'><\/td>\r\n <\/tr>\r\n <![endif]>\r\n<\/table>\r\n\r\n<\/div>\r\n\r\n\r\n<!----------------------------->\r\n<!--FINAL DE LOS RESULTADOS DEL ASISTENTE PARA PUBLICAR COMO P\u00c1GINA WEB DE\r\nEXCEL-->\r\n<!----------------------------->\r\n<\/body>\r\n\r\n<\/html>\r\n\t\t<\/div>\n\t\t\t\t<\/div>\n\t\t\t\t\t\t<\/div>\n\t\t\t\t\t<\/div>\n\t\t<\/div>\n\t\t\t\t\t\t\t\t<\/div>\n\t\t\t\t\t<\/div>\n\t\t<\/section>\n\t\t\t\t\t\t\t\t\t<\/div>\n\t\t\t<\/div>\n\t\t\t\t\t<\/div>\n\t\t","protected":false},"excerpt":{"rendered":"<p>&nbsp; Fracci\u00f3n XXIX &nbsp; &lt;![if supportMisalignedColumns]&gt;&lt;![endif]&gt; 45731 T\u00cdTULO NOMBRE CORTO DESCRIPCI\u00d3N Informes emitidos a69_f29 La relaci\u00f3n de informes que de acuerdo con su naturaleza y la normatividad les sea aplicable o se encuentren obligados a rendir ante cualquier otro sujeto obligado. Deber\u00e1 incluir, los informes de gobierno; labores o actividades; en materia de transparencia y [&hellip;]<\/p>\n","protected":false},"author":1,"featured_media":0,"parent":4057,"menu_order":0,"comment_status":"closed","ping_status":"closed","template":"page-template-full.php","meta":{"footnotes":""},"class_list":["post-5802","page","type-page","status-publish","hentry"],"jetpack_sharing_enabled":true,"_links":{"self":[{"href":"https:\/\/apan.gob.mx\/portal\/wp-json\/wp\/v2\/pages\/5802","targetHints":{"allow":["GET"]}}],"collection":[{"href":"https:\/\/apan.gob.mx\/portal\/wp-json\/wp\/v2\/pages"}],"about":[{"href":"https:\/\/apan.gob.mx\/portal\/wp-json\/wp\/v2\/types\/page"}],"author":[{"embeddable":true,"href":"https:\/\/apan.gob.mx\/portal\/wp-json\/wp\/v2\/users\/1"}],"replies":[{"embeddable":true,"href":"https:\/\/apan.gob.mx\/portal\/wp-json\/wp\/v2\/comments?post=5802"}],"version-history":[{"count":3,"href":"https:\/\/apan.gob.mx\/portal\/wp-json\/wp\/v2\/pages\/5802\/revisions"}],"predecessor-version":[{"id":5806,"href":"https:\/\/apan.gob.mx\/portal\/wp-json\/wp\/v2\/pages\/5802\/revisions\/5806"}],"up":[{"embeddable":true,"href":"https:\/\/apan.gob.mx\/portal\/wp-json\/wp\/v2\/pages\/4057"}],"wp:attachment":[{"href":"https:\/\/apan.gob.mx\/portal\/wp-json\/wp\/v2\/media?parent=5802"}],"curies":[{"name":"wp","href":"https:\/\/api.w.org\/{rel}","templated":true}]}}