{"id":6560,"date":"2019-07-05T18:43:20","date_gmt":"2019-07-05T23:43:20","guid":{"rendered":"https:\/\/apan.gob.mx\/portal\/?page_id=6560"},"modified":"2019-07-05T18:53:53","modified_gmt":"2019-07-05T23:53:53","slug":"6560-2","status":"publish","type":"page","link":"https:\/\/apan.gob.mx\/portal\/2-trimestre-2019\/6560-2\/","title":{"rendered":"<!--secretaria_34g_2019_2_-->"},"content":{"rendered":"\t\t<div data-elementor-type=\"wp-page\" data-elementor-id=\"6560\" class=\"elementor elementor-6560 elementor-bc-flex-widget\">\n\t\t\t\t\t\t<section class=\"has_ae_slider elementor-section elementor-top-section elementor-element elementor-element-qschygp elementor-section-boxed elementor-section-height-default elementor-section-height-default ae-bg-gallery-type-default\" data-id=\"qschygp\" data-element_type=\"section\" data-e-type=\"section\">\n\t\t\t\t\t\t<div class=\"elementor-container elementor-column-gap-default\">\n\t\t\t\t\t<div class=\"has_ae_slider elementor-column elementor-col-100 elementor-top-column elementor-element elementor-element-mtcysvg ae-bg-gallery-type-default\" data-id=\"mtcysvg\" data-element_type=\"column\" data-e-type=\"column\">\n\t\t\t<div class=\"elementor-widget-wrap elementor-element-populated\">\n\t\t\t\t\t\t<div class=\"elementor-element elementor-element-uyyofht elementor-widget elementor-widget-heading\" data-id=\"uyyofht\" data-element_type=\"widget\" data-e-type=\"widget\" data-widget_type=\"heading.default\">\n\t\t\t\t<div class=\"elementor-widget-container\">\n\t\t\t\t\t<h2 class=\"elementor-heading-title elementor-size-medium\">Fracci\u00f3n XXXIV g<\/h2>\t\t\t\t<\/div>\n\t\t\t\t<\/div>\n\t\t\t\t<div class=\"elementor-element elementor-element-eznvckc elementor-widget elementor-widget-html\" data-id=\"eznvckc\" data-element_type=\"widget\" data-e-type=\"widget\" data-widget_type=\"html.default\">\n\t\t\t\t<div class=\"elementor-widget-container\">\n\t\t\t\t\t<html xmlns:o=\"urn:schemas-microsoft-com:office:office\"\r\nxmlns:x=\"urn:schemas-microsoft-com:office:excel\"\r\nxmlns=\"http:\/\/www.w3.org\/TR\/REC-html40\">\r\n\r\n<head>\r\n<meta http-equiv=Content-Type content=\"text\/html; charset=windows-1252\">\r\n<meta name=ProgId content=Excel.Sheet>\r\n<meta name=Generator content=\"Microsoft Excel 14\">\r\n<link rel=File-List href=\"a69_f34_(g)_archivos\/filelist.xml\">\r\n<style id=\"a69_f34_(g)_31937_Styles\">\r\n<!--table\r\n\t{mso-displayed-decimal-separator:\"\\.\";\r\n\tmso-displayed-thousand-separator:\"\\,\";}\r\n.xl1531937\r\n\t{padding-top:1px;\r\n\tpadding-right:1px;\r\n\tpadding-left:1px;\r\n\tmso-ignore:padding;\r\n\tcolor:black;\r\n\tfont-size:11.0pt;\r\n\tfont-weight:400;\r\n\tfont-style:normal;\r\n\ttext-decoration:none;\r\n\tfont-family:Calibri, sans-serif;\r\n\tmso-font-charset:0;\r\n\tmso-number-format:General;\r\n\ttext-align:general;\r\n\tvertical-align:bottom;\r\n\tmso-background-source:auto;\r\n\tmso-pattern:auto;\r\n\twhite-space:nowrap;}\r\n.xl6331937\r\n\t{padding-top:1px;\r\n\tpadding-right:1px;\r\n\tpadding-left:1px;\r\n\tmso-ignore:padding;\r\n\tcolor:black;\r\n\tfont-size:10.0pt;\r\n\tfont-weight:400;\r\n\tfont-style:normal;\r\n\ttext-decoration:none;\r\n\tfont-family:Arial, sans-serif;\r\n\tmso-font-charset:0;\r\n\tmso-number-format:General;\r\n\ttext-align:center;\r\n\tvertical-align:bottom;\r\n\tborder:.5pt solid windowtext;\r\n\tbackground:#E1E1E1;\r\n\tmso-pattern:black none;\r\n\twhite-space:normal;}\r\n.xl6431937\r\n\t{padding-top:1px;\r\n\tpadding-right:1px;\r\n\tpadding-left:1px;\r\n\tmso-ignore:padding;\r\n\tcolor:black;\r\n\tfont-size:11.0pt;\r\n\tfont-weight:400;\r\n\tfont-style:normal;\r\n\ttext-decoration:none;\r\n\tfont-family:Calibri, sans-serif;\r\n\tmso-font-charset:0;\r\n\tmso-number-format:General;\r\n\ttext-align:general;\r\n\tvertical-align:bottom;\r\n\tborder:.5pt solid windowtext;\r\n\tmso-background-source:auto;\r\n\tmso-pattern:auto;\r\n\twhite-space:nowrap;}\r\n.xl6531937\r\n\t{padding-top:1px;\r\n\tpadding-right:1px;\r\n\tpadding-left:1px;\r\n\tmso-ignore:padding;\r\n\tcolor:black;\r\n\tfont-size:11.0pt;\r\n\tfont-weight:400;\r\n\tfont-style:normal;\r\n\ttext-decoration:none;\r\n\tfont-family:Calibri, sans-serif;\r\n\tmso-font-charset:0;\r\n\tmso-number-format:\"Short Date\";\r\n\ttext-align:general;\r\n\tvertical-align:bottom;\r\n\tborder:.5pt solid windowtext;\r\n\tmso-background-source:auto;\r\n\tmso-pattern:auto;\r\n\twhite-space:nowrap;}\r\n.xl6631937\r\n\t{padding-top:1px;\r\n\tpadding-right:1px;\r\n\tpadding-left:1px;\r\n\tmso-ignore:padding;\r\n\tcolor:white;\r\n\tfont-size:11.0pt;\r\n\tfont-weight:700;\r\n\tfont-style:normal;\r\n\ttext-decoration:none;\r\n\tfont-family:Arial, sans-serif;\r\n\tmso-font-charset:0;\r\n\tmso-number-format:General;\r\n\ttext-align:center;\r\n\tvertical-align:bottom;\r\n\tborder:.5pt solid windowtext;\r\n\tbackground:#333333;\r\n\tmso-pattern:black none;\r\n\twhite-space:nowrap;}\r\n.xl6731937\r\n\t{padding-top:1px;\r\n\tpadding-right:1px;\r\n\tpadding-left:1px;\r\n\tmso-ignore:padding;\r\n\tcolor:black;\r\n\tfont-size:10.0pt;\r\n\tfont-weight:400;\r\n\tfont-style:normal;\r\n\ttext-decoration:none;\r\n\tfont-family:Arial, sans-serif;\r\n\tmso-font-charset:0;\r\n\tmso-number-format:General;\r\n\ttext-align:general;\r\n\tvertical-align:bottom;\r\n\tborder:.5pt solid windowtext;\r\n\tbackground:#E1E1E1;\r\n\tmso-pattern:black none;\r\n\twhite-space:nowrap;}\r\n-->\r\n<\/style>\r\n<\/head>\r\n\r\n<body>\r\n<!--[if !excel]>&nbsp;&nbsp;<![endif]-->\r\n<!--La siguiente informaci\u00f3n se gener\u00f3 mediante el Asistente para publicar como\r\np\u00e1gina web de Microsoft Excel.-->\r\n<!--Si se vuelve a publicar el mismo elemento desde Excel, se reemplazar\u00e1 toda\r\nla informaci\u00f3n comprendida entre las etiquetas DIV.-->\r\n<!----------------------------->\r\n<!--INICIO DE LOS RESULTADOS DEL ASISTENTE PARA PUBLICAR COMO P\u00c1GINA WEB DE\r\nEXCEL -->\r\n<!----------------------------->\r\n\r\n<div id=\"a69_f34_(g)_31937\" align=center x:publishsource=\"Excel\">\r\n\r\n<table border=0 cellpadding=0 cellspacing=0 width=4226 style='border-collapse:\r\n collapse;table-layout:fixed;width:3173pt'>\r\n <col width=56 style='mso-width-source:userset;mso-width-alt:2048;width:42pt'>\r\n <col width=168 span=2 style='mso-width-source:userset;mso-width-alt:6144;\r\n width:126pt'>\r\n <col width=125 style='mso-width-source:userset;mso-width-alt:4571;width:94pt'>\r\n <col width=292 style='mso-width-source:userset;mso-width-alt:10678;width:219pt'>\r\n <col width=259 style='mso-width-source:userset;mso-width-alt:9472;width:194pt'>\r\n <col width=219 style='mso-width-source:userset;mso-width-alt:8009;width:164pt'>\r\n <col width=249 style='mso-width-source:userset;mso-width-alt:9106;width:187pt'>\r\n <col width=189 style='mso-width-source:userset;mso-width-alt:6912;width:142pt'>\r\n <col width=145 style='mso-width-source:userset;mso-width-alt:5302;width:109pt'>\r\n <col width=230 style='mso-width-source:userset;mso-width-alt:8411;width:173pt'>\r\n <col width=193 style='mso-width-source:userset;mso-width-alt:7058;width:145pt'>\r\n <col width=186 style='mso-width-source:userset;mso-width-alt:6802;width:140pt'>\r\n <col width=213 style='mso-width-source:userset;mso-width-alt:7789;width:160pt'>\r\n <col width=358 style='mso-width-source:userset;mso-width-alt:13092;width:269pt'>\r\n <col width=98 span=2 style='mso-width-source:userset;mso-width-alt:3584;\r\n width:74pt'>\r\n <col width=980 style='mso-width-source:userset;mso-width-alt:35840;width:735pt'>\r\n <tr height=0 style='display:none'>\r\n  <td class=xl1531937 width=56 style='width:42pt'>52336<\/td>\r\n  <td class=xl1531937 width=168 style='width:126pt'><\/td>\r\n  <td class=xl1531937 width=168 style='width:126pt'><\/td>\r\n  <td class=xl1531937 width=125 style='width:94pt'><\/td>\r\n  <td class=xl1531937 width=292 style='width:219pt'><\/td>\r\n  <td class=xl1531937 width=259 style='width:194pt'><\/td>\r\n  <td class=xl1531937 width=219 style='width:164pt'><\/td>\r\n  <td class=xl1531937 width=249 style='width:187pt'><\/td>\r\n  <td class=xl1531937 width=189 style='width:142pt'><\/td>\r\n  <td class=xl1531937 width=145 style='width:109pt'><\/td>\r\n  <td class=xl1531937 width=230 style='width:173pt'><\/td>\r\n  <td class=xl1531937 width=193 style='width:145pt'><\/td>\r\n  <td class=xl1531937 width=186 style='width:140pt'><\/td>\r\n  <td class=xl1531937 width=213 style='width:160pt'><\/td>\r\n  <td class=xl1531937 width=358 style='width:269pt'><\/td>\r\n  <td class=xl1531937 width=98 style='width:74pt'><\/td>\r\n  <td class=xl1531937 width=98 style='width:74pt'><\/td>\r\n  <td class=xl1531937 width=980 style='width:735pt'><\/td>\r\n <\/tr>\r\n <tr height=20 style='height:15.0pt'>\r\n  <td colspan=3 height=20 class=xl6631937 style='height:15.0pt'>T\u00cdTULO<\/td>\r\n  <td colspan=3 class=xl6631937>NOMBRE CORTO<\/td>\r\n  <td colspan=3 class=xl6631937>DESCRIPCI\u00d3N<\/td>\r\n  <td class=xl1531937><\/td>\r\n  <td class=xl1531937><\/td>\r\n  <td class=xl1531937><\/td>\r\n  <td class=xl1531937><\/td>\r\n  <td class=xl1531937><\/td>\r\n  <td class=xl1531937><\/td>\r\n  <td class=xl1531937><\/td>\r\n  <td class=xl1531937><\/td>\r\n  <td class=xl1531937><\/td>\r\n <\/tr>\r\n <tr height=20 style='height:15.0pt'>\r\n  <td colspan=3 height=20 class=xl6731937 style='height:15.0pt'>Inventario_Inventario\r\n  de bienes muebles e inmuebles donados<\/td>\r\n  <td colspan=3 class=xl6731937>a69_f34_g<\/td>\r\n  <td colspan=3 class=xl6731937>El inventario de bienes muebles e inmuebles que\r\n  se su caso, de hayan donado en el cual se incluir\u00e1n las actividades a las que\r\n  se destinar\u00e1 el bien, as\u00ed como el donatario y dem\u00e1s informaci\u00f3n que permita\r\n  tener cuenta de dicha donaci\u00f3n.<\/td>\r\n  <td class=xl1531937><\/td>\r\n  <td class=xl1531937><\/td>\r\n  <td class=xl1531937><\/td>\r\n  <td class=xl1531937><\/td>\r\n  <td class=xl1531937><\/td>\r\n  <td class=xl1531937><\/td>\r\n  <td class=xl1531937><\/td>\r\n  <td class=xl1531937><\/td>\r\n  <td class=xl1531937><\/td>\r\n <\/tr>\r\n <tr height=0 style='display:none'>\r\n  <td class=xl1531937>1<\/td>\r\n  <td class=xl1531937>4<\/td>\r\n  <td class=xl1531937>4<\/td>\r\n  <td class=xl1531937>2<\/td>\r\n  <td class=xl1531937>9<\/td>\r\n  <td class=xl1531937>9<\/td>\r\n  <td class=xl1531937>1<\/td>\r\n  <td class=xl1531937>1<\/td>\r\n  <td class=xl1531937>1<\/td>\r\n  <td class=xl1531937>2<\/td>\r\n  <td class=xl1531937>1<\/td>\r\n  <td class=xl1531937>6<\/td>\r\n  <td class=xl1531937>4<\/td>\r\n  <td class=xl1531937>7<\/td>\r\n  <td class=xl1531937>2<\/td>\r\n  <td class=xl1531937>4<\/td>\r\n  <td class=xl1531937>13<\/td>\r\n  <td class=xl1531937>14<\/td>\r\n <\/tr>\r\n <tr height=0 style='display:none'>\r\n  <td class=xl1531937>494142<\/td>\r\n  <td class=xl1531937>494154<\/td>\r\n  <td class=xl1531937>494155<\/td>\r\n  <td class=xl1531937>494146<\/td>\r\n  <td class=xl1531937>494151<\/td>\r\n  <td class=xl1531937>494158<\/td>\r\n  <td class=xl1531937>494143<\/td>\r\n  <td class=xl1531937>494152<\/td>\r\n  <td class=xl1531937>494144<\/td>\r\n  <td class=xl1531937>494150<\/td>\r\n  <td class=xl1531937>494145<\/td>\r\n  <td class=xl1531937>494148<\/td>\r\n  <td class=xl1531937>494147<\/td>\r\n  <td class=xl1531937>494149<\/td>\r\n  <td class=xl1531937>494156<\/td>\r\n  <td class=xl1531937>494141<\/td>\r\n  <td class=xl1531937>494153<\/td>\r\n  <td class=xl1531937>494157<\/td>\r\n <\/tr>\r\n <tr height=20 style='height:15.0pt'>\r\n  <td colspan=18 height=20 class=xl6631937 style='height:15.0pt'>Tabla Campos<\/td>\r\n <\/tr>\r\n <tr height=35 style='height:26.25pt'>\r\n  <td height=35 class=xl6331937 width=56 style='height:26.25pt;width:42pt'>Ejercicio<\/td>\r\n  <td class=xl6331937 width=168 style='border-left:none;width:126pt'>Fecha de\r\n  inicio del periodo que se informa<\/td>\r\n  <td class=xl6331937 width=168 style='border-left:none;width:126pt'>Fecha de\r\n  t\u00e9rmino del periodo que se informa<\/td>\r\n  <td class=xl6331937 width=125 style='border-left:none;width:94pt'>Descripci\u00f3n\r\n  del bien<\/td>\r\n  <td class=xl6331937 width=292 style='border-left:none;width:219pt'>Actividades\r\n  a que se destinar\u00e1 el bien (cat\u00e1logo)<\/td>\r\n  <td class=xl6331937 width=259 style='border-left:none;width:194pt'>Personer\u00eda\r\n  jur\u00eddica del donatario (cat\u00e1logo)<\/td>\r\n  <td class=xl6331937 width=219 style='border-left:none;width:164pt'>Nombre(s)\r\n  del donatario, en su caso<\/td>\r\n  <td class=xl6331937 width=249 style='border-left:none;width:187pt'>Primer\r\n  apellido del donatario, en su caso<span style='mso-spacerun:yes'>\u00a0<\/span><\/td>\r\n  <td class=xl6331937 width=189 style='border-left:none;width:142pt'>Segundo\r\n  apellido del donatario<\/td>\r\n  <td class=xl6331937 width=145 style='border-left:none;width:109pt'>Tipo de\r\n  persona moral, en su caso<\/td>\r\n  <td class=xl6331937 width=230 style='border-left:none;width:173pt'>Denominaci\u00f3n\r\n  o raz\u00f3n social Donatario, en su caso<\/td>\r\n  <td class=xl6331937 width=193 style='border-left:none;width:145pt'>Valor de\r\n  adquisici\u00f3n o de inventario del bien donado<\/td>\r\n  <td class=xl6331937 width=186 style='border-left:none;width:140pt'>Fecha de\r\n  firma del contrato de donaci\u00f3n<\/td>\r\n  <td class=xl6331937 width=213 style='border-left:none;width:160pt'>Hiperv\u00ednculo\r\n  al Acuerdo presidencial, en su caso<\/td>\r\n  <td class=xl6331937 width=358 style='border-left:none;width:269pt'>\u00c1rea(s)\r\n  responsable(s) que genera(n), posee(n), publica(n) y actualizan la\r\n  informaci\u00f3n<\/td>\r\n  <td class=xl6331937 width=98 style='border-left:none;width:74pt'>Fecha de\r\n  validaci\u00f3n<\/td>\r\n  <td class=xl6331937 width=98 style='border-left:none;width:74pt'>Fecha de\r\n  actualizaci\u00f3n<\/td>\r\n  <td class=xl6331937 width=980 style='border-left:none;width:735pt'>Nota<\/td>\r\n <\/tr>\r\n <tr height=20 style='height:15.0pt'>\r\n  <td height=20 class=xl6431937 align=right style='height:15.0pt;border-top:\r\n  none'>2019<\/td>\r\n  <td class=xl6531937 align=right style='border-top:none;border-left:none'>01\/01\/2019<\/td>\r\n  <td class=xl6531937 align=right style='border-top:none;border-left:none'>30\/06\/2019<\/td>\r\n  <td class=xl6431937 style='border-top:none;border-left:none'>&nbsp;<\/td>\r\n  <td class=xl6431937 style='border-top:none;border-left:none'>&nbsp;<\/td>\r\n  <td class=xl6431937 style='border-top:none;border-left:none'>&nbsp;<\/td>\r\n  <td class=xl6431937 style='border-top:none;border-left:none'>&nbsp;<\/td>\r\n  <td class=xl6431937 style='border-top:none;border-left:none'>&nbsp;<\/td>\r\n  <td class=xl6431937 style='border-top:none;border-left:none'>&nbsp;<\/td>\r\n  <td class=xl6431937 style='border-top:none;border-left:none'>&nbsp;<\/td>\r\n  <td class=xl6431937 style='border-top:none;border-left:none'>&nbsp;<\/td>\r\n  <td class=xl6431937 style='border-top:none;border-left:none'>&nbsp;<\/td>\r\n  <td class=xl6431937 style='border-top:none;border-left:none'>&nbsp;<\/td>\r\n  <td class=xl6431937 style='border-top:none;border-left:none'>&nbsp;<\/td>\r\n  <td class=xl6431937 style='border-top:none;border-left:none'>Secretaria\r\n  General Municipal<\/td>\r\n  <td class=xl6531937 align=right style='border-top:none;border-left:none'>05\/04\/2019<\/td>\r\n  <td class=xl6531937 align=right style='border-top:none;border-left:none'>01\/01\/2019<\/td>\r\n  <td class=xl6431937 style='border-top:none;border-left:none'>En el trimestre\r\n  no hay donaciones<span style='mso-spacerun:yes'>\u00a0 <\/span>de muebles e\r\n  inmuebles por lo tanto no hay inventario y existen campos vac\u00edos ya que no se\r\n  ha generado<span style='mso-spacerun:yes'>\u00a0 <\/span>informaci\u00f3n.<\/td>\r\n <\/tr>\r\n <![if supportMisalignedColumns]>\r\n <tr height=0 style='display:none'>\r\n  <td width=56 style='width:42pt'><\/td>\r\n  <td width=168 style='width:126pt'><\/td>\r\n  <td width=168 style='width:126pt'><\/td>\r\n  <td width=125 style='width:94pt'><\/td>\r\n  <td width=292 style='width:219pt'><\/td>\r\n  <td width=259 style='width:194pt'><\/td>\r\n  <td width=219 style='width:164pt'><\/td>\r\n  <td width=249 style='width:187pt'><\/td>\r\n  <td width=189 style='width:142pt'><\/td>\r\n  <td width=145 style='width:109pt'><\/td>\r\n  <td width=230 style='width:173pt'><\/td>\r\n  <td width=193 style='width:145pt'><\/td>\r\n  <td width=186 style='width:140pt'><\/td>\r\n  <td width=213 style='width:160pt'><\/td>\r\n  <td width=358 style='width:269pt'><\/td>\r\n  <td width=98 style='width:74pt'><\/td>\r\n  <td width=98 style='width:74pt'><\/td>\r\n  <td width=980 style='width:735pt'><\/td>\r\n <\/tr>\r\n <![endif]>\r\n<\/table>\r\n\r\n<\/div>\r\n\r\n\r\n<!----------------------------->\r\n<!--FINAL DE LOS RESULTADOS DEL ASISTENTE PARA PUBLICAR COMO P\u00c1GINA WEB DE\r\nEXCEL-->\r\n<!----------------------------->\r\n<\/body>\r\n\r\n<\/html>\r\n\t\t\t\t<\/div>\n\t\t\t\t<\/div>\n\t\t\t\t\t<\/div>\n\t\t<\/div>\n\t\t\t\t\t<\/div>\n\t\t<\/section>\n\t\t\t\t<\/div>\n\t\t","protected":false},"excerpt":{"rendered":"<p>&nbsp; Fracci\u00f3n XXXIV g &nbsp; &lt;![if supportMisalignedColumns]&gt;&lt;![endif]&gt; 52336 T\u00cdTULO NOMBRE CORTO DESCRIPCI\u00d3N Inventario_Inventario de bienes muebles e inmuebles donados a69_f34_g El inventario de bienes muebles e inmuebles que se su caso, de hayan donado en el cual se incluir\u00e1n las actividades a las que se destinar\u00e1 el bien, as\u00ed como el donatario y dem\u00e1s informaci\u00f3n [&hellip;]<\/p>\n","protected":false},"author":1,"featured_media":0,"parent":6108,"menu_order":0,"comment_status":"closed","ping_status":"closed","template":"page-template-full.php","meta":{"footnotes":""},"class_list":["post-6560","page","type-page","status-publish","hentry"],"jetpack_sharing_enabled":true,"_links":{"self":[{"href":"https:\/\/apan.gob.mx\/portal\/wp-json\/wp\/v2\/pages\/6560","targetHints":{"allow":["GET"]}}],"collection":[{"href":"https:\/\/apan.gob.mx\/portal\/wp-json\/wp\/v2\/pages"}],"about":[{"href":"https:\/\/apan.gob.mx\/portal\/wp-json\/wp\/v2\/types\/page"}],"author":[{"embeddable":true,"href":"https:\/\/apan.gob.mx\/portal\/wp-json\/wp\/v2\/users\/1"}],"replies":[{"embeddable":true,"href":"https:\/\/apan.gob.mx\/portal\/wp-json\/wp\/v2\/comments?post=6560"}],"version-history":[{"count":3,"href":"https:\/\/apan.gob.mx\/portal\/wp-json\/wp\/v2\/pages\/6560\/revisions"}],"predecessor-version":[{"id":6565,"href":"https:\/\/apan.gob.mx\/portal\/wp-json\/wp\/v2\/pages\/6560\/revisions\/6565"}],"up":[{"embeddable":true,"href":"https:\/\/apan.gob.mx\/portal\/wp-json\/wp\/v2\/pages\/6108"}],"wp:attachment":[{"href":"https:\/\/apan.gob.mx\/portal\/wp-json\/wp\/v2\/media?parent=6560"}],"curies":[{"name":"wp","href":"https:\/\/api.w.org\/{rel}","templated":true}]}}