{"id":6899,"date":"2019-10-03T10:53:15","date_gmt":"2019-10-03T15:53:15","guid":{"rendered":"https:\/\/apan.gob.mx\/portal\/?page_id=6899"},"modified":"2019-10-03T10:54:12","modified_gmt":"2019-10-03T15:54:12","slug":"6899-2","status":"publish","type":"page","link":"https:\/\/apan.gob.mx\/portal\/3-trimestre-2019\/6899-2\/","title":{"rendered":"<!--reglamentos-20-2019-3-->"},"content":{"rendered":"\t\t<div data-elementor-type=\"wp-page\" data-elementor-id=\"6899\" class=\"elementor elementor-6899 elementor-bc-flex-widget\">\n\t\t\t\t\t\t<div class=\"elementor-inner\">\n\t\t\t\t<div class=\"elementor-section-wrap\">\n\t\t\t\t\t\t\t\t\t<section class=\"has_ae_slider elementor-section elementor-top-section elementor-element elementor-element-sgktwcf elementor-section-boxed elementor-section-height-default elementor-section-height-default ae-bg-gallery-type-default\" data-id=\"sgktwcf\" data-element_type=\"section\">\n\t\t\t\t\t\t<div class=\"elementor-container elementor-column-gap-default\">\n\t\t\t\t\t\t\t<div class=\"elementor-row\">\n\t\t\t\t\t<div class=\"has_ae_slider elementor-column elementor-col-100 elementor-top-column elementor-element elementor-element-sxzhrrp ae-bg-gallery-type-default\" data-id=\"sxzhrrp\" data-element_type=\"column\">\n\t\t\t<div class=\"elementor-column-wrap elementor-element-populated\">\n\t\t\t\t\t\t\t<div class=\"elementor-widget-wrap\">\n\t\t\t\t\t\t<div class=\"elementor-element elementor-element-izcjqar elementor-widget elementor-widget-heading\" data-id=\"izcjqar\" data-element_type=\"widget\" data-widget_type=\"heading.default\">\n\t\t\t\t<div class=\"elementor-widget-container\">\n\t\t\t<h2 class=\"elementor-heading-title elementor-size-medium\">Fracci\u00f3n XX<\/h2>\t\t<\/div>\n\t\t\t\t<\/div>\n\t\t\t\t<div class=\"elementor-element elementor-element-vywmceb elementor-widget elementor-widget-html\" data-id=\"vywmceb\" data-element_type=\"widget\" data-widget_type=\"html.default\">\n\t\t\t\t<div class=\"elementor-widget-container\">\n\t\t\t<html xmlns:o=\"urn:schemas-microsoft-com:office:office\"\r\nxmlns:x=\"urn:schemas-microsoft-com:office:excel\"\r\nxmlns=\"http:\/\/www.w3.org\/TR\/REC-html40\">\r\n\r\n<head>\r\n<meta http-equiv=Content-Type content=\"text\/html; charset=windows-1252\">\r\n<meta name=ProgId content=Excel.Sheet>\r\n<meta name=Generator content=\"Microsoft Excel 15\">\r\n<link rel=File-List href=\"a69_f20_archivos\/filelist.xml\">\r\n<style id=\"a69_f20_1351_Styles\">\r\n<!--table\r\n\t{mso-displayed-decimal-separator:\"\\.\";\r\n\tmso-displayed-thousand-separator:\"\\,\";}\r\n.xl151351\r\n\t{padding-top:1px;\r\n\tpadding-right:1px;\r\n\tpadding-left:1px;\r\n\tmso-ignore:padding;\r\n\tcolor:black;\r\n\tfont-size:11.0pt;\r\n\tfont-weight:400;\r\n\tfont-style:normal;\r\n\ttext-decoration:none;\r\n\tfont-family:Calibri, sans-serif;\r\n\tmso-font-charset:0;\r\n\tmso-number-format:General;\r\n\ttext-align:general;\r\n\tvertical-align:bottom;\r\n\tmso-background-source:auto;\r\n\tmso-pattern:auto;\r\n\twhite-space:nowrap;}\r\n.xl651351\r\n\t{padding-top:1px;\r\n\tpadding-right:1px;\r\n\tpadding-left:1px;\r\n\tmso-ignore:padding;\r\n\tcolor:black;\r\n\tfont-size:10.0pt;\r\n\tfont-weight:400;\r\n\tfont-style:normal;\r\n\ttext-decoration:none;\r\n\tfont-family:Arial, sans-serif;\r\n\tmso-font-charset:0;\r\n\tmso-number-format:General;\r\n\ttext-align:center;\r\n\tvertical-align:bottom;\r\n\tborder:.5pt solid windowtext;\r\n\tbackground:#E1E1E1;\r\n\tmso-pattern:black none;\r\n\twhite-space:normal;}\r\n.xl661351\r\n\t{padding-top:1px;\r\n\tpadding-right:1px;\r\n\tpadding-left:1px;\r\n\tmso-ignore:padding;\r\n\tcolor:white;\r\n\tfont-size:11.0pt;\r\n\tfont-weight:700;\r\n\tfont-style:normal;\r\n\ttext-decoration:none;\r\n\tfont-family:Arial, sans-serif;\r\n\tmso-font-charset:0;\r\n\tmso-number-format:General;\r\n\ttext-align:center;\r\n\tvertical-align:bottom;\r\n\tborder:.5pt solid windowtext;\r\n\tbackground:#333333;\r\n\tmso-pattern:black none;\r\n\twhite-space:normal;}\r\n.xl671351\r\n\t{padding-top:1px;\r\n\tpadding-right:1px;\r\n\tpadding-left:1px;\r\n\tmso-ignore:padding;\r\n\tcolor:black;\r\n\tfont-size:10.0pt;\r\n\tfont-weight:400;\r\n\tfont-style:normal;\r\n\ttext-decoration:none;\r\n\tfont-family:Arial, sans-serif;\r\n\tmso-font-charset:0;\r\n\tmso-number-format:General;\r\n\ttext-align:general;\r\n\tvertical-align:bottom;\r\n\tborder:.5pt solid windowtext;\r\n\tbackground:#E1E1E1;\r\n\tmso-pattern:black none;\r\n\twhite-space:nowrap;}\r\n.xl681351\r\n\t{padding-top:1px;\r\n\tpadding-right:1px;\r\n\tpadding-left:1px;\r\n\tmso-ignore:padding;\r\n\tcolor:black;\r\n\tfont-size:11.0pt;\r\n\tfont-weight:400;\r\n\tfont-style:normal;\r\n\ttext-decoration:none;\r\n\tfont-family:Calibri, sans-serif;\r\n\tmso-font-charset:0;\r\n\tmso-number-format:General;\r\n\ttext-align:general;\r\n\tvertical-align:bottom;\r\n\tborder:.5pt solid windowtext;\r\n\tmso-background-source:auto;\r\n\tmso-pattern:auto;\r\n\twhite-space:nowrap;}\r\n.xl691351\r\n\t{padding-top:1px;\r\n\tpadding-right:1px;\r\n\tpadding-left:1px;\r\n\tmso-ignore:padding;\r\n\tcolor:black;\r\n\tfont-size:11.0pt;\r\n\tfont-weight:400;\r\n\tfont-style:normal;\r\n\ttext-decoration:none;\r\n\tfont-family:Calibri, sans-serif;\r\n\tmso-font-charset:0;\r\n\tmso-number-format:\"Short Date\";\r\n\ttext-align:general;\r\n\tvertical-align:bottom;\r\n\tborder:.5pt solid windowtext;\r\n\tmso-background-source:auto;\r\n\tmso-pattern:auto;\r\n\twhite-space:nowrap;}\r\n.xl701351\r\n\t{padding-top:1px;\r\n\tpadding-right:1px;\r\n\tpadding-left:1px;\r\n\tmso-ignore:padding;\r\n\tcolor:blue;\r\n\tfont-size:10.0pt;\r\n\tfont-weight:400;\r\n\tfont-style:normal;\r\n\ttext-decoration:underline;\r\n\ttext-underline-style:single;\r\n\tfont-family:Arial, sans-serif;\r\n\tmso-font-charset:0;\r\n\tmso-number-format:General;\r\n\ttext-align:general;\r\n\tvertical-align:bottom;\r\n\tborder:.5pt solid windowtext;\r\n\tmso-background-source:auto;\r\n\tmso-pattern:auto;\r\n\twhite-space:nowrap;}\r\n.xl711351\r\n\t{padding-top:1px;\r\n\tpadding-right:1px;\r\n\tpadding-left:1px;\r\n\tmso-ignore:padding;\r\n\tcolor:black;\r\n\tfont-size:11.0pt;\r\n\tfont-weight:400;\r\n\tfont-style:normal;\r\n\ttext-decoration:none;\r\n\tfont-family:Calibri, sans-serif;\r\n\tmso-font-charset:0;\r\n\tmso-number-format:0;\r\n\ttext-align:general;\r\n\tvertical-align:bottom;\r\n\tborder:.5pt solid windowtext;\r\n\tmso-background-source:auto;\r\n\tmso-pattern:auto;\r\n\twhite-space:nowrap;}\r\n-->\r\n<\/style>\r\n<\/head>\r\n\r\n<body>\r\n<!--[if !excel]>&nbsp;&nbsp;<![endif]-->\r\n<!--La siguiente informaci\u00f3n se gener\u00f3 mediante el Asistente para publicar como\r\np\u00e1gina web de Microsoft Excel.-->\r\n<!--Si se vuelve a publicar el mismo elemento desde Excel, se reemplazar\u00e1 toda\r\nla informaci\u00f3n comprendida entre las etiquetas DIV.-->\r\n<!----------------------------->\r\n<!--INICIO DE LOS RESULTADOS DEL ASISTENTE PARA PUBLICAR COMO P\u00c1GINA WEB DE\r\nEXCEL -->\r\n<!----------------------------->\r\n\r\n<div id=\"a69_f20_1351\" align=center x:publishsource=\"Excel\">\r\n\r\n<table border=0 cellpadding=0 cellspacing=0 width=10296 style='border-collapse:\r\n collapse;table-layout:fixed;width:7725pt'>\r\n <col width=56 style='mso-width-source:userset;mso-width-alt:2048;width:42pt'>\r\n <col width=255 style='mso-width-source:userset;mso-width-alt:9325;width:191pt'>\r\n <col width=270 style='mso-width-source:userset;mso-width-alt:9874;width:203pt'>\r\n <col width=159 style='mso-width-source:userset;mso-width-alt:5814;width:119pt'>\r\n <col width=229 style='mso-width-source:userset;mso-width-alt:8374;width:172pt'>\r\n <col width=215 style='mso-width-source:userset;mso-width-alt:7862;width:161pt'>\r\n <col width=135 style='mso-width-source:userset;mso-width-alt:4937;width:101pt'>\r\n <col width=656 style='mso-width-source:userset;mso-width-alt:23990;width:492pt'>\r\n <col width=1054 style='mso-width-source:userset;mso-width-alt:38546;\r\n width:791pt'>\r\n <col width=656 style='mso-width-source:userset;mso-width-alt:23990;width:492pt'>\r\n <col width=304 style='mso-width-source:userset;mso-width-alt:11117;width:228pt'>\r\n <col width=228 style='mso-width-source:userset;mso-width-alt:8338;width:171pt'>\r\n <col width=373 style='mso-width-source:userset;mso-width-alt:13641;width:280pt'>\r\n <col width=273 style='mso-width-source:userset;mso-width-alt:9984;width:205pt'>\r\n <col width=550 style='mso-width-source:userset;mso-width-alt:20114;width:413pt'>\r\n <col width=322 style='mso-width-source:userset;mso-width-alt:11776;width:242pt'>\r\n <col width=1383 style='mso-width-source:userset;mso-width-alt:50578;\r\n width:1037pt'>\r\n <col width=130 style='mso-width-source:userset;mso-width-alt:4754;width:98pt'>\r\n <col width=322 style='mso-width-source:userset;mso-width-alt:11776;width:242pt'>\r\n <col width=437 style='mso-width-source:userset;mso-width-alt:15981;width:328pt'>\r\n <col width=656 span=2 style='mso-width-source:userset;mso-width-alt:23990;\r\n width:492pt'>\r\n <col width=512 style='mso-width-source:userset;mso-width-alt:18724;width:384pt'>\r\n <col width=123 style='mso-width-source:userset;mso-width-alt:4498;width:92pt'>\r\n <col width=140 style='mso-width-source:userset;mso-width-alt:5120;width:105pt'>\r\n <col width=202 style='mso-width-source:userset;mso-width-alt:7387;width:152pt'>\r\n <tr height=0 style='display:none'>\r\n  <td class=xl151351 width=56 style='width:42pt'>44251<\/td>\r\n  <td class=xl151351 width=255 style='width:191pt'><\/td>\r\n  <td class=xl151351 width=270 style='width:203pt'><\/td>\r\n  <td class=xl151351 width=159 style='width:119pt'><\/td>\r\n  <td class=xl151351 width=229 style='width:172pt'><\/td>\r\n  <td class=xl151351 width=215 style='width:161pt'><\/td>\r\n  <td class=xl151351 width=135 style='width:101pt'><\/td>\r\n  <td class=xl151351 width=656 style='width:492pt'><\/td>\r\n  <td class=xl151351 width=1054 style='width:791pt'><\/td>\r\n  <td class=xl151351 width=656 style='width:492pt'><\/td>\r\n  <td class=xl151351 width=304 style='width:228pt'><\/td>\r\n  <td class=xl151351 width=228 style='width:171pt'><\/td>\r\n  <td class=xl151351 width=373 style='width:280pt'><\/td>\r\n  <td class=xl151351 width=273 style='width:205pt'><\/td>\r\n  <td class=xl151351 width=550 style='width:413pt'><\/td>\r\n  <td class=xl151351 width=322 style='width:242pt'><\/td>\r\n  <td class=xl151351 width=1383 style='width:1037pt'><\/td>\r\n  <td class=xl151351 width=130 style='width:98pt'><\/td>\r\n  <td class=xl151351 width=322 style='width:242pt'><\/td>\r\n  <td class=xl151351 width=437 style='width:328pt'><\/td>\r\n  <td class=xl151351 width=656 style='width:492pt'><\/td>\r\n  <td class=xl151351 width=656 style='width:492pt'><\/td>\r\n  <td class=xl151351 width=512 style='width:384pt'><\/td>\r\n  <td class=xl151351 width=123 style='width:92pt'><\/td>\r\n  <td class=xl151351 width=140 style='width:105pt'><\/td>\r\n  <td class=xl151351 width=202 style='width:152pt'><\/td>\r\n <\/tr>\r\n <tr height=20 style='height:15.0pt'>\r\n  <td colspan=3 height=20 class=xl661351 width=581 style='height:15.0pt;\r\n  width:436pt'>T\u00cdTULO<\/td>\r\n  <td colspan=3 class=xl661351 width=603 style='width:452pt'>NOMBRE CORTO<\/td>\r\n  <td colspan=3 class=xl661351 width=1845 style='width:1384pt'>DESCRIPCI\u00d3N<\/td>\r\n  <td class=xl151351><\/td>\r\n  <td class=xl151351><\/td>\r\n  <td class=xl151351><\/td>\r\n  <td class=xl151351><\/td>\r\n  <td class=xl151351><\/td>\r\n  <td class=xl151351><\/td>\r\n  <td class=xl151351><\/td>\r\n  <td class=xl151351><\/td>\r\n  <td class=xl151351><\/td>\r\n  <td class=xl151351><\/td>\r\n  <td class=xl151351><\/td>\r\n  <td class=xl151351><\/td>\r\n  <td class=xl151351><\/td>\r\n  <td class=xl151351><\/td>\r\n  <td class=xl151351><\/td>\r\n  <td class=xl151351><\/td>\r\n  <td class=xl151351><\/td>\r\n <\/tr>\r\n <tr height=20 style='height:15.0pt'>\r\n  <td colspan=3 height=20 class=xl671351 style='height:15.0pt'>Tr\u00e1mites\r\n  ofrecidos<\/td>\r\n  <td colspan=3 class=xl671351>a69_f20<\/td>\r\n  <td colspan=3 class=xl671351>La informaci\u00f3n relacionada con las tareas\r\n  administrativas que realizan los sujetos obligados en sus diferentes \u00e1mbitos\r\n  con el objeto de atender las peticiones que realicen los particulares ya sea\r\n  para la obtenci\u00f3n de un beneficio, o cumplir con alguna obligaci\u00f3n ante una\r\n  autoridad, de conformidad con la normatividad respecto de los tr\u00e1mites que\r\n  realizan. Generalmente \u00e9stos implican la entrega de informaci\u00f3n ante una\r\n  autoridad por parte de los particulares.<\/td>\r\n  <td class=xl151351><\/td>\r\n  <td class=xl151351><\/td>\r\n  <td class=xl151351><\/td>\r\n  <td class=xl151351><\/td>\r\n  <td class=xl151351><\/td>\r\n  <td class=xl151351><\/td>\r\n  <td class=xl151351><\/td>\r\n  <td class=xl151351><\/td>\r\n  <td class=xl151351><\/td>\r\n  <td class=xl151351><\/td>\r\n  <td class=xl151351><\/td>\r\n  <td class=xl151351><\/td>\r\n  <td class=xl151351><\/td>\r\n  <td class=xl151351><\/td>\r\n  <td class=xl151351><\/td>\r\n  <td class=xl151351><\/td>\r\n  <td class=xl151351><\/td>\r\n <\/tr>\r\n <tr height=0 style='display:none'>\r\n  <td class=xl151351>1<\/td>\r\n  <td class=xl151351>4<\/td>\r\n  <td class=xl151351>4<\/td>\r\n  <td class=xl151351>2<\/td>\r\n  <td class=xl151351>2<\/td>\r\n  <td class=xl151351>2<\/td>\r\n  <td class=xl151351>1<\/td>\r\n  <td class=xl151351>7<\/td>\r\n  <td class=xl151351>2<\/td>\r\n  <td class=xl151351>7<\/td>\r\n  <td class=xl151351>1<\/td>\r\n  <td class=xl151351>1<\/td>\r\n  <td class=xl151351>10<\/td>\r\n  <td class=xl151351>6<\/td>\r\n  <td class=xl151351>2<\/td>\r\n  <td class=xl151351>10<\/td>\r\n  <td class=xl151351>2<\/td>\r\n  <td class=xl151351>2<\/td>\r\n  <td class=xl151351>10<\/td>\r\n  <td class=xl151351>2<\/td>\r\n  <td class=xl151351>7<\/td>\r\n  <td class=xl151351>7<\/td>\r\n  <td class=xl151351>2<\/td>\r\n  <td class=xl151351>4<\/td>\r\n  <td class=xl151351>13<\/td>\r\n  <td class=xl151351>14<\/td>\r\n <\/tr>\r\n <tr height=0 style='display:none'>\r\n  <td class=xl151351>350731<\/td>\r\n  <td class=xl151351>350733<\/td>\r\n  <td class=xl151351>350732<\/td>\r\n  <td class=xl151351>350716<\/td>\r\n  <td class=xl151351>350744<\/td>\r\n  <td class=xl151351>350717<\/td>\r\n  <td class=xl151351>350715<\/td>\r\n  <td class=xl151351>350734<\/td>\r\n  <td class=xl151351>350745<\/td>\r\n  <td class=xl151351>350738<\/td>\r\n  <td class=xl151351>350735<\/td>\r\n  <td class=xl151351>350714<\/td>\r\n  <td class=xl151351>350724<\/td>\r\n  <td class=xl151351>350721<\/td>\r\n  <td class=xl151351>350719<\/td>\r\n  <td class=xl151351>350726<\/td>\r\n  <td class=xl151351>350718<\/td>\r\n  <td class=xl151351>350741<\/td>\r\n  <td class=xl151351>350725<\/td>\r\n  <td class=xl151351>350743<\/td>\r\n  <td class=xl151351>350722<\/td>\r\n  <td class=xl151351>350723<\/td>\r\n  <td class=xl151351>350737<\/td>\r\n  <td class=xl151351>350720<\/td>\r\n  <td class=xl151351>350730<\/td>\r\n  <td class=xl151351>350736<\/td>\r\n <\/tr>\r\n <tr height=20 style='height:15.0pt'>\r\n  <td colspan=26 height=20 class=xl661351 width=10296 style='height:15.0pt;\r\n  width:7725pt'>Tabla Campos<\/td>\r\n <\/tr>\r\n <tr height=35 style='height:26.25pt'>\r\n  <td height=35 class=xl651351 width=56 style='height:26.25pt;width:42pt'>Ejercicio<\/td>\r\n  <td class=xl651351 width=255 style='border-left:none;width:191pt'>Fecha de\r\n  inicio del periodo que se informa<\/td>\r\n  <td class=xl651351 width=270 style='border-left:none;width:203pt'>Fecha de\r\n  t\u00e9rmino del periodo que se informa<\/td>\r\n  <td class=xl651351 width=159 style='border-left:none;width:119pt'>Denominaci\u00f3n\r\n  del tr\u00e1mite<\/td>\r\n  <td class=xl651351 width=229 style='border-left:none;width:172pt'>Tipo de\r\n  usuario y\/o poblaci\u00f3n objetivo<\/td>\r\n  <td class=xl651351 width=215 style='border-left:none;width:161pt'>Descripci\u00f3n\r\n  del objetivo del tr\u00e1mite<\/td>\r\n  <td class=xl651351 width=135 style='border-left:none;width:101pt'>Modalidad\r\n  del tr\u00e1mite<\/td>\r\n  <td class=xl651351 width=656 style='border-left:none;width:492pt'>Hiperv\u00ednculo\r\n  a los requisitos para llevar a cabo el tr\u00e1mite<\/td>\r\n  <td class=xl651351 width=1054 style='border-left:none;width:791pt'>Documentos\r\n  requeridos<\/td>\r\n  <td class=xl651351 width=656 style='border-left:none;width:492pt'>Hiperv\u00ednculo\r\n  al\/los formatos respectivos<\/td>\r\n  <td class=xl651351 width=304 style='border-left:none;width:228pt'>Tiempo de\r\n  respuesta por parte del sujeto Obligado<\/td>\r\n  <td class=xl651351 width=228 style='border-left:none;width:171pt'>Vigencia de\r\n  los resultados del tr\u00e1mite<\/td>\r\n  <td class=xl651351 width=373 style='border-left:none;width:280pt'>\u00c1rea y\r\n  datos de contacto del lugar donde se realiza el tr\u00e1mite <br>\r\n    Tabla_350724<\/td>\r\n  <td class=xl651351 width=273 style='border-left:none;width:205pt'>Costo, en\r\n  su caso, especificar que es gratuito<\/td>\r\n  <td class=xl651351 width=550 style='border-left:none;width:413pt'>Sustento\r\n  legal para su cobro<\/td>\r\n  <td class=xl651351 width=322 style='border-left:none;width:242pt'>Lugares\r\n  donde se efect\u00faa el pago <br>\r\n    Tabla_350726<\/td>\r\n  <td class=xl651351 width=1383 style='border-left:none;width:1037pt'>Fundamento\r\n  jur\u00eddico-administrativo del tr\u00e1mite<\/td>\r\n  <td class=xl651351 width=130 style='border-left:none;width:98pt'>Derechos del\r\n  usuario<\/td>\r\n  <td class=xl651351 width=322 style='border-left:none;width:242pt'>Lugares\r\n  para reportar presuntas anomal\u00edas <br>\r\n    Tabla_350725<\/td>\r\n  <td class=xl651351 width=437 style='border-left:none;width:328pt'>Otros\r\n  datos, en su caso, para el env\u00edo de consultas, documentos y quejas<\/td>\r\n  <td class=xl651351 width=656 style='border-left:none;width:492pt'>Hiperv\u00ednculo\r\n  informaci\u00f3n adicional del tr\u00e1mite<\/td>\r\n  <td class=xl651351 width=656 style='border-left:none;width:492pt'>Hiperv\u00ednculo\r\n  al sistema correspondiente<\/td>\r\n  <td class=xl651351 width=512 style='border-left:none;width:384pt'>\u00c1rea(s)\r\n  responsable(s) que genera(n), posee(n), publica(n) y actualizan la\r\n  informaci\u00f3n<\/td>\r\n  <td class=xl651351 width=123 style='border-left:none;width:92pt'>Fecha de\r\n  validaci\u00f3n<\/td>\r\n  <td class=xl651351 width=140 style='border-left:none;width:105pt'>Fecha de\r\n  actualizaci\u00f3n<\/td>\r\n  <td class=xl651351 width=202 style='border-left:none;width:152pt'>Nota<\/td>\r\n <\/tr>\r\n <tr height=20 style='height:15.0pt'>\r\n  <td height=20 class=xl681351 align=right style='height:15.0pt;border-top:\r\n  none'>2019<\/td>\r\n  <td class=xl691351 align=right style='border-top:none;border-left:none'>01\/07\/2019<\/td>\r\n  <td class=xl691351 align=right style='border-top:none;border-left:none'>30\/09\/2019<\/td>\r\n  <td class=xl681351 style='border-top:none;border-left:none'>Placa de\r\n  funcionamiento<\/td>\r\n  <td class=xl681351 style='border-top:none;border-left:none'>Poblacion en\r\n  general<\/td>\r\n  <td class=xl681351 style='border-top:none;border-left:none'>Obtencion de su\r\n  Licencia de funcio<span style='display:none'>namiento de su negociacion\r\n  mercantil.<\/span><\/td>\r\n  <td class=xl681351 style='border-top:none;border-left:none'>presencial<span\r\n  style='mso-spacerun:yes'>\u00a0<\/span><\/td>\r\n  <td class=xl701351 style='border-top:none;border-left:none'><a\r\n  href=\"https:\/\/www.apan.gob.mx\/descargables\/transparencia\/articulo69\/fraccion20\/2019_3\/reglamentos\/FrXXa1_1.pdf\">https:\/\/www.apan.gob.mx\/descargables\/transparencia\/articulo69\/fraccion20\/2019_3\/reglamentos\/FrXXa1_1.pdf<\/a><\/td>\r\n  <td class=xl681351 style='border-top:none;border-left:none'>Copia de INE,\r\n  Copia de Comprobante de domicilio, Dictamen de Factibilidad de protecccion\r\n  civil,( si es elaboracion de alimentos )Constancia de manejo de alimentos.<\/td>\r\n  <td class=xl701351 style='border-top:none;border-left:none'><a\r\n  href=\"https:\/\/www.apan.gob.mx\/descargables\/transparencia\/articulo69\/fraccion20\/2019_3\/reglamentos\/FrXXa1_2.pdf\">https:\/\/www.apan.gob.mx\/descargables\/transparencia\/articulo69\/fraccion20\/2019_3\/reglamentos\/FrXXa1_2.pdf<\/a><\/td>\r\n  <td class=xl681351 style='border-top:none;border-left:none'>15 dias\r\n  h\u00e1biles<span style='mso-spacerun:yes'>\u00a0<\/span><\/td>\r\n  <td class=xl681351 style='border-top:none;border-left:none'>1 a\u00f1o<\/td>\r\n  <td class=xl681351 align=right style='border-top:none;border-left:none'>1<\/td>\r\n  <td class=xl711351 align=right style='border-top:none;border-left:none'>133996<\/td>\r\n  <td class=xl681351 style='border-top:none;border-left:none'>Ley de Ingresos\r\n  para el ejercicio fiscal<span style='mso-spacerun:yes'>\u00a0 <\/span>2018. (La ley\r\n  de Ingresos 2019 no fue aprobada).<\/td>\r\n  <td class=xl681351 align=right style='border-top:none;border-left:none'>1<\/td>\r\n  <td class=xl681351 style='border-top:none;border-left:none'>Art 166, 167,\r\n  168, 169, 170, 171, 172, 173, 174, 178, 179, 184 y 185 del Bando Municipal y\r\n  art. 18, 20<span style='mso-spacerun:yes'>\u00a0 <\/span>de la Ley de Ingresos para\r\n  el Municipio de Apan Hidalgo del ejercicio fiscal 2018, (La ley de Ingresos\r\n  2019 no fue aprobada)<\/td>\r\n  <td class=xl681351 style='border-top:none;border-left:none'>Quejas y\r\n  sugerencias<\/td>\r\n  <td class=xl681351 align=right style='border-top:none;border-left:none'>1<\/td>\r\n  <td class=xl681351 style='border-top:none;border-left:none'>Contralor\u00eda\r\n  Municipal<\/td>\r\n  <td class=xl701351 style='border-top:none;border-left:none'><a\r\n  href=\"https:\/\/www.apan.gob.mx\/descargables\/transparencia\/articulo69\/fraccion20\/2019_3\/reglamentos\/FrXXa1_3.pdf\">https:\/\/www.apan.gob.mx\/descargables\/transparencia\/articulo69\/fraccion20\/2019_3\/reglamentos\/FrXXa1_3.pdf<\/a><\/td>\r\n  <td class=xl701351 style='border-top:none;border-left:none'><a\r\n  href=\"https:\/\/www.apan.gob.mx\/descargables\/transparencia\/articulo69\/fraccion20\/2019_3\/reglamentos\/FrXXa1_4.pdf\">https:\/\/www.apan.gob.mx\/descargables\/transparencia\/articulo69\/fraccion20\/2019_3\/reglamentos\/FrXXa1_4.pdf<\/a><\/td>\r\n  <td class=xl681351 style='border-top:none;border-left:none'>Coordinacion de\r\n  reglamentos municipales<\/td>\r\n  <td class=xl691351 align=right style='border-top:none;border-left:none'>02\/10\/2019<\/td>\r\n  <td class=xl691351 align=right style='border-top:none;border-left:none'>02\/10\/2019<\/td>\r\n  <td class=xl681351 style='border-top:none;border-left:none'>precio variable\r\n  conforme a giro<\/td>\r\n <\/tr>\r\n <![if supportMisalignedColumns]>\r\n <tr height=0 style='display:none'>\r\n  <td width=56 style='width:42pt'><\/td>\r\n  <td width=255 style='width:191pt'><\/td>\r\n  <td width=270 style='width:203pt'><\/td>\r\n  <td width=159 style='width:119pt'><\/td>\r\n  <td width=229 style='width:172pt'><\/td>\r\n  <td width=215 style='width:161pt'><\/td>\r\n  <td width=135 style='width:101pt'><\/td>\r\n  <td width=656 style='width:492pt'><\/td>\r\n  <td width=1054 style='width:791pt'><\/td>\r\n  <td width=656 style='width:492pt'><\/td>\r\n  <td width=304 style='width:228pt'><\/td>\r\n  <td width=228 style='width:171pt'><\/td>\r\n  <td width=373 style='width:280pt'><\/td>\r\n  <td width=273 style='width:205pt'><\/td>\r\n  <td width=550 style='width:413pt'><\/td>\r\n  <td width=322 style='width:242pt'><\/td>\r\n  <td width=1383 style='width:1037pt'><\/td>\r\n  <td width=130 style='width:98pt'><\/td>\r\n  <td width=322 style='width:242pt'><\/td>\r\n  <td width=437 style='width:328pt'><\/td>\r\n  <td width=656 style='width:492pt'><\/td>\r\n  <td width=656 style='width:492pt'><\/td>\r\n  <td width=512 style='width:384pt'><\/td>\r\n  <td width=123 style='width:92pt'><\/td>\r\n  <td width=140 style='width:105pt'><\/td>\r\n  <td width=202 style='width:152pt'><\/td>\r\n <\/tr>\r\n <![endif]>\r\n<\/table>\r\n\r\n<\/div>\r\n\r\n\r\n<!----------------------------->\r\n<!--FINAL DE LOS RESULTADOS DEL ASISTENTE PARA PUBLICAR COMO P\u00c1GINA WEB DE\r\nEXCEL-->\r\n<!----------------------------->\r\n<\/body>\r\n\r\n<\/html>\r\n\t\t<\/div>\n\t\t\t\t<\/div>\n\t\t\t\t\t\t<\/div>\n\t\t\t\t\t<\/div>\n\t\t<\/div>\n\t\t\t\t\t\t\t\t<\/div>\n\t\t\t\t\t<\/div>\n\t\t<\/section>\n\t\t\t\t\t\t\t\t\t<\/div>\n\t\t\t<\/div>\n\t\t\t\t\t<\/div>\n\t\t","protected":false},"excerpt":{"rendered":"<p>Fracci\u00f3n XX 44251 T\u00cdTULO NOMBRE CORTO DESCRIPCI\u00d3N Tr\u00e1mites ofrecidos a69_f20 La informaci\u00f3n relacionada con las tareas administrativas que realizan los sujetos obligados en sus diferentes \u00e1mbitos con el objeto de atender las peticiones que realicen los particulares ya sea para la obtenci\u00f3n de un beneficio, o cumplir con alguna obligaci\u00f3n ante una autoridad, de conformidad [&hellip;]<\/p>\n","protected":false},"author":1,"featured_media":0,"parent":6796,"menu_order":0,"comment_status":"closed","ping_status":"closed","template":"page-template-full.php","meta":[],"jetpack_sharing_enabled":true,"_links":{"self":[{"href":"https:\/\/apan.gob.mx\/portal\/wp-json\/wp\/v2\/pages\/6899"}],"collection":[{"href":"https:\/\/apan.gob.mx\/portal\/wp-json\/wp\/v2\/pages"}],"about":[{"href":"https:\/\/apan.gob.mx\/portal\/wp-json\/wp\/v2\/types\/page"}],"author":[{"embeddable":true,"href":"https:\/\/apan.gob.mx\/portal\/wp-json\/wp\/v2\/users\/1"}],"replies":[{"embeddable":true,"href":"https:\/\/apan.gob.mx\/portal\/wp-json\/wp\/v2\/comments?post=6899"}],"version-history":[{"count":2,"href":"https:\/\/apan.gob.mx\/portal\/wp-json\/wp\/v2\/pages\/6899\/revisions"}],"predecessor-version":[{"id":6901,"href":"https:\/\/apan.gob.mx\/portal\/wp-json\/wp\/v2\/pages\/6899\/revisions\/6901"}],"up":[{"embeddable":true,"href":"https:\/\/apan.gob.mx\/portal\/wp-json\/wp\/v2\/pages\/6796"}],"wp:attachment":[{"href":"https:\/\/apan.gob.mx\/portal\/wp-json\/wp\/v2\/media?parent=6899"}],"curies":[{"name":"wp","href":"https:\/\/api.w.org\/{rel}","templated":true}]}}