{"id":7217,"date":"2019-10-16T15:12:50","date_gmt":"2019-10-16T20:12:50","guid":{"rendered":"https:\/\/apan.gob.mx\/portal\/?page_id=7217"},"modified":"2019-10-17T15:04:40","modified_gmt":"2019-10-17T20:04:40","slug":"7217-2","status":"publish","type":"page","link":"https:\/\/apan.gob.mx\/portal\/3-trimestre-2019\/7217-2\/","title":{"rendered":"<!--tesoreria-31-2019-3-->"},"content":{"rendered":"\t\t<div data-elementor-type=\"wp-page\" data-elementor-id=\"7217\" class=\"elementor elementor-7217 elementor-bc-flex-widget\">\n\t\t\t\t\t\t<div class=\"elementor-inner\">\n\t\t\t\t<div class=\"elementor-section-wrap\">\n\t\t\t\t\t\t\t\t\t<section class=\"has_ae_slider elementor-section elementor-top-section elementor-element elementor-element-rfjpges elementor-section-boxed elementor-section-height-default elementor-section-height-default ae-bg-gallery-type-default\" data-id=\"rfjpges\" data-element_type=\"section\">\n\t\t\t\t\t\t<div class=\"elementor-container elementor-column-gap-default\">\n\t\t\t\t\t\t\t<div class=\"elementor-row\">\n\t\t\t\t\t<div class=\"has_ae_slider elementor-column elementor-col-100 elementor-top-column elementor-element elementor-element-shovcnc ae-bg-gallery-type-default\" data-id=\"shovcnc\" data-element_type=\"column\">\n\t\t\t<div class=\"elementor-column-wrap elementor-element-populated\">\n\t\t\t\t\t\t\t<div class=\"elementor-widget-wrap\">\n\t\t\t\t\t\t<div class=\"elementor-element elementor-element-xygqfnh elementor-widget elementor-widget-heading\" data-id=\"xygqfnh\" data-element_type=\"widget\" data-widget_type=\"heading.default\">\n\t\t\t\t<div class=\"elementor-widget-container\">\n\t\t\t<h2 class=\"elementor-heading-title elementor-size-medium\">Fracci\u00f3n XXXI b<\/h2>\t\t<\/div>\n\t\t\t\t<\/div>\n\t\t\t\t<div class=\"elementor-element elementor-element-yhlxpwu elementor-widget elementor-widget-html\" data-id=\"yhlxpwu\" data-element_type=\"widget\" data-widget_type=\"html.default\">\n\t\t\t\t<div class=\"elementor-widget-container\">\n\t\t\t<html xmlns:o=\"urn:schemas-microsoft-com:office:office\"\r\nxmlns:x=\"urn:schemas-microsoft-com:office:excel\"\r\nxmlns=\"http:\/\/www.w3.org\/TR\/REC-html40\">\r\n\r\n<head>\r\n<meta http-equiv=Content-Type content=\"text\/html; charset=windows-1252\">\r\n<meta name=ProgId content=Excel.Sheet>\r\n<meta name=Generator content=\"Microsoft Excel 15\">\r\n<link rel=File-List href=\"a69_f31_b%20T3%202019_archivos\/filelist.xml\">\r\n<style id=\"a69_f31_b T1 2019_29531_Styles\">\r\n<!--table\r\n\t{mso-displayed-decimal-separator:\"\\.\";\r\n\tmso-displayed-thousand-separator:\"\\,\";}\r\n.xl1529531\r\n\t{padding-top:1px;\r\n\tpadding-right:1px;\r\n\tpadding-left:1px;\r\n\tmso-ignore:padding;\r\n\tcolor:black;\r\n\tfont-size:11.0pt;\r\n\tfont-weight:400;\r\n\tfont-style:normal;\r\n\ttext-decoration:none;\r\n\tfont-family:Calibri, sans-serif;\r\n\tmso-font-charset:0;\r\n\tmso-number-format:General;\r\n\ttext-align:general;\r\n\tvertical-align:bottom;\r\n\tmso-background-source:auto;\r\n\tmso-pattern:auto;\r\n\twhite-space:nowrap;}\r\n.xl6529531\r\n\t{padding-top:1px;\r\n\tpadding-right:1px;\r\n\tpadding-left:1px;\r\n\tmso-ignore:padding;\r\n\tcolor:black;\r\n\tfont-size:10.0pt;\r\n\tfont-weight:400;\r\n\tfont-style:normal;\r\n\ttext-decoration:none;\r\n\tfont-family:Arial;\r\n\tmso-generic-font-family:auto;\r\n\tmso-font-charset:0;\r\n\tmso-number-format:General;\r\n\ttext-align:center;\r\n\tvertical-align:bottom;\r\n\tborder:.5pt solid windowtext;\r\n\tbackground:#E1E1E1;\r\n\tmso-pattern:black none;\r\n\twhite-space:normal;}\r\n.xl6629531\r\n\t{padding-top:1px;\r\n\tpadding-right:1px;\r\n\tpadding-left:1px;\r\n\tmso-ignore:padding;\r\n\tcolor:black;\r\n\tfont-size:11.0pt;\r\n\tfont-weight:400;\r\n\tfont-style:normal;\r\n\ttext-decoration:none;\r\n\tfont-family:Calibri, sans-serif;\r\n\tmso-font-charset:0;\r\n\tmso-number-format:General;\r\n\ttext-align:general;\r\n\tvertical-align:bottom;\r\n\tborder:.5pt solid windowtext;\r\n\tmso-background-source:auto;\r\n\tmso-pattern:auto;\r\n\twhite-space:nowrap;}\r\n.xl6729531\r\n\t{padding-top:1px;\r\n\tpadding-right:1px;\r\n\tpadding-left:1px;\r\n\tmso-ignore:padding;\r\n\tcolor:black;\r\n\tfont-size:11.0pt;\r\n\tfont-weight:400;\r\n\tfont-style:normal;\r\n\ttext-decoration:none;\r\n\tfont-family:Calibri, sans-serif;\r\n\tmso-font-charset:0;\r\n\tmso-number-format:\"Short Date\";\r\n\ttext-align:general;\r\n\tvertical-align:bottom;\r\n\tborder:.5pt solid windowtext;\r\n\tmso-background-source:auto;\r\n\tmso-pattern:auto;\r\n\twhite-space:nowrap;}\r\n.xl6829531\r\n\t{padding-top:1px;\r\n\tpadding-right:1px;\r\n\tpadding-left:1px;\r\n\tmso-ignore:padding;\r\n\tcolor:#0563C1;\r\n\tfont-size:11.0pt;\r\n\tfont-weight:400;\r\n\tfont-style:normal;\r\n\ttext-decoration:underline;\r\n\ttext-underline-style:single;\r\n\tfont-family:Calibri, sans-serif;\r\n\tmso-font-charset:0;\r\n\tmso-number-format:General;\r\n\ttext-align:general;\r\n\tvertical-align:bottom;\r\n\tborder:.5pt solid windowtext;\r\n\tmso-background-source:auto;\r\n\tmso-pattern:auto;\r\n\twhite-space:nowrap;}\r\n.xl6929531\r\n\t{padding-top:1px;\r\n\tpadding-right:1px;\r\n\tpadding-left:1px;\r\n\tmso-ignore:padding;\r\n\tcolor:white;\r\n\tfont-size:11.0pt;\r\n\tfont-weight:700;\r\n\tfont-style:normal;\r\n\ttext-decoration:none;\r\n\tfont-family:Arial;\r\n\tmso-generic-font-family:auto;\r\n\tmso-font-charset:0;\r\n\tmso-number-format:General;\r\n\ttext-align:center;\r\n\tvertical-align:bottom;\r\n\tborder:.5pt solid windowtext;\r\n\tbackground:#333333;\r\n\tmso-pattern:black none;\r\n\twhite-space:nowrap;}\r\n.xl7029531\r\n\t{padding-top:1px;\r\n\tpadding-right:1px;\r\n\tpadding-left:1px;\r\n\tmso-ignore:padding;\r\n\tcolor:black;\r\n\tfont-size:10.0pt;\r\n\tfont-weight:400;\r\n\tfont-style:normal;\r\n\ttext-decoration:none;\r\n\tfont-family:Arial;\r\n\tmso-generic-font-family:auto;\r\n\tmso-font-charset:0;\r\n\tmso-number-format:General;\r\n\ttext-align:general;\r\n\tvertical-align:bottom;\r\n\tborder:.5pt solid windowtext;\r\n\tbackground:#E1E1E1;\r\n\tmso-pattern:black none;\r\n\twhite-space:nowrap;}\r\n-->\r\n<\/style>\r\n<\/head>\r\n\r\n<body>\r\n<!--[if !excel]>&nbsp;&nbsp;<![endif]-->\r\n<!--La siguiente informaci\u00f3n se gener\u00f3 mediante el Asistente para publicar como\r\np\u00e1gina web de Microsoft Excel.-->\r\n<!--Si se vuelve a publicar el mismo elemento desde Excel, se reemplazar\u00e1 toda\r\nla informaci\u00f3n comprendida entre las etiquetas DIV.-->\r\n<!----------------------------->\r\n<!--INICIO DE LOS RESULTADOS DEL ASISTENTE PARA PUBLICAR COMO P\u00c1GINA WEB DE\r\nEXCEL -->\r\n<!----------------------------->\r\n\r\n<div id=\"a69_f31_b T1 2019_29531\" align=center x:publishsource=\"Excel\">\r\n\r\n<table border=0 cellpadding=0 cellspacing=0 width=2898 style='border-collapse:\r\n collapse;table-layout:fixed;width:2174pt'>\r\n <col width=56 style='mso-width-source:userset;mso-width-alt:2048;width:42pt'>\r\n <col width=215 span=2 style='mso-width-source:userset;mso-width-alt:7862;\r\n width:161pt'>\r\n <col width=244 style='mso-width-source:userset;mso-width-alt:8923;width:183pt'>\r\n <col width=637 style='mso-width-source:userset;mso-width-alt:23296;width:478pt'>\r\n <col width=421 style='mso-width-source:userset;mso-width-alt:15396;width:316pt'>\r\n <col width=422 style='mso-width-source:userset;mso-width-alt:15433;width:317pt'>\r\n <col width=369 style='mso-width-source:userset;mso-width-alt:13494;width:277pt'>\r\n <col width=123 style='mso-width-source:userset;mso-width-alt:4498;width:92pt'>\r\n <col width=140 style='mso-width-source:userset;mso-width-alt:5120;width:105pt'>\r\n <col width=56 style='mso-width-source:userset;mso-width-alt:2048;width:42pt'>\r\n <tr height=0 style='display:none'>\r\n  <td class=xl1529531 width=56 style='width:42pt'>46637<\/td>\r\n  <td class=xl1529531 width=215 style='width:161pt'><\/td>\r\n  <td class=xl1529531 width=215 style='width:161pt'><\/td>\r\n  <td class=xl1529531 width=244 style='width:183pt'><\/td>\r\n  <td class=xl1529531 width=637 style='width:478pt'><\/td>\r\n  <td class=xl1529531 width=421 style='width:316pt'><\/td>\r\n  <td class=xl1529531 width=422 style='width:317pt'><\/td>\r\n  <td class=xl1529531 width=369 style='width:277pt'><\/td>\r\n  <td class=xl1529531 width=123 style='width:92pt'><\/td>\r\n  <td class=xl1529531 width=140 style='width:105pt'><\/td>\r\n  <td class=xl1529531 width=56 style='width:42pt'><\/td>\r\n <\/tr>\r\n <tr height=20 style='height:15.0pt'>\r\n  <td colspan=3 height=20 class=xl6929531 style='height:15.0pt'>T\u00cdTULO<\/td>\r\n  <td colspan=3 class=xl6929531>NOMBRE CORTO<\/td>\r\n  <td colspan=3 class=xl6929531>DESCRIPCI\u00d3N<\/td>\r\n  <td class=xl1529531><\/td>\r\n  <td class=xl1529531><\/td>\r\n <\/tr>\r\n <tr height=20 style='height:15.0pt'>\r\n  <td colspan=3 height=20 class=xl7029531 style='height:15.0pt'>Informe\r\n  financiero_Informes financieros contables, presupuestales y program\u00e1ticos<\/td>\r\n  <td colspan=3 class=xl7029531>a69_f31_b<\/td>\r\n  <td colspan=3 class=xl7029531>Los sujetos obligados deben publicar y\r\n  actualizar los documentos financieros contables, presupuestales y\r\n  program\u00e1ticos, que le sean aplicables en cumplimiento de la Ley General de\r\n  Contabilidad Gubernamental y dem\u00e1s normatividad aplicable.<\/td>\r\n  <td class=xl1529531><\/td>\r\n  <td class=xl1529531><\/td>\r\n <\/tr>\r\n <tr height=0 style='display:none'>\r\n  <td class=xl1529531>1<\/td>\r\n  <td class=xl1529531>4<\/td>\r\n  <td class=xl1529531>4<\/td>\r\n  <td class=xl1529531>9<\/td>\r\n  <td class=xl1529531>1<\/td>\r\n  <td class=xl1529531>7<\/td>\r\n  <td class=xl1529531>7<\/td>\r\n  <td class=xl1529531>2<\/td>\r\n  <td class=xl1529531>4<\/td>\r\n  <td class=xl1529531>13<\/td>\r\n  <td class=xl1529531>14<\/td>\r\n <\/tr>\r\n <tr height=0 style='display:none'>\r\n  <td class=xl1529531>394833<\/td>\r\n  <td class=xl1529531>394832<\/td>\r\n  <td class=xl1529531>394824<\/td>\r\n  <td class=xl1529531>394834<\/td>\r\n  <td class=xl1529531>394828<\/td>\r\n  <td class=xl1529531>394831<\/td>\r\n  <td class=xl1529531>394829<\/td>\r\n  <td class=xl1529531>394827<\/td>\r\n  <td class=xl1529531>394830<\/td>\r\n  <td class=xl1529531>394826<\/td>\r\n  <td class=xl1529531>394825<\/td>\r\n <\/tr>\r\n <tr height=20 style='height:15.0pt'>\r\n  <td colspan=11 height=20 class=xl6929531 style='height:15.0pt'>Tabla Campos<\/td>\r\n <\/tr>\r\n <tr height=35 style='height:26.25pt'>\r\n  <td height=35 class=xl6529531 width=56 style='height:26.25pt;width:42pt'>Ejercicio<\/td>\r\n  <td class=xl6529531 width=215 style='border-left:none;width:161pt'>Fecha de\r\n  inicio del periodo que se informa<\/td>\r\n  <td class=xl6529531 width=215 style='border-left:none;width:161pt'>Fecha de\r\n  t\u00e9rmino del periodo que se informa<\/td>\r\n  <td class=xl6529531 width=244 style='border-left:none;width:183pt'>Tipo de\r\n  documento financiero (cat\u00e1logo)<\/td>\r\n  <td class=xl6529531 width=637 style='border-left:none;width:478pt'>Denominaci\u00f3n\r\n  del documento financiero contable, presupuestal y program\u00e1tico<\/td>\r\n  <td class=xl6529531 width=421 style='border-left:none;width:316pt'>Hiperv\u00ednculo\r\n  al documento financiero contable, presupuestal y program\u00e1tico<\/td>\r\n  <td class=xl6529531 width=422 style='border-left:none;width:317pt'>Hiperv\u00ednculo\r\n  al sitio de Internet (avance program\u00e1tico): SHCP\/Secretar\u00edas de\r\n  finanzas\/an\u00e1logas<\/td>\r\n  <td class=xl6529531 width=369 style='border-left:none;width:277pt'>\u00c1rea(s)\r\n  responsable(s) que genera(n), posee(n), publica(n) y actualizan la\r\n  informaci\u00f3n<\/td>\r\n  <td class=xl6529531 width=123 style='border-left:none;width:92pt'>Fecha de\r\n  validaci\u00f3n<\/td>\r\n  <td class=xl6529531 width=140 style='border-left:none;width:105pt'>Fecha de\r\n  actualizaci\u00f3n<\/td>\r\n  <td class=xl6529531 width=56 style='border-left:none;width:42pt'>Nota<\/td>\r\n <\/tr>\r\n <tr height=20 style='height:15.0pt'>\r\n  <td height=20 class=xl6629531 align=right style='height:15.0pt;border-top:\r\n  none'>2019<\/td>\r\n  <td class=xl6729531 align=right style='border-top:none;border-left:none'>01\/07\/2019<\/td>\r\n  <td class=xl6729531 align=right style='border-top:none;border-left:none'>30\/09\/2019<\/td>\r\n  <td class=xl6629531 style='border-top:none;border-left:none'>Contable<\/td>\r\n  <td class=xl6629531 style='border-top:none;border-left:none'>Estado de\r\n  situacion financiera<\/td>\r\n  <td class=xl6829531 style='border-top:none;border-left:none'><a\r\n  href=\"https:\/\/apan.gob.mx\/portal\/armonizacion_presidencia_18\/\">https:\/\/apan.gob.mx\/portal\/armonizacion_presidencia_18\/<\/a><\/td>\r\n  <td class=xl6829531 style='border-top:none;border-left:none'><a\r\n  href=\"https:\/\/apan.gob.mx\/portal\/armonizacion_presidencia_18\/\">https:\/\/apan.gob.mx\/portal\/armonizacion_presidencia_18\/<\/a><\/td>\r\n  <td class=xl6629531 style='border-top:none;border-left:none'>Tesoreria\r\n  Municipal de Apan Hidalgo<\/td>\r\n  <td class=xl6729531 align=right style='border-top:none;border-left:none'>05\/10\/2019<\/td>\r\n  <td class=xl6729531 align=right style='border-top:none;border-left:none'>05\/10\/2019<\/td>\r\n  <td class=xl6629531 style='border-top:none;border-left:none'>&nbsp;<\/td>\r\n <\/tr>\r\n <tr height=20 style='height:15.0pt'>\r\n  <td height=20 class=xl6629531 align=right style='height:15.0pt;border-top:\r\n  none'>2019<\/td>\r\n  <td class=xl6729531 align=right style='border-top:none;border-left:none'>01\/07\/2019<\/td>\r\n  <td class=xl6729531 align=right style='border-top:none;border-left:none'>30\/09\/2019<\/td>\r\n  <td class=xl6629531 style='border-top:none;border-left:none'>Contable<\/td>\r\n  <td class=xl6629531 style='border-top:none;border-left:none'>Estado de\r\n  cambios en la situacion financiera<\/td>\r\n  <td class=xl6829531 style='border-top:none;border-left:none'><a\r\n  href=\"https:\/\/apan.gob.mx\/portal\/armonizacion_presidencia_18\/\">https:\/\/apan.gob.mx\/portal\/armonizacion_presidencia_18\/<\/a><\/td>\r\n  <td class=xl6829531 style='border-top:none;border-left:none'><a\r\n  href=\"https:\/\/apan.gob.mx\/portal\/armonizacion_presidencia_18\/\">https:\/\/apan.gob.mx\/portal\/armonizacion_presidencia_18\/<\/a><\/td>\r\n  <td class=xl6629531 style='border-top:none;border-left:none'>Tesoreria\r\n  Municipal de Apan Hidalgo<\/td>\r\n  <td class=xl6729531 align=right style='border-top:none;border-left:none'>05\/10\/2019<\/td>\r\n  <td class=xl6729531 align=right style='border-top:none;border-left:none'>05\/10\/2019<\/td>\r\n  <td class=xl6629531 style='border-top:none;border-left:none'>&nbsp;<\/td>\r\n <\/tr>\r\n <tr height=20 style='height:15.0pt'>\r\n  <td height=20 class=xl6629531 align=right style='height:15.0pt;border-top:\r\n  none'>2019<\/td>\r\n  <td class=xl6729531 align=right style='border-top:none;border-left:none'>01\/07\/2019<\/td>\r\n  <td class=xl6729531 align=right style='border-top:none;border-left:none'>30\/09\/2019<\/td>\r\n  <td class=xl6629531 style='border-top:none;border-left:none'>Presupuestal<\/td>\r\n  <td class=xl6629531 style='border-top:none;border-left:none'>Estado Anal\u00edtico\r\n  del Ejercicio del Presupuesto de Egresos clasificaci\u00f3n Funcional(finalidad y\r\n  funci\u00f3n)<\/td>\r\n  <td class=xl6829531 style='border-top:none;border-left:none'><a\r\n  href=\"https:\/\/apan.gob.mx\/portal\/armonizacion_presidencia_18\/\">https:\/\/apan.gob.mx\/portal\/armonizacion_presidencia_18\/<\/a><\/td>\r\n  <td class=xl6829531 style='border-top:none;border-left:none'><a\r\n  href=\"https:\/\/apan.gob.mx\/portal\/armonizacion_presidencia_18\/\">https:\/\/apan.gob.mx\/portal\/armonizacion_presidencia_18\/<\/a><\/td>\r\n  <td class=xl6629531 style='border-top:none;border-left:none'>Tesoreria\r\n  Municipal de Apan Hidalgo<\/td>\r\n  <td class=xl6729531 align=right style='border-top:none;border-left:none'>05\/10\/2019<\/td>\r\n  <td class=xl6729531 align=right style='border-top:none;border-left:none'>05\/10\/2019<\/td>\r\n  <td class=xl6629531 style='border-top:none;border-left:none'>&nbsp;<\/td>\r\n <\/tr>\r\n <tr height=20 style='height:15.0pt'>\r\n  <td height=20 class=xl6629531 align=right style='height:15.0pt;border-top:\r\n  none'>2019<\/td>\r\n  <td class=xl6729531 align=right style='border-top:none;border-left:none'>01\/07\/2019<\/td>\r\n  <td class=xl6729531 align=right style='border-top:none;border-left:none'>30\/09\/2019<\/td>\r\n  <td class=xl6629531 style='border-top:none;border-left:none'>Program\u00e1tico<\/td>\r\n  <td class=xl6629531 style='border-top:none;border-left:none'>Estado Anal\u00edtico\r\n  de la Deuda y Otros Pasivos<\/td>\r\n  <td class=xl6829531 style='border-top:none;border-left:none'><a\r\n  href=\"https:\/\/apan.gob.mx\/portal\/armonizacion_presidencia_18\/\">https:\/\/apan.gob.mx\/portal\/armonizacion_presidencia_18\/<\/a><\/td>\r\n  <td class=xl6829531 style='border-top:none;border-left:none'><a\r\n  href=\"https:\/\/apan.gob.mx\/portal\/armonizacion_presidencia_18\/\">https:\/\/apan.gob.mx\/portal\/armonizacion_presidencia_18\/<\/a><\/td>\r\n  <td class=xl6629531 style='border-top:none;border-left:none'>Tesoreria\r\n  Municipal de Apan Hidalgo<\/td>\r\n  <td class=xl6729531 align=right style='border-top:none;border-left:none'>05\/10\/2019<\/td>\r\n  <td class=xl6729531 align=right style='border-top:none;border-left:none'>05\/10\/2019<\/td>\r\n  <td class=xl6629531 style='border-top:none;border-left:none'>&nbsp;<\/td>\r\n <\/tr>\r\n <tr height=20 style='height:15.0pt'>\r\n  <td height=20 class=xl6629531 align=right style='height:15.0pt;border-top:\r\n  none'>2019<\/td>\r\n  <td class=xl6729531 align=right style='border-top:none;border-left:none'>01\/07\/2019<\/td>\r\n  <td class=xl6729531 align=right style='border-top:none;border-left:none'>30\/09\/2019<\/td>\r\n  <td class=xl6629531 style='border-top:none;border-left:none'>Program\u00e1tico<\/td>\r\n  <td class=xl6629531 style='border-top:none;border-left:none'>Balance\r\n  Presupuestario -LDF<\/td>\r\n  <td class=xl6829531 style='border-top:none;border-left:none'><a\r\n  href=\"https:\/\/apan.gob.mx\/portal\/armonizacion_presidencia_18\/\">https:\/\/apan.gob.mx\/portal\/armonizacion_presidencia_18\/<\/a><\/td>\r\n  <td class=xl6829531 style='border-top:none;border-left:none'><a\r\n  href=\"https:\/\/apan.gob.mx\/portal\/armonizacion_presidencia_18\/\">https:\/\/apan.gob.mx\/portal\/armonizacion_presidencia_18\/<\/a><\/td>\r\n  <td class=xl6629531 style='border-top:none;border-left:none'>Tesoreria\r\n  Municipal de Apan Hidalgo<\/td>\r\n  <td class=xl6729531 align=right style='border-top:none;border-left:none'>05\/10\/2019<\/td>\r\n  <td class=xl6729531 align=right style='border-top:none;border-left:none'>05\/10\/2019<\/td>\r\n  <td class=xl6629531 style='border-top:none;border-left:none'>&nbsp;<\/td>\r\n <\/tr>\r\n <![if supportMisalignedColumns]>\r\n <tr height=0 style='display:none'>\r\n  <td width=56 style='width:42pt'><\/td>\r\n  <td width=215 style='width:161pt'><\/td>\r\n  <td width=215 style='width:161pt'><\/td>\r\n  <td width=244 style='width:183pt'><\/td>\r\n  <td width=637 style='width:478pt'><\/td>\r\n  <td width=421 style='width:316pt'><\/td>\r\n  <td width=422 style='width:317pt'><\/td>\r\n  <td width=369 style='width:277pt'><\/td>\r\n  <td width=123 style='width:92pt'><\/td>\r\n  <td width=140 style='width:105pt'><\/td>\r\n  <td width=56 style='width:42pt'><\/td>\r\n <\/tr>\r\n <![endif]>\r\n<\/table>\r\n\r\n<\/div>\r\n\r\n\r\n<!----------------------------->\r\n<!--FINAL DE LOS RESULTADOS DEL ASISTENTE PARA PUBLICAR COMO P\u00c1GINA WEB DE\r\nEXCEL-->\r\n<!----------------------------->\r\n<\/body>\r\n\r\n<\/html>\r\n\t\t<\/div>\n\t\t\t\t<\/div>\n\t\t\t\t\t\t<\/div>\n\t\t\t\t\t<\/div>\n\t\t<\/div>\n\t\t\t\t\t\t\t\t<\/div>\n\t\t\t\t\t<\/div>\n\t\t<\/section>\n\t\t\t\t\t\t\t\t\t<\/div>\n\t\t\t<\/div>\n\t\t\t\t\t<\/div>\n\t\t","protected":false},"excerpt":{"rendered":"<p>Fracci\u00f3n XXXI b 46637 T\u00cdTULO NOMBRE CORTO DESCRIPCI\u00d3N Informe financiero_Informes financieros contables, presupuestales y program\u00e1ticos a69_f31_b Los sujetos obligados deben publicar y actualizar los documentos financieros contables, presupuestales y program\u00e1ticos, que le sean aplicables en cumplimiento de la Ley General de Contabilidad Gubernamental y dem\u00e1s normatividad aplicable. 1 4 4 9 1 7 7 2 [&hellip;]<\/p>\n","protected":false},"author":1,"featured_media":0,"parent":6796,"menu_order":0,"comment_status":"closed","ping_status":"closed","template":"page-template-full.php","meta":[],"jetpack_sharing_enabled":true,"_links":{"self":[{"href":"https:\/\/apan.gob.mx\/portal\/wp-json\/wp\/v2\/pages\/7217"}],"collection":[{"href":"https:\/\/apan.gob.mx\/portal\/wp-json\/wp\/v2\/pages"}],"about":[{"href":"https:\/\/apan.gob.mx\/portal\/wp-json\/wp\/v2\/types\/page"}],"author":[{"embeddable":true,"href":"https:\/\/apan.gob.mx\/portal\/wp-json\/wp\/v2\/users\/1"}],"replies":[{"embeddable":true,"href":"https:\/\/apan.gob.mx\/portal\/wp-json\/wp\/v2\/comments?post=7217"}],"version-history":[{"count":3,"href":"https:\/\/apan.gob.mx\/portal\/wp-json\/wp\/v2\/pages\/7217\/revisions"}],"predecessor-version":[{"id":7244,"href":"https:\/\/apan.gob.mx\/portal\/wp-json\/wp\/v2\/pages\/7217\/revisions\/7244"}],"up":[{"embeddable":true,"href":"https:\/\/apan.gob.mx\/portal\/wp-json\/wp\/v2\/pages\/6796"}],"wp:attachment":[{"href":"https:\/\/apan.gob.mx\/portal\/wp-json\/wp\/v2\/media?parent=7217"}],"curies":[{"name":"wp","href":"https:\/\/api.w.org\/{rel}","templated":true}]}}