{"id":7501,"date":"2020-01-08T12:57:58","date_gmt":"2020-01-08T18:57:58","guid":{"rendered":"https:\/\/apan.gob.mx\/portal\/?page_id=7501"},"modified":"2020-01-08T12:59:46","modified_gmt":"2020-01-08T18:59:46","slug":"7501-2","status":"publish","type":"page","link":"https:\/\/apan.gob.mx\/portal\/4-trimestre-2019\/7501-2\/","title":{"rendered":"<!--juridico_16_2019_4-->"},"content":{"rendered":"\t\t<div data-elementor-type=\"wp-page\" data-elementor-id=\"7501\" class=\"elementor elementor-7501 elementor-bc-flex-widget\">\n\t\t\t\t\t\t<div class=\"elementor-inner\">\n\t\t\t\t<div class=\"elementor-section-wrap\">\n\t\t\t\t\t\t\t\t\t<section class=\"has_ae_slider elementor-section elementor-top-section elementor-element elementor-element-axhjgdh elementor-section-boxed elementor-section-height-default elementor-section-height-default ae-bg-gallery-type-default\" data-id=\"axhjgdh\" data-element_type=\"section\">\n\t\t\t\t\t\t<div class=\"elementor-container elementor-column-gap-default\">\n\t\t\t\t\t\t\t<div class=\"elementor-row\">\n\t\t\t\t\t<div class=\"has_ae_slider elementor-column elementor-col-100 elementor-top-column elementor-element elementor-element-vymyjqs ae-bg-gallery-type-default\" data-id=\"vymyjqs\" data-element_type=\"column\">\n\t\t\t<div class=\"elementor-column-wrap elementor-element-populated\">\n\t\t\t\t\t\t\t<div class=\"elementor-widget-wrap\">\n\t\t\t\t\t\t<div class=\"elementor-element elementor-element-inbwpdw elementor-widget elementor-widget-heading\" data-id=\"inbwpdw\" data-element_type=\"widget\" data-widget_type=\"heading.default\">\n\t\t\t\t<div class=\"elementor-widget-container\">\n\t\t\t<h2 class=\"elementor-heading-title elementor-size-medium\">Fracci\u00f3n XVI<\/h2>\t\t<\/div>\n\t\t\t\t<\/div>\n\t\t\t\t<div class=\"elementor-element elementor-element-mftqygg elementor-widget elementor-widget-html\" data-id=\"mftqygg\" data-element_type=\"widget\" data-widget_type=\"html.default\">\n\t\t\t\t<div class=\"elementor-widget-container\">\n\t\t\t<html xmlns:o=\"urn:schemas-microsoft-com:office:office\"\r\nxmlns:x=\"urn:schemas-microsoft-com:office:excel\"\r\nxmlns=\"http:\/\/www.w3.org\/TR\/REC-html40\">\r\n\r\n<head>\r\n<meta http-equiv=Content-Type content=\"text\/html; charset=windows-1252\">\r\n<meta name=ProgId content=Excel.Sheet>\r\n<meta name=Generator content=\"Microsoft Excel 15\">\r\n<link rel=File-List href=\"a69_f16_a_archivos\/filelist.xml\">\r\n<style id=\"a69_f16_a_28133_Styles\">\r\n<!--table\r\n\t{mso-displayed-decimal-separator:\"\\.\";\r\n\tmso-displayed-thousand-separator:\"\\,\";}\r\n.xl1528133\r\n\t{padding-top:1px;\r\n\tpadding-right:1px;\r\n\tpadding-left:1px;\r\n\tmso-ignore:padding;\r\n\tcolor:black;\r\n\tfont-size:11.0pt;\r\n\tfont-weight:400;\r\n\tfont-style:normal;\r\n\ttext-decoration:none;\r\n\tfont-family:Calibri, sans-serif;\r\n\tmso-font-charset:0;\r\n\tmso-number-format:General;\r\n\ttext-align:general;\r\n\tvertical-align:bottom;\r\n\tmso-background-source:auto;\r\n\tmso-pattern:auto;\r\n\twhite-space:nowrap;}\r\n.xl6528133\r\n\t{padding-top:1px;\r\n\tpadding-right:1px;\r\n\tpadding-left:1px;\r\n\tmso-ignore:padding;\r\n\tcolor:black;\r\n\tfont-size:10.0pt;\r\n\tfont-weight:400;\r\n\tfont-style:normal;\r\n\ttext-decoration:none;\r\n\tfont-family:Arial;\r\n\tmso-generic-font-family:auto;\r\n\tmso-font-charset:0;\r\n\tmso-number-format:General;\r\n\ttext-align:center;\r\n\tvertical-align:bottom;\r\n\tborder:.5pt solid windowtext;\r\n\tbackground:#E1E1E1;\r\n\tmso-pattern:black none;\r\n\twhite-space:normal;}\r\n.xl6628133\r\n\t{padding-top:1px;\r\n\tpadding-right:1px;\r\n\tpadding-left:1px;\r\n\tmso-ignore:padding;\r\n\tcolor:black;\r\n\tfont-size:11.0pt;\r\n\tfont-weight:400;\r\n\tfont-style:normal;\r\n\ttext-decoration:none;\r\n\tfont-family:Calibri, sans-serif;\r\n\tmso-font-charset:0;\r\n\tmso-number-format:General;\r\n\ttext-align:general;\r\n\tvertical-align:bottom;\r\n\tborder:.5pt solid windowtext;\r\n\tmso-background-source:auto;\r\n\tmso-pattern:auto;\r\n\twhite-space:nowrap;}\r\n.xl6728133\r\n\t{padding-top:1px;\r\n\tpadding-right:1px;\r\n\tpadding-left:1px;\r\n\tmso-ignore:padding;\r\n\tcolor:black;\r\n\tfont-size:11.0pt;\r\n\tfont-weight:400;\r\n\tfont-style:normal;\r\n\ttext-decoration:none;\r\n\tfont-family:Calibri, sans-serif;\r\n\tmso-font-charset:0;\r\n\tmso-number-format:\"Short Date\";\r\n\ttext-align:general;\r\n\tvertical-align:bottom;\r\n\tborder:.5pt solid windowtext;\r\n\tmso-background-source:auto;\r\n\tmso-pattern:auto;\r\n\twhite-space:nowrap;}\r\n.xl6828133\r\n\t{padding-top:1px;\r\n\tpadding-right:1px;\r\n\tpadding-left:1px;\r\n\tmso-ignore:padding;\r\n\tcolor:#0563C1;\r\n\tfont-size:11.0pt;\r\n\tfont-weight:400;\r\n\tfont-style:normal;\r\n\ttext-decoration:underline;\r\n\ttext-underline-style:single;\r\n\tfont-family:Calibri, sans-serif;\r\n\tmso-font-charset:0;\r\n\tmso-number-format:General;\r\n\ttext-align:general;\r\n\tvertical-align:bottom;\r\n\tborder:.5pt solid windowtext;\r\n\tmso-background-source:auto;\r\n\tmso-pattern:auto;\r\n\twhite-space:nowrap;}\r\n.xl6928133\r\n\t{padding-top:1px;\r\n\tpadding-right:1px;\r\n\tpadding-left:1px;\r\n\tmso-ignore:padding;\r\n\tcolor:white;\r\n\tfont-size:11.0pt;\r\n\tfont-weight:700;\r\n\tfont-style:normal;\r\n\ttext-decoration:none;\r\n\tfont-family:Arial;\r\n\tmso-generic-font-family:auto;\r\n\tmso-font-charset:0;\r\n\tmso-number-format:General;\r\n\ttext-align:center;\r\n\tvertical-align:bottom;\r\n\tborder:.5pt solid windowtext;\r\n\tbackground:#333333;\r\n\tmso-pattern:black none;\r\n\twhite-space:nowrap;}\r\n.xl7028133\r\n\t{padding-top:1px;\r\n\tpadding-right:1px;\r\n\tpadding-left:1px;\r\n\tmso-ignore:padding;\r\n\tcolor:black;\r\n\tfont-size:10.0pt;\r\n\tfont-weight:400;\r\n\tfont-style:normal;\r\n\ttext-decoration:none;\r\n\tfont-family:Arial;\r\n\tmso-generic-font-family:auto;\r\n\tmso-font-charset:0;\r\n\tmso-number-format:General;\r\n\ttext-align:general;\r\n\tvertical-align:bottom;\r\n\tborder:.5pt solid windowtext;\r\n\tbackground:#E1E1E1;\r\n\tmso-pattern:black none;\r\n\twhite-space:nowrap;}\r\n-->\r\n<\/style>\r\n<\/head>\r\n\r\n<body>\r\n<!--[if !excel]>&nbsp;&nbsp;<![endif]-->\r\n<!--La siguiente informaci\u00f3n se gener\u00f3 mediante el Asistente para publicar como\r\np\u00e1gina web de Microsoft Excel.-->\r\n<!--Si se vuelve a publicar el mismo elemento desde Excel, se reemplazar\u00e1 toda\r\nla informaci\u00f3n comprendida entre las etiquetas DIV.-->\r\n<!----------------------------->\r\n<!--INICIO DE LOS RESULTADOS DEL ASISTENTE PARA PUBLICAR COMO P\u00c1GINA WEB DE\r\nEXCEL -->\r\n<!----------------------------->\r\n\r\n<div id=\"a69_f16_a_28133\" align=center x:publishsource=\"Excel\">\r\n\r\n<table border=0 cellpadding=0 cellspacing=0 width=3207 style='border-collapse:\r\n collapse;table-layout:fixed;width:2406pt'>\r\n <col width=56 style='mso-width-source:userset;mso-width-alt:2048;width:42pt'>\r\n <col width=167 span=3 style='mso-width-source:userset;mso-width-alt:6107;\r\n width:125pt'>\r\n <col width=294 style='mso-width-source:userset;mso-width-alt:10752;width:221pt'>\r\n <col width=763 style='mso-width-source:userset;mso-width-alt:27904;width:572pt'>\r\n <col width=167 style='mso-width-source:userset;mso-width-alt:6107;width:125pt'>\r\n <col width=178 style='mso-width-source:userset;mso-width-alt:6509;width:134pt'>\r\n <col width=694 style='mso-width-source:userset;mso-width-alt:25380;width:521pt'>\r\n <col width=286 style='mso-width-source:userset;mso-width-alt:10459;width:215pt'>\r\n <col width=109 style='mso-width-source:userset;mso-width-alt:3986;width:82pt'>\r\n <col width=103 style='mso-width-source:userset;mso-width-alt:3766;width:77pt'>\r\n <col width=56 style='mso-width-source:userset;mso-width-alt:2048;width:42pt'>\r\n <tr height=0 style='display:none'>\r\n  <td class=xl1528133 width=56 style='width:42pt'>46566<\/td>\r\n  <td class=xl1528133 width=167 style='width:125pt'><\/td>\r\n  <td class=xl1528133 width=167 style='width:125pt'><\/td>\r\n  <td class=xl1528133 width=167 style='width:125pt'><\/td>\r\n  <td class=xl1528133 width=294 style='width:221pt'><\/td>\r\n  <td class=xl1528133 width=763 style='width:572pt'><\/td>\r\n  <td class=xl1528133 width=167 style='width:125pt'><\/td>\r\n  <td class=xl1528133 width=178 style='width:134pt'><\/td>\r\n  <td class=xl1528133 width=694 style='width:521pt'><\/td>\r\n  <td class=xl1528133 width=286 style='width:215pt'><\/td>\r\n  <td class=xl1528133 width=109 style='width:82pt'><\/td>\r\n  <td class=xl1528133 width=103 style='width:77pt'><\/td>\r\n  <td class=xl1528133 width=56 style='width:42pt'><\/td>\r\n <\/tr>\r\n <tr height=20 style='height:15.0pt'>\r\n  <td colspan=3 height=20 class=xl6928133 style='height:15.0pt'>T\u00cdTULO<\/td>\r\n  <td colspan=3 class=xl6928133>NOMBRE CORTO<\/td>\r\n  <td colspan=3 class=xl6928133>DESCRIPCI\u00d3N<\/td>\r\n  <td class=xl1528133><\/td>\r\n  <td class=xl1528133><\/td>\r\n  <td class=xl1528133><\/td>\r\n  <td class=xl1528133><\/td>\r\n <\/tr>\r\n <tr height=20 style='height:15.0pt'>\r\n  <td colspan=3 height=20 class=xl7028133 style='height:15.0pt'>Condiciones\r\n  generales de trabajo y sindicatos_Normatividad laboral<\/td>\r\n  <td colspan=3 class=xl7028133>a69_f16_a<\/td>\r\n  <td colspan=3 class=xl7028133>Se publicar\u00e1 la normatividad que regula las\r\n  relaciones laborales con el personal que trabaja en el sujeto obligado,\r\n  incluidos los contratos colectivos de trabajo del personal de base y los\r\n  contratos del personal de confianza; la normatividad laboral aplicable, las\r\n  condiciones generales de trabajo, convenio u otro documento que regule la\r\n  relaci\u00f3n laboral.<\/td>\r\n  <td class=xl1528133><\/td>\r\n  <td class=xl1528133><\/td>\r\n  <td class=xl1528133><\/td>\r\n  <td class=xl1528133><\/td>\r\n <\/tr>\r\n <tr height=0 style='display:none'>\r\n  <td class=xl1528133>1<\/td>\r\n  <td class=xl1528133>4<\/td>\r\n  <td class=xl1528133>4<\/td>\r\n  <td class=xl1528133>9<\/td>\r\n  <td class=xl1528133>9<\/td>\r\n  <td class=xl1528133>2<\/td>\r\n  <td class=xl1528133>4<\/td>\r\n  <td class=xl1528133>4<\/td>\r\n  <td class=xl1528133>7<\/td>\r\n  <td class=xl1528133>2<\/td>\r\n  <td class=xl1528133>4<\/td>\r\n  <td class=xl1528133>13<\/td>\r\n  <td class=xl1528133>14<\/td>\r\n <\/tr>\r\n <tr height=0 style='display:none'>\r\n  <td class=xl1528133>393581<\/td>\r\n  <td class=xl1528133>393582<\/td>\r\n  <td class=xl1528133>393583<\/td>\r\n  <td class=xl1528133>393580<\/td>\r\n  <td class=xl1528133>393578<\/td>\r\n  <td class=xl1528133>393575<\/td>\r\n  <td class=xl1528133>393576<\/td>\r\n  <td class=xl1528133>393586<\/td>\r\n  <td class=xl1528133>393587<\/td>\r\n  <td class=xl1528133>393584<\/td>\r\n  <td class=xl1528133>393577<\/td>\r\n  <td class=xl1528133>393579<\/td>\r\n  <td class=xl1528133>393585<\/td>\r\n <\/tr>\r\n <tr height=20 style='height:15.0pt'>\r\n  <td colspan=13 height=20 class=xl6928133 style='height:15.0pt'>Tabla Campos<\/td>\r\n <\/tr>\r\n <tr height=35 style='height:26.25pt'>\r\n  <td height=35 class=xl6528133 width=56 style='height:26.25pt;width:42pt'>Ejercicio<\/td>\r\n  <td class=xl6528133 width=167 style='border-left:none;width:125pt'>Fecha de\r\n  inicio del periodo que se informa<\/td>\r\n  <td class=xl6528133 width=167 style='border-left:none;width:125pt'>Fecha de\r\n  t\u00e9rmino del periodo que se informa<\/td>\r\n  <td class=xl6528133 width=167 style='border-left:none;width:125pt'>Tipo de\r\n  personal (cat\u00e1logo)<\/td>\r\n  <td class=xl6528133 width=294 style='border-left:none;width:221pt'>Tipo de\r\n  normatividad laboral aplicable (cat\u00e1logo)<\/td>\r\n  <td class=xl6528133 width=763 style='border-left:none;width:572pt'>Denominaci\u00f3n\r\n  de las condiciones generales de trabajo, contrato, convenio o documento<\/td>\r\n  <td class=xl6528133 width=167 style='border-left:none;width:125pt'>Fecha de\r\n  aprobaci\u00f3n oficial<\/td>\r\n  <td class=xl6528133 width=178 style='border-left:none;width:134pt'>Fecha de\r\n  \u00faltima modificaci\u00f3n<\/td>\r\n  <td class=xl6528133 width=694 style='border-left:none;width:521pt'>Hiperv\u00ednculo\r\n  al documento de condiciones Generales de Trabajo<\/td>\r\n  <td class=xl6528133 width=286 style='border-left:none;width:215pt'>\u00c1rea(s)\r\n  responsable(s) que genera(n), posee(n), publica(n) y actualizan la\r\n  informaci\u00f3n<\/td>\r\n  <td class=xl6528133 width=109 style='border-left:none;width:82pt'>Fecha de\r\n  validaci\u00f3n<\/td>\r\n  <td class=xl6528133 width=103 style='border-left:none;width:77pt'>Fecha de\r\n  actualizaci\u00f3n<\/td>\r\n  <td class=xl6528133 width=56 style='border-left:none;width:42pt'>Nota<\/td>\r\n <\/tr>\r\n <tr height=20 style='height:15.0pt'>\r\n  <td height=20 class=xl6628133 align=right style='height:15.0pt;border-top:\r\n  none'>2019<\/td>\r\n  <td class=xl6728133 align=right style='border-top:none;border-left:none'>01\/10\/2019<\/td>\r\n  <td class=xl6728133 align=right style='border-top:none;border-left:none'>31\/12\/2019<\/td>\r\n  <td class=xl6628133 style='border-top:none;border-left:none'>Confianza<\/td>\r\n  <td class=xl6628133 style='border-top:none;border-left:none'>Ley Local<\/td>\r\n  <td class=xl6628133 style='border-top:none;border-left:none'><span\r\n  style='mso-spacerun:yes'>\u00a0<\/span>Ley de los Trabajadores al Servicio de los\r\n  Gobiernos Estatal y Municipales, asi como de los Organismos Descentralizados<\/td>\r\n  <td class=xl6728133 align=right style='border-top:none;border-left:none'>31\/12\/1987<\/td>\r\n  <td class=xl6728133 align=right style='border-top:none;border-left:none'>15\/08\/2017<\/td>\r\n  <td class=xl6828133 style='border-top:none;border-left:none'><a\r\n  href=\"https:\/\/www.apan.gob.mx\/descargables\/transparencia\/articulo69\/fraccion16\/2019_4\/juridico\/FrXVIa1_1.pdf\">https:\/\/www.apan.gob.mx\/descargables\/transparencia\/articulo69\/fraccion16\/2019_4\/juridico\/FrXVIa1_1.pdf<\/a><\/td>\r\n  <td class=xl6628133 style='border-top:none;border-left:none'>Juridico\r\n  Municipal<\/td>\r\n  <td class=xl6728133 align=right style='border-top:none;border-left:none'>01\/10\/2019<\/td>\r\n  <td class=xl6728133 align=right style='border-top:none;border-left:none'>08\/01\/2020<\/td>\r\n  <td class=xl6628133 style='border-top:none;border-left:none'>&nbsp;<\/td>\r\n <\/tr>\r\n <tr height=20 style='height:15.0pt'>\r\n  <td height=20 class=xl6628133 align=right style='height:15.0pt;border-top:\r\n  none'>2019<\/td>\r\n  <td class=xl6728133 align=right style='border-top:none;border-left:none'>01\/10\/2019<\/td>\r\n  <td class=xl6728133 align=right style='border-top:none;border-left:none'>31\/12\/2019<\/td>\r\n  <td class=xl6628133 style='border-top:none;border-left:none'>Base<\/td>\r\n  <td class=xl6628133 style='border-top:none;border-left:none'>Ley Local<\/td>\r\n  <td class=xl6628133 style='border-top:none;border-left:none'>Condiciones\r\n  Generales de Trabajo<\/td>\r\n  <td class=xl6728133 align=right style='border-top:none;border-left:none'>31\/12\/1987<\/td>\r\n  <td class=xl6728133 align=right style='border-top:none;border-left:none'>15\/08\/2017<\/td>\r\n  <td class=xl6828133 style='border-top:none;border-left:none'><a\r\n  href=\"https:\/\/www.apan.gob.mx\/descargables\/transparencia\/articulo69\/fraccion16\/2019_4\/juridico\/FrXVIa2_1.pdf\">https:\/\/www.apan.gob.mx\/descargables\/transparencia\/articulo69\/fraccion16\/2019_4\/juridico\/FrXVIa2_1.pdf<\/a><\/td>\r\n  <td class=xl6628133 style='border-top:none;border-left:none'>Juridico\r\n  Municipal<\/td>\r\n  <td class=xl6728133 align=right style='border-top:none;border-left:none'>01\/10\/2019<\/td>\r\n  <td class=xl6728133 align=right style='border-top:none;border-left:none'>08\/01\/2020<\/td>\r\n  <td class=xl6628133 style='border-top:none;border-left:none'>&nbsp;<\/td>\r\n <\/tr>\r\n <![if supportMisalignedColumns]>\r\n <tr height=0 style='display:none'>\r\n  <td width=56 style='width:42pt'><\/td>\r\n  <td width=167 style='width:125pt'><\/td>\r\n  <td width=167 style='width:125pt'><\/td>\r\n  <td width=167 style='width:125pt'><\/td>\r\n  <td width=294 style='width:221pt'><\/td>\r\n  <td width=763 style='width:572pt'><\/td>\r\n  <td width=167 style='width:125pt'><\/td>\r\n  <td width=178 style='width:134pt'><\/td>\r\n  <td width=694 style='width:521pt'><\/td>\r\n  <td width=286 style='width:215pt'><\/td>\r\n  <td width=109 style='width:82pt'><\/td>\r\n  <td width=103 style='width:77pt'><\/td>\r\n  <td width=56 style='width:42pt'><\/td>\r\n <\/tr>\r\n <![endif]>\r\n<\/table>\r\n\r\n<\/div>\r\n\r\n\r\n<!----------------------------->\r\n<!--FINAL DE LOS RESULTADOS DEL ASISTENTE PARA PUBLICAR COMO P\u00c1GINA WEB DE\r\nEXCEL-->\r\n<!----------------------------->\r\n<\/body>\r\n\r\n<\/html>\r\n\t\t<\/div>\n\t\t\t\t<\/div>\n\t\t\t\t\t\t<\/div>\n\t\t\t\t\t<\/div>\n\t\t<\/div>\n\t\t\t\t\t\t\t\t<\/div>\n\t\t\t\t\t<\/div>\n\t\t<\/section>\n\t\t\t\t\t\t\t\t\t<\/div>\n\t\t\t<\/div>\n\t\t\t\t\t<\/div>\n\t\t","protected":false},"excerpt":{"rendered":"<p>Fracci\u00f3n XVI 46566 T\u00cdTULO NOMBRE CORTO DESCRIPCI\u00d3N Condiciones generales de trabajo y sindicatos_Normatividad laboral a69_f16_a Se publicar\u00e1 la normatividad que regula las relaciones laborales con el personal que trabaja en el sujeto obligado, incluidos los contratos colectivos de trabajo del personal de base y los contratos del personal de confianza; la normatividad laboral aplicable, las [&hellip;]<\/p>\n","protected":false},"author":1,"featured_media":0,"parent":7391,"menu_order":0,"comment_status":"closed","ping_status":"closed","template":"page-template-full.php","meta":[],"jetpack_sharing_enabled":true,"_links":{"self":[{"href":"https:\/\/apan.gob.mx\/portal\/wp-json\/wp\/v2\/pages\/7501"}],"collection":[{"href":"https:\/\/apan.gob.mx\/portal\/wp-json\/wp\/v2\/pages"}],"about":[{"href":"https:\/\/apan.gob.mx\/portal\/wp-json\/wp\/v2\/types\/page"}],"author":[{"embeddable":true,"href":"https:\/\/apan.gob.mx\/portal\/wp-json\/wp\/v2\/users\/1"}],"replies":[{"embeddable":true,"href":"https:\/\/apan.gob.mx\/portal\/wp-json\/wp\/v2\/comments?post=7501"}],"version-history":[{"count":2,"href":"https:\/\/apan.gob.mx\/portal\/wp-json\/wp\/v2\/pages\/7501\/revisions"}],"predecessor-version":[{"id":7503,"href":"https:\/\/apan.gob.mx\/portal\/wp-json\/wp\/v2\/pages\/7501\/revisions\/7503"}],"up":[{"embeddable":true,"href":"https:\/\/apan.gob.mx\/portal\/wp-json\/wp\/v2\/pages\/7391"}],"wp:attachment":[{"href":"https:\/\/apan.gob.mx\/portal\/wp-json\/wp\/v2\/media?parent=7501"}],"curies":[{"name":"wp","href":"https:\/\/api.w.org\/{rel}","templated":true}]}}