{"id":9655,"date":"2021-01-12T12:13:21","date_gmt":"2021-01-12T18:13:21","guid":{"rendered":"https:\/\/apan.gob.mx\/portal\/?page_id=9655"},"modified":"2021-01-12T12:14:40","modified_gmt":"2021-01-12T18:14:40","slug":"9655-2","status":"publish","type":"page","link":"https:\/\/apan.gob.mx\/portal\/4-trimestre-2020\/9655-2\/","title":{"rendered":"<!--tesoreria_41_2020_4-->"},"content":{"rendered":"\t\t<div data-elementor-type=\"wp-page\" data-elementor-id=\"9655\" class=\"elementor elementor-9655 elementor-bc-flex-widget\">\n\t\t\t\t\t\t<div class=\"elementor-inner\">\n\t\t\t\t<div class=\"elementor-section-wrap\">\n\t\t\t\t\t\t\t\t\t<section class=\"has_ae_slider elementor-section elementor-top-section elementor-element elementor-element-pdhsdxr elementor-section-boxed elementor-section-height-default elementor-section-height-default ae-bg-gallery-type-default\" data-id=\"pdhsdxr\" data-element_type=\"section\">\n\t\t\t\t\t\t<div class=\"elementor-container elementor-column-gap-default\">\n\t\t\t\t\t\t\t<div class=\"elementor-row\">\n\t\t\t\t\t<div class=\"has_ae_slider elementor-column elementor-col-100 elementor-top-column elementor-element elementor-element-eyktoph ae-bg-gallery-type-default\" data-id=\"eyktoph\" data-element_type=\"column\">\n\t\t\t<div class=\"elementor-column-wrap elementor-element-populated\">\n\t\t\t\t\t\t\t<div class=\"elementor-widget-wrap\">\n\t\t\t\t\t\t<div class=\"elementor-element elementor-element-tuatamc elementor-widget elementor-widget-heading\" data-id=\"tuatamc\" data-element_type=\"widget\" data-widget_type=\"heading.default\">\n\t\t\t\t<div class=\"elementor-widget-container\">\n\t\t\t<h2 class=\"elementor-heading-title elementor-size-medium\">Fracci\u00f3n XLI<\/h2>\t\t<\/div>\n\t\t\t\t<\/div>\n\t\t\t\t<div class=\"elementor-element elementor-element-ldigtmd elementor-widget elementor-widget-html\" data-id=\"ldigtmd\" data-element_type=\"widget\" data-widget_type=\"html.default\">\n\t\t\t\t<div class=\"elementor-widget-container\">\n\t\t\t<html xmlns:v=\"urn:schemas-microsoft-com:vml\"\r\nxmlns:o=\"urn:schemas-microsoft-com:office:office\"\r\nxmlns:x=\"urn:schemas-microsoft-com:office:excel\"\r\nxmlns=\"http:\/\/www.w3.org\/TR\/REC-html40\">\r\n\r\n<head>\r\n<meta http-equiv=Content-Type content=\"text\/html; charset=windows-1252\">\r\n<meta name=ProgId content=Excel.Sheet>\r\n<meta name=Generator content=\"Microsoft Excel 15\">\r\n<link rel=File-List href=\"a69_f41_archivos\/filelist.xml\">\r\n<!--[if !mso]>\r\n<style>\r\nv\\:* {behavior:url(#default#VML);}\r\no\\:* {behavior:url(#default#VML);}\r\nx\\:* {behavior:url(#default#VML);}\r\n.shape {behavior:url(#default#VML);}\r\n<\/style>\r\n<![endif]-->\r\n<style id=\"a69_f41_220_Styles\">\r\n<!--table\r\n\t{mso-displayed-decimal-separator:\"\\.\";\r\n\tmso-displayed-thousand-separator:\"\\,\";}\r\n.xl15220\r\n\t{padding:0px;\r\n\tmso-ignore:padding;\r\n\tcolor:black;\r\n\tfont-size:11.0pt;\r\n\tfont-weight:400;\r\n\tfont-style:normal;\r\n\ttext-decoration:none;\r\n\tfont-family:Calibri, sans-serif;\r\n\tmso-font-charset:0;\r\n\tmso-number-format:General;\r\n\ttext-align:general;\r\n\tvertical-align:bottom;\r\n\tmso-background-source:auto;\r\n\tmso-pattern:auto;\r\n\twhite-space:nowrap;}\r\n.xl66220\r\n\t{padding:0px;\r\n\tmso-ignore:padding;\r\n\tcolor:black;\r\n\tfont-size:10.0pt;\r\n\tfont-weight:400;\r\n\tfont-style:normal;\r\n\ttext-decoration:none;\r\n\tfont-family:Arial;\r\n\tmso-generic-font-family:auto;\r\n\tmso-font-charset:0;\r\n\tmso-number-format:General;\r\n\ttext-align:center;\r\n\tvertical-align:bottom;\r\n\tborder:.5pt solid windowtext;\r\n\tbackground:#E1E1E1;\r\n\tmso-pattern:black none;\r\n\twhite-space:normal;}\r\n.xl67220\r\n\t{padding:0px;\r\n\tmso-ignore:padding;\r\n\tcolor:black;\r\n\tfont-size:11.0pt;\r\n\tfont-weight:400;\r\n\tfont-style:normal;\r\n\ttext-decoration:none;\r\n\tfont-family:Calibri, sans-serif;\r\n\tmso-font-charset:0;\r\n\tmso-number-format:General;\r\n\ttext-align:general;\r\n\tvertical-align:bottom;\r\n\tborder:.5pt solid windowtext;\r\n\tmso-background-source:auto;\r\n\tmso-pattern:auto;\r\n\twhite-space:nowrap;}\r\n.xl68220\r\n\t{padding:0px;\r\n\tmso-ignore:padding;\r\n\tcolor:black;\r\n\tfont-size:11.0pt;\r\n\tfont-weight:400;\r\n\tfont-style:normal;\r\n\ttext-decoration:none;\r\n\tfont-family:Calibri, sans-serif;\r\n\tmso-font-charset:0;\r\n\tmso-number-format:\"Short Date\";\r\n\ttext-align:general;\r\n\tvertical-align:bottom;\r\n\tborder:.5pt solid windowtext;\r\n\tmso-background-source:auto;\r\n\tmso-pattern:auto;\r\n\twhite-space:nowrap;}\r\n.xl69220\r\n\t{padding:0px;\r\n\tmso-ignore:padding;\r\n\tcolor:black;\r\n\tfont-size:11.0pt;\r\n\tfont-weight:400;\r\n\tfont-style:normal;\r\n\ttext-decoration:none;\r\n\tfont-family:Calibri, sans-serif;\r\n\tmso-font-charset:0;\r\n\tmso-number-format:General;\r\n\ttext-align:center;\r\n\tvertical-align:middle;\r\n\tborder:.5pt solid windowtext;\r\n\tmso-background-source:auto;\r\n\tmso-pattern:auto;\r\n\twhite-space:nowrap;}\r\n.xl70220\r\n\t{padding:0px;\r\n\tmso-ignore:padding;\r\n\tcolor:white;\r\n\tfont-size:11.0pt;\r\n\tfont-weight:700;\r\n\tfont-style:normal;\r\n\ttext-decoration:none;\r\n\tfont-family:Arial;\r\n\tmso-generic-font-family:auto;\r\n\tmso-font-charset:0;\r\n\tmso-number-format:General;\r\n\ttext-align:center;\r\n\tvertical-align:bottom;\r\n\tborder:.5pt solid windowtext;\r\n\tbackground:#333333;\r\n\tmso-pattern:black none;\r\n\twhite-space:normal;}\r\n.xl71220\r\n\t{padding:0px;\r\n\tmso-ignore:padding;\r\n\tcolor:black;\r\n\tfont-size:10.0pt;\r\n\tfont-weight:400;\r\n\tfont-style:normal;\r\n\ttext-decoration:none;\r\n\tfont-family:Arial;\r\n\tmso-generic-font-family:auto;\r\n\tmso-font-charset:0;\r\n\tmso-number-format:General;\r\n\ttext-align:general;\r\n\tvertical-align:bottom;\r\n\tborder:.5pt solid windowtext;\r\n\tbackground:#E1E1E1;\r\n\tmso-pattern:black none;\r\n\twhite-space:nowrap;}\r\n.xl72220\r\n\t{padding:0px;\r\n\tmso-ignore:padding;\r\n\tcolor:#0563C1;\r\n\tfont-size:11.0pt;\r\n\tfont-weight:400;\r\n\tfont-style:normal;\r\n\ttext-decoration:underline;\r\n\ttext-underline-style:single;\r\n\tfont-family:Calibri, sans-serif;\r\n\tmso-font-charset:0;\r\n\tmso-number-format:General;\r\n\ttext-align:general;\r\n\tvertical-align:bottom;\r\n\tborder:.5pt solid windowtext;\r\n\tmso-background-source:auto;\r\n\tmso-pattern:auto;\r\n\twhite-space:nowrap;}\r\n-->\r\n<\/style>\r\n<\/head>\r\n\r\n<body>\r\n<!--[if !excel]>&nbsp;&nbsp;<![endif]-->\r\n<!--La siguiente informaci\u00f3n se gener\u00f3 mediante el Asistente para publicar como\r\np\u00e1gina web de Microsoft Excel.-->\r\n<!--Si se vuelve a publicar el mismo elemento desde Excel, se reemplazar\u00e1 toda\r\nla informaci\u00f3n comprendida entre las etiquetas DIV.-->\r\n<!----------------------------->\r\n<!--INICIO DE LOS RESULTADOS DEL ASISTENTE PARA PUBLICAR COMO P\u00c1GINA WEB DE\r\nEXCEL -->\r\n<!----------------------------->\r\n\r\n<div id=\"a69_f41_220\" align=center x:publishsource=\"Excel\">\r\n\r\n<table border=0 cellpadding=0 cellspacing=0 width=7013 style='border-collapse:\r\n collapse;table-layout:fixed;width:5263pt'>\r\n <col width=56 style='mso-width-source:userset;mso-width-alt:2048;width:42pt'>\r\n <col width=255 style='mso-width-source:userset;mso-width-alt:9325;width:191pt'>\r\n <col width=270 style='mso-width-source:userset;mso-width-alt:9874;width:203pt'>\r\n <col width=418 style='mso-width-source:userset;mso-width-alt:15286;width:314pt'>\r\n <col width=107 style='mso-width-source:userset;mso-width-alt:3913;width:80pt'>\r\n <col width=544 style='mso-width-source:userset;mso-width-alt:19894;width:408pt'>\r\n <col width=369 style='mso-width-source:userset;mso-width-alt:13494;width:277pt'>\r\n <col width=222 style='mso-width-source:userset;mso-width-alt:8118;width:167pt'>\r\n <col width=114 style='mso-width-source:userset;mso-width-alt:4169;width:86pt'>\r\n <col width=322 style='mso-width-source:userset;mso-width-alt:11776;width:242pt'>\r\n <col width=198 style='mso-width-source:userset;mso-width-alt:7241;width:149pt'>\r\n <col width=187 style='mso-width-source:userset;mso-width-alt:6838;width:140pt'>\r\n <col width=261 style='mso-width-source:userset;mso-width-alt:9545;width:196pt'>\r\n <col width=707 style='mso-width-source:userset;mso-width-alt:25856;width:530pt'>\r\n <col width=450 style='mso-width-source:userset;mso-width-alt:16457;width:338pt'>\r\n <col width=456 style='mso-width-source:userset;mso-width-alt:16676;width:342pt'>\r\n <col width=707 style='mso-width-source:userset;mso-width-alt:25856;width:530pt'>\r\n <col width=513 style='mso-width-source:userset;mso-width-alt:18761;width:385pt'>\r\n <col width=123 style='mso-width-source:userset;mso-width-alt:4498;width:92pt'>\r\n <col width=140 style='mso-width-source:userset;mso-width-alt:5120;width:105pt'>\r\n <col width=594 style='mso-width-source:userset;mso-width-alt:21723;width:446pt'>\r\n <tr height=0 style='display:none'>\r\n  <td class=xl15220 width=56 style='width:42pt'>45768<\/td>\r\n  <td class=xl15220 width=255 style='width:191pt'><\/td>\r\n  <td class=xl15220 width=270 style='width:203pt'><\/td>\r\n  <td class=xl15220 width=418 style='width:314pt'><\/td>\r\n  <td class=xl15220 width=107 style='width:80pt'><\/td>\r\n  <td class=xl15220 width=544 style='width:408pt'><\/td>\r\n  <td class=xl15220 width=369 style='width:277pt'><\/td>\r\n  <td class=xl15220 width=222 style='width:167pt'><\/td>\r\n  <td class=xl15220 width=114 style='width:86pt'><\/td>\r\n  <td class=xl15220 width=322 style='width:242pt'><\/td>\r\n  <td class=xl15220 width=198 style='width:149pt'><\/td>\r\n  <td class=xl15220 width=187 style='width:140pt'><\/td>\r\n  <td class=xl15220 width=261 style='width:196pt'><\/td>\r\n  <td class=xl15220 width=707 style='width:530pt'><\/td>\r\n  <td class=xl15220 width=450 style='width:338pt'><\/td>\r\n  <td class=xl15220 width=456 style='width:342pt'><\/td>\r\n  <td class=xl15220 width=707 style='width:530pt'><\/td>\r\n  <td class=xl15220 width=513 style='width:385pt'><\/td>\r\n  <td class=xl15220 width=123 style='width:92pt'><\/td>\r\n  <td class=xl15220 width=140 style='width:105pt'><\/td>\r\n  <td class=xl15220 width=594 style='width:446pt'><\/td>\r\n <\/tr>\r\n <tr height=20 style='height:15.0pt'>\r\n  <td colspan=3 height=20 class=xl70220 width=581 style='height:15.0pt;\r\n  width:436pt'>T\u00cdTULO<\/td>\r\n  <td colspan=3 class=xl70220 width=1069 style='width:802pt'>NOMBRE CORTO<\/td>\r\n  <td colspan=3 class=xl70220 width=705 style='width:530pt'>DESCRIPCI\u00d3N<\/td>\r\n  <td class=xl15220><\/td>\r\n  <td class=xl15220><\/td>\r\n  <td class=xl15220><\/td>\r\n  <td class=xl15220><\/td>\r\n  <td class=xl15220><\/td>\r\n  <td class=xl15220><\/td>\r\n  <td class=xl15220><\/td>\r\n  <td class=xl15220><\/td>\r\n  <td class=xl15220><\/td>\r\n  <td class=xl15220><\/td>\r\n  <td class=xl15220><\/td>\r\n  <td class=xl15220><\/td>\r\n <\/tr>\r\n <tr height=20 style='height:15.0pt'>\r\n  <td colspan=3 height=20 class=xl71220 style='height:15.0pt'>Estudios\r\n  financiados con recursos p\u00fablicos<\/td>\r\n  <td colspan=3 class=xl71220>a69_f41<\/td>\r\n  <td colspan=3 class=xl71220>En este apartado se deber\u00e1 publicar un cat\u00e1logo\r\n  con todos los estudios, investigaciones o an\u00e1lisis<\/td>\r\n  <td class=xl15220><\/td>\r\n  <td class=xl15220><\/td>\r\n  <td class=xl15220><\/td>\r\n  <td class=xl15220><\/td>\r\n  <td class=xl15220><\/td>\r\n  <td class=xl15220><\/td>\r\n  <td class=xl15220><\/td>\r\n  <td class=xl15220><\/td>\r\n  <td class=xl15220><\/td>\r\n  <td class=xl15220><\/td>\r\n  <td class=xl15220><\/td>\r\n  <td class=xl15220><\/td>\r\n <\/tr>\r\n <tr height=0 style='display:none'>\r\n  <td class=xl15220>1<\/td>\r\n  <td class=xl15220>4<\/td>\r\n  <td class=xl15220>4<\/td>\r\n  <td class=xl15220>9<\/td>\r\n  <td class=xl15220>2<\/td>\r\n  <td class=xl15220>2<\/td>\r\n  <td class=xl15220>2<\/td>\r\n  <td class=xl15220>1<\/td>\r\n  <td class=xl15220>2<\/td>\r\n  <td class=xl15220>10<\/td>\r\n  <td class=xl15220>4<\/td>\r\n  <td class=xl15220>1<\/td>\r\n  <td class=xl15220>1<\/td>\r\n  <td class=xl15220>7<\/td>\r\n  <td class=xl15220>6<\/td>\r\n  <td class=xl15220>6<\/td>\r\n  <td class=xl15220>7<\/td>\r\n  <td class=xl15220>2<\/td>\r\n  <td class=xl15220>4<\/td>\r\n  <td class=xl15220>13<\/td>\r\n  <td class=xl15220>14<\/td>\r\n <\/tr>\r\n <tr height=0 style='display:none'>\r\n  <td class=xl15220>379107<\/td>\r\n  <td class=xl15220>379119<\/td>\r\n  <td class=xl15220>379121<\/td>\r\n  <td class=xl15220>379125<\/td>\r\n  <td class=xl15220>379109<\/td>\r\n  <td class=xl15220>379120<\/td>\r\n  <td class=xl15220>379122<\/td>\r\n  <td class=xl15220>379105<\/td>\r\n  <td class=xl15220>379110<\/td>\r\n  <td class=xl15220>379116<\/td>\r\n  <td class=xl15220>379123<\/td>\r\n  <td class=xl15220>379106<\/td>\r\n  <td class=xl15220>379108<\/td>\r\n  <td class=xl15220>379114<\/td>\r\n  <td class=xl15220>379112<\/td>\r\n  <td class=xl15220>379113<\/td>\r\n  <td class=xl15220>379115<\/td>\r\n  <td class=xl15220>379124<\/td>\r\n  <td class=xl15220>379111<\/td>\r\n  <td class=xl15220>379117<\/td>\r\n  <td class=xl15220>379118<\/td>\r\n <\/tr>\r\n <tr height=20 style='height:15.0pt'>\r\n  <td colspan=21 height=20 class=xl70220 width=7013 style='height:15.0pt;\r\n  width:5263pt'>Tabla Campos<\/td>\r\n <\/tr>\r\n <tr height=35 style='height:26.25pt'>\r\n  <td height=35 class=xl66220 width=56 style='height:26.25pt;width:42pt'>Ejercicio<\/td>\r\n  <td class=xl66220 width=255 style='border-left:none;width:191pt'>Fecha de\r\n  inicio del periodo que se informa<\/td>\r\n  <td class=xl66220 width=270 style='border-left:none;width:203pt'>Fecha de\r\n  t\u00e9rmino del periodo que se informa<\/td>\r\n  <td class=xl66220 width=418 style='border-left:none;width:314pt'>Forma y\r\n  actores participantes en la elaboraci\u00f3n del estudio (cat\u00e1logo)<\/td>\r\n  <td class=xl66220 width=107 style='border-left:none;width:80pt'>T\u00edtulo del\r\n  estudio<\/td>\r\n  <td class=xl66220 width=544 style='border-left:none;width:408pt'>\u00c1rea(s) al\r\n  interior del sujeto obligado que fue responsable de la elaboraci\u00f3n o\r\n  coordinaci\u00f3n<span style='mso-spacerun:yes'>\u00a0<\/span><\/td>\r\n  <td class=xl66220 width=369 style='border-left:none;width:277pt'>Denominaci\u00f3n\r\n  de la instituci\u00f3n u organismo p\u00fablico o privado<\/td>\r\n  <td class=xl66220 width=222 style='border-left:none;width:167pt'>N\u00famero de\r\n  ISBN<span style='mso-spacerun:yes'>\u00a0 <\/span>o ISSN , en su caso<\/td>\r\n  <td class=xl66220 width=114 style='border-left:none;width:86pt'>Objeto del\r\n  estudio<\/td>\r\n  <td class=xl66220 width=322 style='border-left:none;width:242pt'>Autor(es)\r\n  intelectual(es)<span style='mso-spacerun:yes'>\u00a0 <\/span><br>\r\n    Tabla_379116<\/td>\r\n  <td class=xl66220 width=198 style='border-left:none;width:149pt'>Fecha de\r\n  publicaci\u00f3n del estudio<\/td>\r\n  <td class=xl66220 width=187 style='border-left:none;width:140pt'>N\u00famero de\r\n  edici\u00f3n, en su caso<\/td>\r\n  <td class=xl66220 width=261 style='border-left:none;width:196pt'>Lugar de\r\n  publicaci\u00f3n (nombre de la ciudad)<\/td>\r\n  <td class=xl66220 width=707 style='border-left:none;width:530pt'>Hiperv\u00ednculo\r\n  a los contratos, convenios de colaboraci\u00f3n, coordinaci\u00f3n o figuras\r\n  an\u00e1logas<span style='mso-spacerun:yes'>\u00a0<\/span><\/td>\r\n  <td class=xl66220 width=450 style='border-left:none;width:338pt'>Monto total\r\n  de los recursos p\u00fablicos destinados a la elaboraci\u00f3n del estudio<\/td>\r\n  <td class=xl66220 width=456 style='border-left:none;width:342pt'>Monto total\r\n  de los recursos privados destinados a la elaboraci\u00f3n del estudio<span\r\n  style='mso-spacerun:yes'>\u00a0<\/span><\/td>\r\n  <td class=xl66220 width=707 style='border-left:none;width:530pt'>Hiperv\u00ednculo\r\n  a los documentos que conforman el estudio<\/td>\r\n  <td class=xl66220 width=513 style='border-left:none;width:385pt'>\u00c1rea(s)\r\n  responsable(s) que genera(n), posee(n), publica(n) y actualizan la\r\n  informaci\u00f3n<\/td>\r\n  <td class=xl66220 width=123 style='border-left:none;width:92pt'>Fecha de\r\n  validaci\u00f3n<\/td>\r\n  <td class=xl66220 width=140 style='border-left:none;width:105pt'>Fecha de\r\n  actualizaci\u00f3n<\/td>\r\n  <td class=xl66220 width=594 style='border-left:none;width:446pt'>Nota<\/td>\r\n <\/tr>\r\n <tr height=20 style='height:15.0pt'>\r\n  <td height=20 class=xl67220 align=right style='height:15.0pt;border-top:none'>2020<\/td>\r\n  <td class=xl68220 align=right style='border-top:none;border-left:none'>01\/10\/2020<\/td>\r\n  <td class=xl68220 align=right style='border-top:none;border-left:none'>31\/12\/2020<\/td>\r\n  <td class=xl67220 style='border-top:none;border-left:none'>&nbsp;<\/td>\r\n  <td class=xl67220 style='border-top:none;border-left:none'>&nbsp;<\/td>\r\n  <td class=xl67220 style='border-top:none;border-left:none'>&nbsp;<\/td>\r\n  <td class=xl67220 style='border-top:none;border-left:none'>&nbsp;<\/td>\r\n  <td class=xl67220 style='border-top:none;border-left:none'>&nbsp;<\/td>\r\n  <td class=xl67220 style='border-top:none;border-left:none'>&nbsp;<\/td>\r\n  <td class=xl67220 align=right style='border-top:none;border-left:none'>1<\/td>\r\n  <td class=xl67220 style='border-top:none;border-left:none'>&nbsp;<\/td>\r\n  <td class=xl67220 style='border-top:none;border-left:none'>&nbsp;<\/td>\r\n  <td class=xl67220 style='border-top:none;border-left:none'>&nbsp;<\/td>\r\n  <td class=xl72220 style='border-top:none;border-left:none'><a\r\n  href=\"https:\/\/www.apan.gob.mx\/descargables\/transparencia\/articulo69\/fraccion41\/2020_4\/tesoreria\/FraXLIa1_1.pdf\">https:\/\/www.apan.gob.mx\/descargables\/transparencia\/articulo69\/fraccion41\/2020_4\/tesoreria\/FraXLIa1_1.pdf<\/a><\/td>\r\n  <td class=xl67220 style='border-top:none;border-left:none'>&nbsp;<\/td>\r\n  <td class=xl67220 style='border-top:none;border-left:none'>&nbsp;<\/td>\r\n  <td class=xl72220 style='border-top:none;border-left:none'><a\r\n  href=\"https:\/\/www.apan.gob.mx\/descargables\/transparencia\/articulo69\/fraccion41\/2020_4\/tesoreria\/FraXLIa1_1.pdf\">https:\/\/www.apan.gob.mx\/descargables\/transparencia\/articulo69\/fraccion41\/2020_4\/tesoreria\/FraXLIa1_1.pdf<\/a><\/td>\r\n  <td class=xl69220 style='border-top:none;border-left:none'>Tesoreria\r\n  Municipal de Apan Hidalgo<\/td>\r\n  <td class=xl68220 align=right style='border-top:none;border-left:none'>06\/01\/2021<\/td>\r\n  <td class=xl68220 align=right style='border-top:none;border-left:none'>06\/01\/2021<\/td>\r\n  <td class=xl67220 style='border-top:none;border-left:none'>A este periodo el\r\n  municipio no a financiado estudios o investigaciones con recursos p\u00fablicos.<\/td>\r\n <\/tr>\r\n <![if supportMisalignedColumns]>\r\n <tr height=0 style='display:none'>\r\n  <td width=56 style='width:42pt'><\/td>\r\n  <td width=255 style='width:191pt'><\/td>\r\n  <td width=270 style='width:203pt'><\/td>\r\n  <td width=418 style='width:314pt'><\/td>\r\n  <td width=107 style='width:80pt'><\/td>\r\n  <td width=544 style='width:408pt'><\/td>\r\n  <td width=369 style='width:277pt'><\/td>\r\n  <td width=222 style='width:167pt'><\/td>\r\n  <td width=114 style='width:86pt'><\/td>\r\n  <td width=322 style='width:242pt'><\/td>\r\n  <td width=198 style='width:149pt'><\/td>\r\n  <td width=187 style='width:140pt'><\/td>\r\n  <td width=261 style='width:196pt'><\/td>\r\n  <td width=707 style='width:530pt'><\/td>\r\n  <td width=450 style='width:338pt'><\/td>\r\n  <td width=456 style='width:342pt'><\/td>\r\n  <td width=707 style='width:530pt'><\/td>\r\n  <td width=513 style='width:385pt'><\/td>\r\n  <td width=123 style='width:92pt'><\/td>\r\n  <td width=140 style='width:105pt'><\/td>\r\n  <td width=594 style='width:446pt'><\/td>\r\n <\/tr>\r\n <![endif]>\r\n<\/table>\r\n\r\n<\/div>\r\n\r\n\r\n<!----------------------------->\r\n<!--FINAL DE LOS RESULTADOS DEL ASISTENTE PARA PUBLICAR COMO P\u00c1GINA WEB DE\r\nEXCEL-->\r\n<!----------------------------->\r\n<\/body>\r\n\r\n<\/html>\r\n\t\t<\/div>\n\t\t\t\t<\/div>\n\t\t\t\t\t\t<\/div>\n\t\t\t\t\t<\/div>\n\t\t<\/div>\n\t\t\t\t\t\t\t\t<\/div>\n\t\t\t\t\t<\/div>\n\t\t<\/section>\n\t\t\t\t\t\t\t\t\t<\/div>\n\t\t\t<\/div>\n\t\t\t\t\t<\/div>\n\t\t","protected":false},"excerpt":{"rendered":"<p>Fracci\u00f3n XLI 45768 T\u00cdTULO NOMBRE CORTO DESCRIPCI\u00d3N Estudios financiados con recursos p\u00fablicos a69_f41 En este apartado se deber\u00e1 publicar un cat\u00e1logo con todos los estudios, investigaciones o an\u00e1lisis 1 4 4 9 2 2 2 1 2 10 4 1 1 7 6 6 7 2 4 13 14 379107 379119 379121 379125 379109 379120 [&hellip;]<\/p>\n","protected":false},"author":1,"featured_media":0,"parent":9489,"menu_order":0,"comment_status":"closed","ping_status":"closed","template":"page-template-full.php","meta":[],"jetpack_sharing_enabled":true,"_links":{"self":[{"href":"https:\/\/apan.gob.mx\/portal\/wp-json\/wp\/v2\/pages\/9655"}],"collection":[{"href":"https:\/\/apan.gob.mx\/portal\/wp-json\/wp\/v2\/pages"}],"about":[{"href":"https:\/\/apan.gob.mx\/portal\/wp-json\/wp\/v2\/types\/page"}],"author":[{"embeddable":true,"href":"https:\/\/apan.gob.mx\/portal\/wp-json\/wp\/v2\/users\/1"}],"replies":[{"embeddable":true,"href":"https:\/\/apan.gob.mx\/portal\/wp-json\/wp\/v2\/comments?post=9655"}],"version-history":[{"count":2,"href":"https:\/\/apan.gob.mx\/portal\/wp-json\/wp\/v2\/pages\/9655\/revisions"}],"predecessor-version":[{"id":9657,"href":"https:\/\/apan.gob.mx\/portal\/wp-json\/wp\/v2\/pages\/9655\/revisions\/9657"}],"up":[{"embeddable":true,"href":"https:\/\/apan.gob.mx\/portal\/wp-json\/wp\/v2\/pages\/9489"}],"wp:attachment":[{"href":"https:\/\/apan.gob.mx\/portal\/wp-json\/wp\/v2\/media?parent=9655"}],"curies":[{"name":"wp","href":"https:\/\/api.w.org\/{rel}","templated":true}]}}